{"id":7985,"date":"2024-06-14T22:51:55","date_gmt":"2024-06-14T20:51:55","guid":{"rendered":"https:\/\/cvrcak-daruvar.com.hr\/?page_id=7985"},"modified":"2024-06-15T09:21:52","modified_gmt":"2024-06-15T07:21:52","slug":"stemica","status":"publish","type":"page","link":"https:\/\/cvrcak-daruvar.com.hr\/?page_id=7985","title":{"rendered":"STEMica"},"content":{"rendered":"\n<p>STEMica je projekta rada s darovitim u\u010denicima koji se provodi u O\u0160 Vladimira Nazora, Daruvar u \u0161kolskoj godini 2023.\/2024.<\/p>\n\n\n\n<p>Cilj projekta je osmisliti uzorke veza koje \u017eele aplicirati na razli\u010dite odjevne i ukrasne predmete, izraditi kodove u programskom jeziku Snap! I aplikaciji Turtlestich za \u017eeljeni dizajn i aplicirati pomo\u0107u ma\u0161ine za vez osmi\u0161ljene uzorke na razli\u010dite odjevne i ukrasne predmete.<\/p>\n\n\n\n<p>Svaki u\u010denik koji sudjeluje u radionicama ukrasio je najmanje jedan odjevni predmet dizajnom koji je samostalno iskodirao.<\/p>\n\n\n\n<p>Voditeljice aktivnosti su Ivana Vorel Herout, U\u010diteljica Informatike i Tihana Petkovi\u0107,vjerou\u010diteljica.<\/p>\n\n\n\n<p>Projekt je financiran sredstvima Dr\u017eavnog prora\u010duna Republike Hrvatske u iznosu od 2000 eura.<\/p>\n\n\n\n<p>Tim sredstvima nabavljen je stroj za \u0161tikanje, prijenosno ra\u010dunalo te potro\u0161ni materijal za radionicu.<\/p>\n\n\n\n<figure class=\"wp-block-image size-full\"><a href=\"https:\/\/cvrcak-daruvar.com.hr\/wp-content\/uploads\/2024\/06\/viber_slika_2024-06-14_22-46-22-632-1.jpg\" class=\"gallery_colorbox\"><img decoding=\"async\" loading=\"lazy\" width=\"480\" height=\"641\" src=\"https:\/\/cvrcak-daruvar.com.hr\/wp-content\/uploads\/2024\/06\/viber_slika_2024-06-14_22-46-22-632-1-edited.jpg\"  alt=\"\" class=\"wp-image-7995\" srcset=\"https:\/\/cvrcak-daruvar.com.hr\/wp-content\/uploads\/2024\/06\/viber_slika_2024-06-14_22-46-22-632-1-edited.jpg 480w, https:\/\/cvrcak-daruvar.com.hr\/wp-content\/uploads\/2024\/06\/viber_slika_2024-06-14_22-46-22-632-1-edited-225x300.jpg 225w\" sizes=\"(max-width: 480px) 100vw, 480px\" \/><\/a><\/figure>\n\n\n\n<figure class=\"wp-block-gallery columns-3 is-cropped wp-block-gallery-1 is-layout-flex\"><ul class=\"blocks-gallery-grid\"><li class=\"blocks-gallery-item\"><figure><a href=\"https:\/\/cvrcak-daruvar.com.hr\/wp-content\/uploads\/2024\/06\/viber_slika_2024-05-23_20-38-35-069.jpg\" class=\"gallery_colorbox\"><img decoding=\"async\" loading=\"lazy\" width=\"1024\" height=\"768\" src=\"https:\/\/cvrcak-daruvar.com.hr\/wp-content\/uploads\/2024\/06\/viber_slika_2024-05-23_20-38-35-069-1024x768.jpg\"  alt=\"\" data-id=\"8025\" data-full-url=\"https:\/\/cvrcak-daruvar.com.hr\/wp-content\/uploads\/2024\/06\/viber_slika_2024-05-23_20-38-35-069.jpg\" data-link=\"https:\/\/cvrcak-daruvar.com.hr\/?attachment_id=8025\" class=\"wp-image-8025\" srcset=\"https:\/\/cvrcak-daruvar.com.hr\/wp-content\/uploads\/2024\/06\/viber_slika_2024-05-23_20-38-35-069-1024x768.jpg 1024w, https:\/\/cvrcak-daruvar.com.hr\/wp-content\/uploads\/2024\/06\/viber_slika_2024-05-23_20-38-35-069-300x225.jpg 300w, https:\/\/cvrcak-daruvar.com.hr\/wp-content\/uploads\/2024\/06\/viber_slika_2024-05-23_20-38-35-069-768x576.jpg 768w, https:\/\/cvrcak-daruvar.com.hr\/wp-content\/uploads\/2024\/06\/viber_slika_2024-05-23_20-38-35-069-1536x1152.jpg 1536w, https:\/\/cvrcak-daruvar.com.hr\/wp-content\/uploads\/2024\/06\/viber_slika_2024-05-23_20-38-35-069.jpg 1600w\" sizes=\"(max-width: 1024px) 100vw, 1024px\" \/><\/a><\/figure><\/li><li class=\"blocks-gallery-item\"><figure><a href=\"https:\/\/cvrcak-daruvar.com.hr\/wp-content\/uploads\/2024\/06\/viber_slika_2024-05-23_20-38-35-859.jpg\" class=\"gallery_colorbox\"><img decoding=\"async\" loading=\"lazy\" width=\"1024\" height=\"768\" src=\"https:\/\/cvrcak-daruvar.com.hr\/wp-content\/uploads\/2024\/06\/viber_slika_2024-05-23_20-38-35-859-1024x768.jpg\"  alt=\"\" data-id=\"8026\" data-full-url=\"https:\/\/cvrcak-daruvar.com.hr\/wp-content\/uploads\/2024\/06\/viber_slika_2024-05-23_20-38-35-859.jpg\" data-link=\"https:\/\/cvrcak-daruvar.com.hr\/?attachment_id=8026\" class=\"wp-image-8026\" srcset=\"https:\/\/cvrcak-daruvar.com.hr\/wp-content\/uploads\/2024\/06\/viber_slika_2024-05-23_20-38-35-859-1024x768.jpg 1024w, https:\/\/cvrcak-daruvar.com.hr\/wp-content\/uploads\/2024\/06\/viber_slika_2024-05-23_20-38-35-859-300x225.jpg 300w, https:\/\/cvrcak-daruvar.com.hr\/wp-content\/uploads\/2024\/06\/viber_slika_2024-05-23_20-38-35-859-768x576.jpg 768w, https:\/\/cvrcak-daruvar.com.hr\/wp-content\/uploads\/2024\/06\/viber_slika_2024-05-23_20-38-35-859-1536x1152.jpg 1536w, https:\/\/cvrcak-daruvar.com.hr\/wp-content\/uploads\/2024\/06\/viber_slika_2024-05-23_20-38-35-859.jpg 1600w\" sizes=\"(max-width: 1024px) 100vw, 1024px\" \/><\/a><\/figure><\/li><li class=\"blocks-gallery-item\"><figure><a href=\"https:\/\/cvrcak-daruvar.com.hr\/wp-content\/uploads\/2024\/06\/viber_slika_2024-06-14_22-46-22-696-2.jpg\" class=\"gallery_colorbox\"><img decoding=\"async\" loading=\"lazy\" width=\"641\" height=\"855\" src=\"https:\/\/cvrcak-daruvar.com.hr\/wp-content\/uploads\/2024\/06\/viber_slika_2024-06-14_22-46-22-696-2.jpg\"  alt=\"\" data-id=\"8027\" data-full-url=\"https:\/\/cvrcak-daruvar.com.hr\/wp-content\/uploads\/2024\/06\/viber_slika_2024-06-14_22-46-22-696-2.jpg\" data-link=\"https:\/\/cvrcak-daruvar.com.hr\/?attachment_id=8027\" class=\"wp-image-8027\" srcset=\"https:\/\/cvrcak-daruvar.com.hr\/wp-content\/uploads\/2024\/06\/viber_slika_2024-06-14_22-46-22-696-2.jpg 641w, https:\/\/cvrcak-daruvar.com.hr\/wp-content\/uploads\/2024\/06\/viber_slika_2024-06-14_22-46-22-696-2-225x300.jpg 225w\" sizes=\"(max-width: 641px) 100vw, 641px\" \/><\/a><\/figure><\/li><li class=\"blocks-gallery-item\"><figure><a href=\"https:\/\/cvrcak-daruvar.com.hr\/wp-content\/uploads\/2024\/06\/viber_slika_2024-06-14_22-46-22-754-2.jpg\" class=\"gallery_colorbox\"><img decoding=\"async\" loading=\"lazy\" width=\"641\" height=\"855\" src=\"https:\/\/cvrcak-daruvar.com.hr\/wp-content\/uploads\/2024\/06\/viber_slika_2024-06-14_22-46-22-754-2.jpg\"  alt=\"\" data-id=\"8028\" data-full-url=\"https:\/\/cvrcak-daruvar.com.hr\/wp-content\/uploads\/2024\/06\/viber_slika_2024-06-14_22-46-22-754-2.jpg\" data-link=\"https:\/\/cvrcak-daruvar.com.hr\/?attachment_id=8028\" class=\"wp-image-8028\" srcset=\"https:\/\/cvrcak-daruvar.com.hr\/wp-content\/uploads\/2024\/06\/viber_slika_2024-06-14_22-46-22-754-2.jpg 641w, https:\/\/cvrcak-daruvar.com.hr\/wp-content\/uploads\/2024\/06\/viber_slika_2024-06-14_22-46-22-754-2-225x300.jpg 225w\" sizes=\"(max-width: 641px) 100vw, 641px\" \/><\/a><\/figure><\/li><\/ul><\/figure>\n","protected":false},"excerpt":{"rendered":"<p>STEMica je projekta rada s darovitim u\u010denicima koji se provodi u O\u0160 Vladimira Nazora, Daruvar u \u0161kolskoj godini 2023.\/2024. Cilj projekta je osmisliti uzorke veza koje \u017eele aplicirati na razli\u010dite odjevne i ukrasne predmete, izraditi kodove u programskom jeziku Snap! I aplikaciji Turtlestich za \u017eeljeni dizajn i aplicirati pomo\u0107u ma\u0161ine za vez osmi\u0161ljene uzorke na [&hellip;]<\/p>\n","protected":false},"author":13,"featured_media":0,"parent":0,"menu_order":0,"comment_status":"closed","ping_status":"closed","template":"","meta":[],"_links":{"self":[{"href":"https:\/\/cvrcak-daruvar.com.hr\/index.php?rest_route=\/wp\/v2\/pages\/7985"}],"collection":[{"href":"https:\/\/cvrcak-daruvar.com.hr\/index.php?rest_route=\/wp\/v2\/pages"}],"about":[{"href":"https:\/\/cvrcak-daruvar.com.hr\/index.php?rest_route=\/wp\/v2\/types\/page"}],"author":[{"embeddable":true,"href":"https:\/\/cvrcak-daruvar.com.hr\/index.php?rest_route=\/wp\/v2\/users\/13"}],"replies":[{"embeddable":true,"href":"https:\/\/cvrcak-daruvar.com.hr\/index.php?rest_route=%2Fwp%2Fv2%2Fcomments&post=7985"}],"version-history":[{"count":5,"href":"https:\/\/cvrcak-daruvar.com.hr\/index.php?rest_route=\/wp\/v2\/pages\/7985\/revisions"}],"predecessor-version":[{"id":8029,"href":"https:\/\/cvrcak-daruvar.com.hr\/index.php?rest_route=\/wp\/v2\/pages\/7985\/revisions\/8029"}],"wp:attachment":[{"href":"https:\/\/cvrcak-daruvar.com.hr\/index.php?rest_route=%2Fwp%2Fv2%2Fmedia&parent=7985"}],"curies":[{"name":"wp","href":"https:\/\/api.w.org\/{rel}","templated":true}]}}