{"id":7971,"date":"2024-06-14T17:18:06","date_gmt":"2024-06-14T15:18:06","guid":{"rendered":"https:\/\/cvrcak-daruvar.com.hr\/?page_id=7971"},"modified":"2024-06-16T21:48:37","modified_gmt":"2024-06-16T19:48:37","slug":"mobilnost-ucenika-igualada-spanjolska","status":"publish","type":"page","link":"https:\/\/cvrcak-daruvar.com.hr\/?page_id=7971","title":{"rendered":"Mobilnost u\u010denika &#8211; Igualada, \u0160panjolska"},"content":{"rendered":"\n<p>Osam u\u010denika u\u010denika Osnovne \u0161kole Vladimira Nazora Daruvar, zajedno s ravnateljicom Kornelijom \u010castek i dvije nastavnice, Ivanom Bakari\u0107 i Tihanom Petkovi\u0107, uputili su se na Erasmus mobilnost u \u0160panjolsku, u grad Igualada u Kataloniji. Mobilnost u\u010denika dio je Erasmus+ projekta \u201eBrinemo za prirodu \u2013 priroda brine za nas\u201c. Mobilnost je trajala 5 dana u razdoblju od 22. travnja do 26. travnja. Na put smo krenuli 21. travnja, ali zbog otkazivanja leta i preumjeravanja na drugi, u\u010denici su se tek smjestili u svoje gostuju\u0107e obitelji u gradu Igualadi u nedjelju nave\u010der. Sutradan su se u\u010denici uputili u \u0161kolu Academia Igualada. To je privatna \u0161kola, ali s pravom javnost. Razgledali su \u0161kolu, i nau\u010dili podosta toga: u \u0161koli je zabranjena upotreba jednokratne plastike, u svakoj u\u010dionici se nalazi kutak za odmor. U\u010dionice su odli\u010dno opremljene pametnim plo\u010dama i tabletima. U\u010denici vi\u0161ih razreda (kod nas 7. i 8.) moraju imati svoje laptope ili ih iznajmljuju od \u0161kole, jer ih koriste na nastavi. Odre\u0111enim danima u\u010denicima vi\u0161ih razreda je nekad samo potreban laptop tijekom nastave. U \u0161koli se tako\u0111er mo\u017ee na\u0107i laboratorij za fiziku i kemiju. Mogu se prona\u0107i i dva ateljea gdje u\u010denici u\u010de \u0161ivati i kuhati. U\u010denici od vrti\u0107a pa do 6. razreda nose uniforme. Academia Igualada tako\u0111er promovira zdravi na\u010din prehrane i \u017eivota. U\u010denici poha\u0111aju nastavu od 9 do 17 sati. Od 9 do 13 u\u010denici imaju razli\u010dite predmete, a od 13 do 15 je vrijeme za ru\u010dak. U\u010denici imaju mogu\u0107nost jesti u \u0161koli ili mogu oti\u0107i na ru\u010dak ku\u0107i. \u0160kolska kuhinja svaki dan pru\u017ea u\u010denicima nove obroke, tipi\u010dan obrok izgleda ovako: salata, glavno jelo, voda, vo\u0107e ili jogurt te je uvijek ponu\u0111en kruh i maslinovo ulje. Nakon ru\u010dka u kuhinji se ide van na \u0161kolsko igrali\u0161te te se zabavlja i igra dok ne zavr\u0161i vrijeme ru\u010dka. Poslijepodne su u\u010denici po\u0161li u \u0161etnju Igualadom. Uo\u010dili su da trgovine rade dvokratno, npr., radi se od 9 do 13 sati, zatim slijedi odmor za ru\u010dak, i ljudi se vra\u0107aju na posao u 17 sati i rade do 21. U utorak se slavio Sant Jordi (Sveti Juraj). Tijekom cijelog dana se u centru Igualade nalaze \u0161tandovi na kojima se mogu kupiti ru\u017ee i knjige. Obi\u010daj je da mu\u0161karci kupuju \u017eenama ru\u017ee, a \u017eene kupuju mu\u0161karcima knjige. Dana 24. travnja, u\u010denici su oti\u0161li razgledati poznato sveti\u0161te Montserrat. Nau\u010dili su o raznolikoj povijesti Montserrata. U\u010denici su obi\u0161li Muzej Montserrata i posjetili baziliku u kojoj se nalazi Crna Gospa Montserrata kojoj posjetitelji doti\u010du kuglu za sre\u0107u u \u017eivotu. Dan poslije, u\u010denici su se uputili na izlet u Barcelonu. Prvo su posjetili Sagradu Familiu, \u010diju je gradnju zapo\u010deo Antoni Gaudi. Sagrada Familia i dalje nije dovr\u0161ena, ve\u0107 se gradi preko 100 godina. Po zavr\u0161etku gradnje, to \u0107e biti najvi\u0161a crkva na svijetu. U petak u\u010denici su posjetili gradsku upravu Igualade. Tamo su vidjeli kako se vode gradske sjednice i sjeli u zapisni\u010dke klupe. Dobili su poklone kako bi se mogli prisjetiti grada Igualade. Nakon toga su u \u0161koli imali sportske aktivnosti na kojima su se upoznali se sa sportom pichi. Nave\u010der su u\u010denici i\u0161li na ve\u010deru sa svojim \u0161panjolskim obiteljima. Restoran je poseban zbog toga jer u njemu vje\u017eba ekipa koja se bavi tradicionalnim sportom gra\u0111enja \u201cljudskih tornjeva\u201d, po kojima je poznata cijela Katalonija. To je natjecanje koja \u0107e ekipa napraviti ve\u0107i toranj tako da se ljudi penju jedni drugima na ramena. Na vrh se penju manji, laganiji, dje\u010daci ili djevoj\u010dice.&nbsp;&nbsp;<\/p>\n\n\n\n<p>Obitelji su primile u\u010denike s velikom srda\u010dno\u0161\u0107u. Poveli su na\u0161e u\u010denike u grad na obali Sitges, gdje oni obi\u010dno odlaze na izlete, jer Igualda nije na obali.&nbsp;&nbsp;<\/p>\n\n\n\n<p>Bilo je ovo nezaboravno iskustvo za sve nas, nau\u010dili smo puno o drugoj kulturi, \u0161koli, hrani\u2026 te stekli prijateljstva koja \u0107e zasigurno potrajati jo\u0161 dugo. O\u010dekujemo da \u0107e i oni posjetiti nas idu\u0107e \u0161kolske godine.\u00a0\u00a0<\/p>\n\n\n\n<figure class=\"wp-block-gallery columns-3 is-cropped wp-block-gallery-1 is-layout-flex\"><ul class=\"blocks-gallery-grid\"><li class=\"blocks-gallery-item\"><figure><a href=\"https:\/\/cvrcak-daruvar.com.hr\/wp-content\/uploads\/2024\/06\/IMG_20240421_201819.jpg\" class=\"gallery_colorbox\"><img decoding=\"async\" loading=\"lazy\" width=\"1024\" height=\"768\" src=\"https:\/\/cvrcak-daruvar.com.hr\/wp-content\/uploads\/2024\/06\/IMG_20240421_201819-1024x768.jpg\"  alt=\"\" data-id=\"8084\" data-full-url=\"https:\/\/cvrcak-daruvar.com.hr\/wp-content\/uploads\/2024\/06\/IMG_20240421_201819.jpg\" data-link=\"https:\/\/cvrcak-daruvar.com.hr\/?attachment_id=8084\" class=\"wp-image-8084\" srcset=\"https:\/\/cvrcak-daruvar.com.hr\/wp-content\/uploads\/2024\/06\/IMG_20240421_201819-1024x768.jpg 1024w, https:\/\/cvrcak-daruvar.com.hr\/wp-content\/uploads\/2024\/06\/IMG_20240421_201819-300x225.jpg 300w, https:\/\/cvrcak-daruvar.com.hr\/wp-content\/uploads\/2024\/06\/IMG_20240421_201819-768x576.jpg 768w, https:\/\/cvrcak-daruvar.com.hr\/wp-content\/uploads\/2024\/06\/IMG_20240421_201819-1536x1152.jpg 1536w, https:\/\/cvrcak-daruvar.com.hr\/wp-content\/uploads\/2024\/06\/IMG_20240421_201819.jpg 1824w\" sizes=\"(max-width: 1024px) 100vw, 1024px\" \/><\/a><\/figure><\/li><li class=\"blocks-gallery-item\"><figure><a href=\"https:\/\/cvrcak-daruvar.com.hr\/wp-content\/uploads\/2024\/06\/IMG_20240422_111350.jpg\" class=\"gallery_colorbox\"><img decoding=\"async\" loading=\"lazy\" width=\"1024\" height=\"768\" src=\"https:\/\/cvrcak-daruvar.com.hr\/wp-content\/uploads\/2024\/06\/IMG_20240422_111350-1024x768.jpg\"  alt=\"\" data-id=\"8085\" data-full-url=\"https:\/\/cvrcak-daruvar.com.hr\/wp-content\/uploads\/2024\/06\/IMG_20240422_111350.jpg\" data-link=\"https:\/\/cvrcak-daruvar.com.hr\/?attachment_id=8085\" class=\"wp-image-8085\" srcset=\"https:\/\/cvrcak-daruvar.com.hr\/wp-content\/uploads\/2024\/06\/IMG_20240422_111350-1024x768.jpg 1024w, https:\/\/cvrcak-daruvar.com.hr\/wp-content\/uploads\/2024\/06\/IMG_20240422_111350-300x225.jpg 300w, https:\/\/cvrcak-daruvar.com.hr\/wp-content\/uploads\/2024\/06\/IMG_20240422_111350-768x576.jpg 768w, https:\/\/cvrcak-daruvar.com.hr\/wp-content\/uploads\/2024\/06\/IMG_20240422_111350-1536x1152.jpg 1536w, https:\/\/cvrcak-daruvar.com.hr\/wp-content\/uploads\/2024\/06\/IMG_20240422_111350.jpg 1824w\" sizes=\"(max-width: 1024px) 100vw, 1024px\" \/><\/a><\/figure><\/li><li class=\"blocks-gallery-item\"><figure><a href=\"https:\/\/cvrcak-daruvar.com.hr\/wp-content\/uploads\/2024\/06\/IMG_20240424_114700.jpg\" class=\"gallery_colorbox\"><img decoding=\"async\" loading=\"lazy\" width=\"1024\" height=\"768\" src=\"https:\/\/cvrcak-daruvar.com.hr\/wp-content\/uploads\/2024\/06\/IMG_20240424_114700-1024x768.jpg\"  alt=\"\" data-id=\"8086\" data-full-url=\"https:\/\/cvrcak-daruvar.com.hr\/wp-content\/uploads\/2024\/06\/IMG_20240424_114700.jpg\" data-link=\"https:\/\/cvrcak-daruvar.com.hr\/?attachment_id=8086\" class=\"wp-image-8086\" srcset=\"https:\/\/cvrcak-daruvar.com.hr\/wp-content\/uploads\/2024\/06\/IMG_20240424_114700-1024x768.jpg 1024w, https:\/\/cvrcak-daruvar.com.hr\/wp-content\/uploads\/2024\/06\/IMG_20240424_114700-300x225.jpg 300w, https:\/\/cvrcak-daruvar.com.hr\/wp-content\/uploads\/2024\/06\/IMG_20240424_114700-768x576.jpg 768w, https:\/\/cvrcak-daruvar.com.hr\/wp-content\/uploads\/2024\/06\/IMG_20240424_114700-1536x1152.jpg 1536w, https:\/\/cvrcak-daruvar.com.hr\/wp-content\/uploads\/2024\/06\/IMG_20240424_114700.jpg 1824w\" sizes=\"(max-width: 1024px) 100vw, 1024px\" \/><\/a><\/figure><\/li><li class=\"blocks-gallery-item\"><figure><a href=\"https:\/\/cvrcak-daruvar.com.hr\/wp-content\/uploads\/2024\/06\/IMG_20240425_151611.jpg\" class=\"gallery_colorbox\"><img decoding=\"async\" loading=\"lazy\" width=\"1024\" height=\"768\" src=\"https:\/\/cvrcak-daruvar.com.hr\/wp-content\/uploads\/2024\/06\/IMG_20240425_151611-1024x768.jpg\"  alt=\"\" data-id=\"8087\" data-full-url=\"https:\/\/cvrcak-daruvar.com.hr\/wp-content\/uploads\/2024\/06\/IMG_20240425_151611.jpg\" data-link=\"https:\/\/cvrcak-daruvar.com.hr\/?attachment_id=8087\" class=\"wp-image-8087\" srcset=\"https:\/\/cvrcak-daruvar.com.hr\/wp-content\/uploads\/2024\/06\/IMG_20240425_151611-1024x768.jpg 1024w, https:\/\/cvrcak-daruvar.com.hr\/wp-content\/uploads\/2024\/06\/IMG_20240425_151611-300x225.jpg 300w, https:\/\/cvrcak-daruvar.com.hr\/wp-content\/uploads\/2024\/06\/IMG_20240425_151611-768x576.jpg 768w, https:\/\/cvrcak-daruvar.com.hr\/wp-content\/uploads\/2024\/06\/IMG_20240425_151611-1536x1152.jpg 1536w, https:\/\/cvrcak-daruvar.com.hr\/wp-content\/uploads\/2024\/06\/IMG_20240425_151611.jpg 1824w\" sizes=\"(max-width: 1024px) 100vw, 1024px\" \/><\/a><\/figure><\/li><li class=\"blocks-gallery-item\"><figure><a href=\"https:\/\/cvrcak-daruvar.com.hr\/wp-content\/uploads\/2024\/06\/IMG_20240425_165950.jpg\" class=\"gallery_colorbox\"><img decoding=\"async\" loading=\"lazy\" width=\"1024\" height=\"768\" src=\"https:\/\/cvrcak-daruvar.com.hr\/wp-content\/uploads\/2024\/06\/IMG_20240425_165950-1024x768.jpg\"  alt=\"\" data-id=\"8088\" data-full-url=\"https:\/\/cvrcak-daruvar.com.hr\/wp-content\/uploads\/2024\/06\/IMG_20240425_165950.jpg\" data-link=\"https:\/\/cvrcak-daruvar.com.hr\/?attachment_id=8088\" class=\"wp-image-8088\" srcset=\"https:\/\/cvrcak-daruvar.com.hr\/wp-content\/uploads\/2024\/06\/IMG_20240425_165950-1024x768.jpg 1024w, https:\/\/cvrcak-daruvar.com.hr\/wp-content\/uploads\/2024\/06\/IMG_20240425_165950-300x225.jpg 300w, https:\/\/cvrcak-daruvar.com.hr\/wp-content\/uploads\/2024\/06\/IMG_20240425_165950-768x576.jpg 768w, https:\/\/cvrcak-daruvar.com.hr\/wp-content\/uploads\/2024\/06\/IMG_20240425_165950-1536x1152.jpg 1536w, https:\/\/cvrcak-daruvar.com.hr\/wp-content\/uploads\/2024\/06\/IMG_20240425_165950.jpg 1824w\" sizes=\"(max-width: 1024px) 100vw, 1024px\" \/><\/a><\/figure><\/li><li class=\"blocks-gallery-item\"><figure><a href=\"https:\/\/cvrcak-daruvar.com.hr\/wp-content\/uploads\/2024\/06\/IMG_20240425_172802.jpg\" class=\"gallery_colorbox\"><img decoding=\"async\" loading=\"lazy\" width=\"768\" height=\"1024\" src=\"https:\/\/cvrcak-daruvar.com.hr\/wp-content\/uploads\/2024\/06\/IMG_20240425_172802-768x1024.jpg\"  alt=\"\" data-id=\"8089\" data-full-url=\"https:\/\/cvrcak-daruvar.com.hr\/wp-content\/uploads\/2024\/06\/IMG_20240425_172802.jpg\" data-link=\"https:\/\/cvrcak-daruvar.com.hr\/?attachment_id=8089\" class=\"wp-image-8089\" srcset=\"https:\/\/cvrcak-daruvar.com.hr\/wp-content\/uploads\/2024\/06\/IMG_20240425_172802-768x1024.jpg 768w, https:\/\/cvrcak-daruvar.com.hr\/wp-content\/uploads\/2024\/06\/IMG_20240425_172802-225x300.jpg 225w, https:\/\/cvrcak-daruvar.com.hr\/wp-content\/uploads\/2024\/06\/IMG_20240425_172802-1152x1536.jpg 1152w, https:\/\/cvrcak-daruvar.com.hr\/wp-content\/uploads\/2024\/06\/IMG_20240425_172802.jpg 1368w\" sizes=\"(max-width: 768px) 100vw, 768px\" \/><\/a><\/figure><\/li><li class=\"blocks-gallery-item\"><figure><a href=\"https:\/\/cvrcak-daruvar.com.hr\/wp-content\/uploads\/2024\/06\/viber_slika_2024-04-25_19-12-16-409-1.jpg\" class=\"gallery_colorbox\"><img decoding=\"async\" loading=\"lazy\" width=\"513\" height=\"900\" src=\"https:\/\/cvrcak-daruvar.com.hr\/wp-content\/uploads\/2024\/06\/viber_slika_2024-04-25_19-12-16-409-1.jpg\"  alt=\"\" data-id=\"8091\" data-full-url=\"https:\/\/cvrcak-daruvar.com.hr\/wp-content\/uploads\/2024\/06\/viber_slika_2024-04-25_19-12-16-409-1.jpg\" data-link=\"https:\/\/cvrcak-daruvar.com.hr\/?attachment_id=8091\" class=\"wp-image-8091\" srcset=\"https:\/\/cvrcak-daruvar.com.hr\/wp-content\/uploads\/2024\/06\/viber_slika_2024-04-25_19-12-16-409-1.jpg 513w, https:\/\/cvrcak-daruvar.com.hr\/wp-content\/uploads\/2024\/06\/viber_slika_2024-04-25_19-12-16-409-1-171x300.jpg 171w\" sizes=\"(max-width: 513px) 100vw, 513px\" \/><\/a><\/figure><\/li><\/ul><\/figure>\n","protected":false},"excerpt":{"rendered":"<p>Osam u\u010denika u\u010denika Osnovne \u0161kole Vladimira Nazora Daruvar, zajedno s ravnateljicom Kornelijom \u010castek i dvije nastavnice, Ivanom Bakari\u0107 i Tihanom Petkovi\u0107, uputili su se na Erasmus mobilnost u \u0160panjolsku, u grad Igualada u Kataloniji. Mobilnost u\u010denika dio je Erasmus+ projekta \u201eBrinemo za prirodu \u2013 priroda brine za nas\u201c. Mobilnost je trajala 5 dana u razdoblju [&hellip;]<\/p>\n","protected":false},"author":13,"featured_media":0,"parent":0,"menu_order":0,"comment_status":"closed","ping_status":"closed","template":"","meta":[],"_links":{"self":[{"href":"https:\/\/cvrcak-daruvar.com.hr\/index.php?rest_route=\/wp\/v2\/pages\/7971"}],"collection":[{"href":"https:\/\/cvrcak-daruvar.com.hr\/index.php?rest_route=\/wp\/v2\/pages"}],"about":[{"href":"https:\/\/cvrcak-daruvar.com.hr\/index.php?rest_route=\/wp\/v2\/types\/page"}],"author":[{"embeddable":true,"href":"https:\/\/cvrcak-daruvar.com.hr\/index.php?rest_route=\/wp\/v2\/users\/13"}],"replies":[{"embeddable":true,"href":"https:\/\/cvrcak-daruvar.com.hr\/index.php?rest_route=%2Fwp%2Fv2%2Fcomments&post=7971"}],"version-history":[{"count":8,"href":"https:\/\/cvrcak-daruvar.com.hr\/index.php?rest_route=\/wp\/v2\/pages\/7971\/revisions"}],"predecessor-version":[{"id":8092,"href":"https:\/\/cvrcak-daruvar.com.hr\/index.php?rest_route=\/wp\/v2\/pages\/7971\/revisions\/8092"}],"wp:attachment":[{"href":"https:\/\/cvrcak-daruvar.com.hr\/index.php?rest_route=%2Fwp%2Fv2%2Fmedia&parent=7971"}],"curies":[{"name":"wp","href":"https:\/\/api.w.org\/{rel}","templated":true}]}}