{"id":7910,"date":"2024-05-19T17:47:33","date_gmt":"2024-05-19T15:47:33","guid":{"rendered":"https:\/\/cvrcak-daruvar.com.hr\/?page_id=7910"},"modified":"2024-05-19T17:51:42","modified_gmt":"2024-05-19T15:51:42","slug":"djed-i-baka_","status":"publish","type":"page","link":"https:\/\/cvrcak-daruvar.com.hr\/?page_id=7910","title":{"rendered":"Djed i baka"},"content":{"rendered":"\n<pre class=\"wp-block-verse\">Moja baka pri\u010da zanimljive pri\u010de\ni uz nju mi najljep\u0161a zora svi\u0107e.\n\nMoj djed je pravi majstor od zanata,\nponosi se svojom zbirkom alata.\n\nMoji djed i baka vole se jako, \nstoga sve probleme rje\u0161avaju lako.\n\n<\/pre>\n\n\n\n<p class=\"has-text-align-right\">Mateo Smok, 6.e<\/p>\n","protected":false},"excerpt":{"rendered":"<p>Moja baka pri\u010da zanimljive pri\u010de i uz nju mi najljep\u0161a zora svi\u0107e. Moj djed je pravi majstor od zanata, ponosi se svojom zbirkom alata. Moji djed i baka vole se jako, stoga sve probleme rje\u0161avaju lako. Mateo Smok, 6.e<\/p>\n","protected":false},"author":2,"featured_media":0,"parent":0,"menu_order":0,"comment_status":"closed","ping_status":"closed","template":"","meta":[],"_links":{"self":[{"href":"https:\/\/cvrcak-daruvar.com.hr\/index.php?rest_route=\/wp\/v2\/pages\/7910"}],"collection":[{"href":"https:\/\/cvrcak-daruvar.com.hr\/index.php?rest_route=\/wp\/v2\/pages"}],"about":[{"href":"https:\/\/cvrcak-daruvar.com.hr\/index.php?rest_route=\/wp\/v2\/types\/page"}],"author":[{"embeddable":true,"href":"https:\/\/cvrcak-daruvar.com.hr\/index.php?rest_route=\/wp\/v2\/users\/2"}],"replies":[{"embeddable":true,"href":"https:\/\/cvrcak-daruvar.com.hr\/index.php?rest_route=%2Fwp%2Fv2%2Fcomments&post=7910"}],"version-history":[{"count":3,"href":"https:\/\/cvrcak-daruvar.com.hr\/index.php?rest_route=\/wp\/v2\/pages\/7910\/revisions"}],"predecessor-version":[{"id":7916,"href":"https:\/\/cvrcak-daruvar.com.hr\/index.php?rest_route=\/wp\/v2\/pages\/7910\/revisions\/7916"}],"wp:attachment":[{"href":"https:\/\/cvrcak-daruvar.com.hr\/index.php?rest_route=%2Fwp%2Fv2%2Fmedia&parent=7910"}],"curies":[{"name":"wp","href":"https:\/\/api.w.org\/{rel}","templated":true}]}}