{"id":7879,"date":"2024-05-01T19:42:54","date_gmt":"2024-05-01T17:42:54","guid":{"rendered":"https:\/\/cvrcak-daruvar.com.hr\/?page_id=7879"},"modified":"2024-05-01T19:42:54","modified_gmt":"2024-05-01T17:42:54","slug":"kako-su-se-ucenici-s-gran-canarije-proveli-u-nasoj-skoli","status":"publish","type":"page","link":"https:\/\/cvrcak-daruvar.com.hr\/?page_id=7879","title":{"rendered":"Kako su se u\u010denici s Gran Canarije proveli u na\u0161oj \u0161koli"},"content":{"rendered":"\n<p>Od 11. do 15. o\u017eujka na\u0161u \u0161kolu su posjetila \u010detiri u\u010denika i dvije u\u010diteljice sa kanarskog otoka Gran Canaria, iz \u0161kole CER Moya. <\/p>\n\n\n\n<figure class=\"wp-block-image size-full\"><a href=\"https:\/\/cvrcak-daruvar.com.hr\/wp-content\/uploads\/2024\/05\/kanary_na_karte_mira_1_13091956.webp\"><img decoding=\"async\" loading=\"lazy\" width=\"620\" height=\"512\" src=\"https:\/\/cvrcak-daruvar.com.hr\/wp-content\/uploads\/2024\/05\/kanary_na_karte_mira_1_13091956.webp\" alt=\"\" class=\"wp-image-7880\" srcset=\"https:\/\/cvrcak-daruvar.com.hr\/wp-content\/uploads\/2024\/05\/kanary_na_karte_mira_1_13091956.webp 620w, https:\/\/cvrcak-daruvar.com.hr\/wp-content\/uploads\/2024\/05\/kanary_na_karte_mira_1_13091956-300x248.webp 300w\" sizes=\"(max-width: 620px) 100vw, 620px\" \/><\/a><figcaption><strong><span class=\"has-inline-color has-vivid-cyan-blue-color\">Kanari su \u0161panjolski otoci smje\u0161teni uz zapadnu obalu Afrike. Gran Canaria je veli\u010dinom tre\u0107i otok. Na njemu se nalazi Las Palmas &#8211; glavni grad oto\u010dja i najve\u0107e gospodarsko sredi\u0161te.<\/span><\/strong><\/figcaption><\/figure>\n\n\n\n<p>Tijekom tjedna u\u010denici iz \u0160panjolske imali su priliku sudjelovati na satima engleskog jezika, vjeronauka i tjelesne kulture. Budu\u0107i da je vrijeme Korizme, pribli\u017eili smo im uskr\u0161nju tradiciju u Hrvatskoj putem radionice na kojoj su razli\u010ditim tehnikama bojali jaja, a potom su probali \u0161unku, kuhana jaja, mladi luk i rotkvice, uz nezaobilazno tucanje jajima. <\/p>\n\n\n\n<figure class=\"wp-block-gallery columns-2 is-cropped wp-block-gallery-1 is-layout-flex\"><ul class=\"blocks-gallery-grid\"><li class=\"blocks-gallery-item\"><figure><a href=\"https:\/\/cvrcak-daruvar.com.hr\/wp-content\/uploads\/2024\/05\/viber_slika_2024-05-01_19-08-51-705-5.jpg\" class=\"gallery_colorbox\"><img decoding=\"async\" loading=\"lazy\" width=\"400\" height=\"400\" src=\"https:\/\/cvrcak-daruvar.com.hr\/wp-content\/uploads\/2024\/05\/viber_slika_2024-05-01_19-08-51-705-5.jpg\"  alt=\"\" data-id=\"7889\" data-link=\"https:\/\/cvrcak-daruvar.com.hr\/?attachment_id=7889\" class=\"wp-image-7889\" srcset=\"https:\/\/cvrcak-daruvar.com.hr\/wp-content\/uploads\/2024\/05\/viber_slika_2024-05-01_19-08-51-705-5.jpg 400w, https:\/\/cvrcak-daruvar.com.hr\/wp-content\/uploads\/2024\/05\/viber_slika_2024-05-01_19-08-51-705-5-300x300.jpg 300w, https:\/\/cvrcak-daruvar.com.hr\/wp-content\/uploads\/2024\/05\/viber_slika_2024-05-01_19-08-51-705-5-150x150.jpg 150w\" sizes=\"(max-width: 400px) 100vw, 400px\" \/><\/a><\/figure><\/li><li class=\"blocks-gallery-item\"><figure><a href=\"https:\/\/cvrcak-daruvar.com.hr\/wp-content\/uploads\/2024\/05\/viber_slika_2024-05-01_19-08-51-767-2.jpg\" class=\"gallery_colorbox\"><img decoding=\"async\" loading=\"lazy\" width=\"400\" height=\"400\" src=\"https:\/\/cvrcak-daruvar.com.hr\/wp-content\/uploads\/2024\/05\/viber_slika_2024-05-01_19-08-51-767-2.jpg\"  alt=\"\" data-id=\"7890\" data-full-url=\"https:\/\/cvrcak-daruvar.com.hr\/wp-content\/uploads\/2024\/05\/viber_slika_2024-05-01_19-08-51-767-2.jpg\" data-link=\"https:\/\/cvrcak-daruvar.com.hr\/?attachment_id=7890\" class=\"wp-image-7890\" srcset=\"https:\/\/cvrcak-daruvar.com.hr\/wp-content\/uploads\/2024\/05\/viber_slika_2024-05-01_19-08-51-767-2.jpg 400w, https:\/\/cvrcak-daruvar.com.hr\/wp-content\/uploads\/2024\/05\/viber_slika_2024-05-01_19-08-51-767-2-300x300.jpg 300w, https:\/\/cvrcak-daruvar.com.hr\/wp-content\/uploads\/2024\/05\/viber_slika_2024-05-01_19-08-51-767-2-150x150.jpg 150w\" sizes=\"(max-width: 400px) 100vw, 400px\" \/><\/a><\/figure><\/li><\/ul><figcaption class=\"blocks-gallery-caption\"><strong><span class=\"has-inline-color has-vivid-cyan-blue-color\">Feliz Semana Santa! Tako na \u0161panjolskom jeziku \u010destitamo Uskrs.<\/span><\/strong><\/figcaption><\/figure>\n\n\n\n<p>Na\u0161i gosti dolaze iz malih ruralnih \u0161kola na Gran Canariji. Zato smo ih poveli u na\u0161u podru\u010dnu \u0161kolu u Doljanima. Tamo su u timovima s doma\u0107im u\u010denicima rje\u0161avali razli\u010dite izazove i igrali timske igre. Poslijepodne smo ih ugostili u Termalnom vodenom parku. Kako je kod njih znatno toplije nego \u0161to je bilo u Daruvaru u vrijeme njihova posjeta, u\u017eivali su u blagodatima termalne vode. <\/p>\n\n\n\n<figure class=\"wp-block-gallery columns-2 is-cropped wp-block-gallery-3 is-layout-flex\"><ul class=\"blocks-gallery-grid\"><li class=\"blocks-gallery-item\"><figure><a href=\"https:\/\/cvrcak-daruvar.com.hr\/wp-content\/uploads\/2024\/05\/viber_slika_2024-05-01_19-24-46-180.jpg\" class=\"gallery_colorbox\"><img decoding=\"async\" loading=\"lazy\" width=\"400\" height=\"400\" src=\"https:\/\/cvrcak-daruvar.com.hr\/wp-content\/uploads\/2024\/05\/viber_slika_2024-05-01_19-24-46-180.jpg\"  alt=\"\" data-id=\"7891\" data-link=\"https:\/\/cvrcak-daruvar.com.hr\/?attachment_id=7891\" class=\"wp-image-7891\" srcset=\"https:\/\/cvrcak-daruvar.com.hr\/wp-content\/uploads\/2024\/05\/viber_slika_2024-05-01_19-24-46-180.jpg 400w, https:\/\/cvrcak-daruvar.com.hr\/wp-content\/uploads\/2024\/05\/viber_slika_2024-05-01_19-24-46-180-300x300.jpg 300w, https:\/\/cvrcak-daruvar.com.hr\/wp-content\/uploads\/2024\/05\/viber_slika_2024-05-01_19-24-46-180-150x150.jpg 150w\" sizes=\"(max-width: 400px) 100vw, 400px\" \/><\/a><\/figure><\/li><li class=\"blocks-gallery-item\"><figure><a href=\"https:\/\/cvrcak-daruvar.com.hr\/wp-content\/uploads\/2024\/05\/viber_slika_2024-05-01_19-24-46-234.jpg\" class=\"gallery_colorbox\"><img decoding=\"async\" loading=\"lazy\" width=\"400\" height=\"400\" src=\"https:\/\/cvrcak-daruvar.com.hr\/wp-content\/uploads\/2024\/05\/viber_slika_2024-05-01_19-24-46-234.jpg\"  alt=\"\" data-id=\"7892\" data-full-url=\"https:\/\/cvrcak-daruvar.com.hr\/wp-content\/uploads\/2024\/05\/viber_slika_2024-05-01_19-24-46-234.jpg\" data-link=\"https:\/\/cvrcak-daruvar.com.hr\/?attachment_id=7892\" class=\"wp-image-7892\" srcset=\"https:\/\/cvrcak-daruvar.com.hr\/wp-content\/uploads\/2024\/05\/viber_slika_2024-05-01_19-24-46-234.jpg 400w, https:\/\/cvrcak-daruvar.com.hr\/wp-content\/uploads\/2024\/05\/viber_slika_2024-05-01_19-24-46-234-300x300.jpg 300w, https:\/\/cvrcak-daruvar.com.hr\/wp-content\/uploads\/2024\/05\/viber_slika_2024-05-01_19-24-46-234-150x150.jpg 150w\" sizes=\"(max-width: 400px) 100vw, 400px\" \/><\/a><\/figure><\/li><\/ul><figcaption class=\"blocks-gallery-caption\"><strong><span class=\"has-inline-color has-vivid-cyan-blue-color\">Zajedni\u010dke aktivnosti bile su prilika za vje\u017ebanje engleskog jezika.<\/span><\/strong><\/figcaption><\/figure>\n\n\n\n<p>Istaknuli su da im se u gradu posebno svi\u0111a \u017dupna crkva Presvetog Trojstva zbog ure\u0111enja i arhitekture, a u \u0161koli su najvi\u0161e u\u017eivali u zajedni\u010dkim igrama i natjecanjima. Jako su im se svidjele i na\u0161e \u0161kolske u\u017eine. Zadnjega dana mobilnosti posjetili smo Zavi\u010dajni muzej u dvorcu grofa Jankovi\u0107a, gdje smo dragim gostima uru\u010dili potvrde i suvenire koje smo za njih pripremili.<\/p>\n\n\n\n<figure class=\"wp-block-image size-full\"><a href=\"https:\/\/cvrcak-daruvar.com.hr\/wp-content\/uploads\/2024\/05\/viber_slika_2024-05-01_19-35-15-930-2.jpg\" class=\"gallery_colorbox\"><img decoding=\"async\" loading=\"lazy\" width=\"500\" height=\"500\" src=\"https:\/\/cvrcak-daruvar.com.hr\/wp-content\/uploads\/2024\/05\/viber_slika_2024-05-01_19-35-15-930-2.jpg\"  alt=\"\" class=\"wp-image-7897\" srcset=\"https:\/\/cvrcak-daruvar.com.hr\/wp-content\/uploads\/2024\/05\/viber_slika_2024-05-01_19-35-15-930-2.jpg 500w, https:\/\/cvrcak-daruvar.com.hr\/wp-content\/uploads\/2024\/05\/viber_slika_2024-05-01_19-35-15-930-2-300x300.jpg 300w, https:\/\/cvrcak-daruvar.com.hr\/wp-content\/uploads\/2024\/05\/viber_slika_2024-05-01_19-35-15-930-2-150x150.jpg 150w\" sizes=\"(max-width: 500px) 100vw, 500px\" \/><\/a><figcaption><strong><span class=\"has-inline-color has-vivid-cyan-blue-color\">U\u010diteljice koje su ovom prilikom bile u pratnji svojim u\u010denicima istaknule su gostoprimstvo stanovnika Daruvara, koje je prema njihovim rije\u010dima bilo iznad svih o\u010dekivanja.<\/span><\/strong> <\/figcaption><\/figure>\n","protected":false},"excerpt":{"rendered":"<p>Od 11. do 15. o\u017eujka na\u0161u \u0161kolu su posjetila \u010detiri u\u010denika i dvije u\u010diteljice sa kanarskog otoka Gran Canaria, iz \u0161kole CER Moya. Tijekom tjedna u\u010denici iz \u0160panjolske imali su priliku sudjelovati na satima engleskog jezika, vjeronauka i tjelesne kulture. Budu\u0107i da je vrijeme Korizme, pribli\u017eili smo im uskr\u0161nju tradiciju u Hrvatskoj putem radionice na [&hellip;]<\/p>\n","protected":false},"author":17,"featured_media":0,"parent":0,"menu_order":0,"comment_status":"closed","ping_status":"closed","template":"","meta":[],"_links":{"self":[{"href":"https:\/\/cvrcak-daruvar.com.hr\/index.php?rest_route=\/wp\/v2\/pages\/7879"}],"collection":[{"href":"https:\/\/cvrcak-daruvar.com.hr\/index.php?rest_route=\/wp\/v2\/pages"}],"about":[{"href":"https:\/\/cvrcak-daruvar.com.hr\/index.php?rest_route=\/wp\/v2\/types\/page"}],"author":[{"embeddable":true,"href":"https:\/\/cvrcak-daruvar.com.hr\/index.php?rest_route=\/wp\/v2\/users\/17"}],"replies":[{"embeddable":true,"href":"https:\/\/cvrcak-daruvar.com.hr\/index.php?rest_route=%2Fwp%2Fv2%2Fcomments&post=7879"}],"version-history":[{"count":3,"href":"https:\/\/cvrcak-daruvar.com.hr\/index.php?rest_route=\/wp\/v2\/pages\/7879\/revisions"}],"predecessor-version":[{"id":7898,"href":"https:\/\/cvrcak-daruvar.com.hr\/index.php?rest_route=\/wp\/v2\/pages\/7879\/revisions\/7898"}],"wp:attachment":[{"href":"https:\/\/cvrcak-daruvar.com.hr\/index.php?rest_route=%2Fwp%2Fv2%2Fmedia&parent=7879"}],"curies":[{"name":"wp","href":"https:\/\/api.w.org\/{rel}","templated":true}]}}