{"id":7798,"date":"2024-02-26T19:22:50","date_gmt":"2024-02-26T18:22:50","guid":{"rendered":"https:\/\/cvrcak-daruvar.com.hr\/?page_id=7798"},"modified":"2024-02-27T17:43:04","modified_gmt":"2024-02-27T16:43:04","slug":"brinemo-za-prirodu-priroda-brine-za-nas","status":"publish","type":"page","link":"https:\/\/cvrcak-daruvar.com.hr\/?page_id=7798","title":{"rendered":"Brinemo za prirodu"},"content":{"rendered":"\n<p class=\"has-medium-font-size\">Tijekom \u0161kolske godine aktivno provodimo projektne aktivnosti s ciljem odgajanja i poticanja navika za odr\u017eivi razvoj.<\/p>\n\n\n\n<p>&nbsp;&nbsp;<br>\u25cf Zasadili smo prve sadnice u \u0161kolskom vrtu,&nbsp;<br>\u25cf po\u010distili smo \u0161kolsko dvori\u0161te (iako tu nije bilo puno posla, \u0161to nas \u010dini ponosnima na sve u\u010denike na\u0161e \u0161kole),&nbsp;<br>\u25cf iskoristili smo natu\u010deno i jako zrelo vo\u0107e za vo\u0107ni smoothie,&nbsp;<br>\u25cf od osu\u0161ene lavande \u0161to je rasla oko \u0161kole izradili smo suvenire koje \u0107emo iskoristiti na Erasmus+ mobilnostima,<br>\u25cf stavljaju\u0107i natpise na hrvatskom i engleskom jeziku uz prekida\u010de, pobrinuli smo se da nitko ne zaboravi ugasiti svjetlo kada izlazi iz u\u010dionice\u2026<\/p>\n\n\n\n<figure class=\"wp-block-gallery columns-2 is-cropped wp-block-gallery-1 is-layout-flex\"><ul class=\"blocks-gallery-grid\"><li class=\"blocks-gallery-item\"><figure><a href=\"https:\/\/cvrcak-daruvar.com.hr\/wp-content\/uploads\/2024\/02\/2.jpg\" class=\"gallery_colorbox\"><img decoding=\"async\" loading=\"lazy\" width=\"1024\" height=\"1024\" src=\"https:\/\/cvrcak-daruvar.com.hr\/wp-content\/uploads\/2024\/02\/2-1024x1024.jpg\"  alt=\"\" data-id=\"7829\" data-full-url=\"https:\/\/cvrcak-daruvar.com.hr\/wp-content\/uploads\/2024\/02\/2.jpg\" data-link=\"https:\/\/cvrcak-daruvar.com.hr\/?attachment_id=7829\" class=\"wp-image-7829\" srcset=\"https:\/\/cvrcak-daruvar.com.hr\/wp-content\/uploads\/2024\/02\/2-1024x1024.jpg 1024w, https:\/\/cvrcak-daruvar.com.hr\/wp-content\/uploads\/2024\/02\/2-300x300.jpg 300w, https:\/\/cvrcak-daruvar.com.hr\/wp-content\/uploads\/2024\/02\/2-150x150.jpg 150w, https:\/\/cvrcak-daruvar.com.hr\/wp-content\/uploads\/2024\/02\/2-768x768.jpg 768w, https:\/\/cvrcak-daruvar.com.hr\/wp-content\/uploads\/2024\/02\/2-1536x1536.jpg 1536w, https:\/\/cvrcak-daruvar.com.hr\/wp-content\/uploads\/2024\/02\/2.jpg 1600w\" sizes=\"(max-width: 1024px) 100vw, 1024px\" \/><\/a><\/figure><\/li><li class=\"blocks-gallery-item\"><figure><a href=\"https:\/\/cvrcak-daruvar.com.hr\/wp-content\/uploads\/2024\/02\/1.jpg\" class=\"gallery_colorbox\"><img decoding=\"async\" loading=\"lazy\" width=\"1024\" height=\"1024\" src=\"https:\/\/cvrcak-daruvar.com.hr\/wp-content\/uploads\/2024\/02\/1-1024x1024.jpg\"  alt=\"\" data-id=\"7830\" data-full-url=\"https:\/\/cvrcak-daruvar.com.hr\/wp-content\/uploads\/2024\/02\/1.jpg\" data-link=\"https:\/\/cvrcak-daruvar.com.hr\/?attachment_id=7830\" class=\"wp-image-7830\" srcset=\"https:\/\/cvrcak-daruvar.com.hr\/wp-content\/uploads\/2024\/02\/1-1024x1024.jpg 1024w, https:\/\/cvrcak-daruvar.com.hr\/wp-content\/uploads\/2024\/02\/1-300x300.jpg 300w, https:\/\/cvrcak-daruvar.com.hr\/wp-content\/uploads\/2024\/02\/1-150x150.jpg 150w, https:\/\/cvrcak-daruvar.com.hr\/wp-content\/uploads\/2024\/02\/1-768x768.jpg 768w, https:\/\/cvrcak-daruvar.com.hr\/wp-content\/uploads\/2024\/02\/1-1536x1536.jpg 1536w, https:\/\/cvrcak-daruvar.com.hr\/wp-content\/uploads\/2024\/02\/1.jpg 1600w\" sizes=\"(max-width: 1024px) 100vw, 1024px\" \/><\/a><\/figure><\/li><\/ul><\/figure>\n\n\n\n<figure class=\"wp-block-gallery columns-2 is-cropped wp-block-gallery-3 is-layout-flex\"><ul class=\"blocks-gallery-grid\"><li class=\"blocks-gallery-item\"><figure><a href=\"https:\/\/cvrcak-daruvar.com.hr\/wp-content\/uploads\/2024\/02\/4.jpg\" class=\"gallery_colorbox\"><img decoding=\"async\" loading=\"lazy\" width=\"1600\" height=\"1600\" src=\"https:\/\/cvrcak-daruvar.com.hr\/wp-content\/uploads\/2024\/02\/4-1024x1024.jpg\"  alt=\"\" data-id=\"7831\" data-full-url=\"https:\/\/cvrcak-daruvar.com.hr\/wp-content\/uploads\/2024\/02\/4.jpg\" data-link=\"https:\/\/cvrcak-daruvar.com.hr\/?attachment_id=7831\" class=\"wp-image-7831\" srcset=\"https:\/\/cvrcak-daruvar.com.hr\/wp-content\/uploads\/2024\/02\/4-1024x1024.jpg 1024w, https:\/\/cvrcak-daruvar.com.hr\/wp-content\/uploads\/2024\/02\/4-300x300.jpg 300w, https:\/\/cvrcak-daruvar.com.hr\/wp-content\/uploads\/2024\/02\/4-150x150.jpg 150w, https:\/\/cvrcak-daruvar.com.hr\/wp-content\/uploads\/2024\/02\/4-768x768.jpg 768w, https:\/\/cvrcak-daruvar.com.hr\/wp-content\/uploads\/2024\/02\/4-1536x1536.jpg 1536w, https:\/\/cvrcak-daruvar.com.hr\/wp-content\/uploads\/2024\/02\/4.jpg 1600w\" sizes=\"(max-width: 1600px) 100vw, 1600px\" \/><\/a><\/figure><\/li><li class=\"blocks-gallery-item\"><figure><a href=\"https:\/\/cvrcak-daruvar.com.hr\/wp-content\/uploads\/2024\/02\/3.jpg\" class=\"gallery_colorbox\"><img decoding=\"async\" loading=\"lazy\" width=\"1024\" height=\"1024\" src=\"https:\/\/cvrcak-daruvar.com.hr\/wp-content\/uploads\/2024\/02\/3-1024x1024.jpg\"  alt=\"\" data-id=\"7832\" data-full-url=\"https:\/\/cvrcak-daruvar.com.hr\/wp-content\/uploads\/2024\/02\/3.jpg\" data-link=\"https:\/\/cvrcak-daruvar.com.hr\/?attachment_id=7832\" class=\"wp-image-7832\" srcset=\"https:\/\/cvrcak-daruvar.com.hr\/wp-content\/uploads\/2024\/02\/3-1024x1024.jpg 1024w, https:\/\/cvrcak-daruvar.com.hr\/wp-content\/uploads\/2024\/02\/3-300x300.jpg 300w, https:\/\/cvrcak-daruvar.com.hr\/wp-content\/uploads\/2024\/02\/3-150x150.jpg 150w, https:\/\/cvrcak-daruvar.com.hr\/wp-content\/uploads\/2024\/02\/3-768x768.jpg 768w, https:\/\/cvrcak-daruvar.com.hr\/wp-content\/uploads\/2024\/02\/3-1536x1536.jpg 1536w, https:\/\/cvrcak-daruvar.com.hr\/wp-content\/uploads\/2024\/02\/3.jpg 1600w\" sizes=\"(max-width: 1024px) 100vw, 1024px\" \/><\/a><\/figure><\/li><\/ul><\/figure>\n\n\n\n<figure class=\"wp-block-gallery columns-2 is-cropped wp-block-gallery-5 is-layout-flex\"><ul class=\"blocks-gallery-grid\"><li class=\"blocks-gallery-item\"><figure><a href=\"https:\/\/cvrcak-daruvar.com.hr\/wp-content\/uploads\/2024\/02\/6.jpg\" class=\"gallery_colorbox\"><img decoding=\"async\" loading=\"lazy\" width=\"1024\" height=\"1024\" src=\"https:\/\/cvrcak-daruvar.com.hr\/wp-content\/uploads\/2024\/02\/6-1024x1024.jpg\"  alt=\"\" data-id=\"7833\" data-full-url=\"https:\/\/cvrcak-daruvar.com.hr\/wp-content\/uploads\/2024\/02\/6.jpg\" data-link=\"https:\/\/cvrcak-daruvar.com.hr\/?attachment_id=7833\" class=\"wp-image-7833\" srcset=\"https:\/\/cvrcak-daruvar.com.hr\/wp-content\/uploads\/2024\/02\/6-1024x1024.jpg 1024w, https:\/\/cvrcak-daruvar.com.hr\/wp-content\/uploads\/2024\/02\/6-300x300.jpg 300w, https:\/\/cvrcak-daruvar.com.hr\/wp-content\/uploads\/2024\/02\/6-150x150.jpg 150w, https:\/\/cvrcak-daruvar.com.hr\/wp-content\/uploads\/2024\/02\/6-768x768.jpg 768w, https:\/\/cvrcak-daruvar.com.hr\/wp-content\/uploads\/2024\/02\/6-1536x1536.jpg 1536w, https:\/\/cvrcak-daruvar.com.hr\/wp-content\/uploads\/2024\/02\/6.jpg 1600w\" sizes=\"(max-width: 1024px) 100vw, 1024px\" \/><\/a><\/figure><\/li><li class=\"blocks-gallery-item\"><figure><a href=\"https:\/\/cvrcak-daruvar.com.hr\/wp-content\/uploads\/2024\/02\/5.jpg\" class=\"gallery_colorbox\"><img decoding=\"async\" loading=\"lazy\" width=\"1024\" height=\"1024\" src=\"https:\/\/cvrcak-daruvar.com.hr\/wp-content\/uploads\/2024\/02\/5-1024x1024.jpg\"  alt=\"\" data-id=\"7834\" data-full-url=\"https:\/\/cvrcak-daruvar.com.hr\/wp-content\/uploads\/2024\/02\/5.jpg\" data-link=\"https:\/\/cvrcak-daruvar.com.hr\/?attachment_id=7834\" class=\"wp-image-7834\" srcset=\"https:\/\/cvrcak-daruvar.com.hr\/wp-content\/uploads\/2024\/02\/5-1024x1024.jpg 1024w, https:\/\/cvrcak-daruvar.com.hr\/wp-content\/uploads\/2024\/02\/5-300x300.jpg 300w, https:\/\/cvrcak-daruvar.com.hr\/wp-content\/uploads\/2024\/02\/5-150x150.jpg 150w, https:\/\/cvrcak-daruvar.com.hr\/wp-content\/uploads\/2024\/02\/5-768x768.jpg 768w, https:\/\/cvrcak-daruvar.com.hr\/wp-content\/uploads\/2024\/02\/5-1536x1536.jpg 1536w, https:\/\/cvrcak-daruvar.com.hr\/wp-content\/uploads\/2024\/02\/5.jpg 1600w\" sizes=\"(max-width: 1024px) 100vw, 1024px\" \/><\/a><\/figure><\/li><\/ul><\/figure>\n","protected":false},"excerpt":{"rendered":"<p>Tijekom \u0161kolske godine aktivno provodimo projektne aktivnosti s ciljem odgajanja i poticanja navika za odr\u017eivi razvoj. &nbsp;&nbsp;\u25cf Zasadili smo prve sadnice u \u0161kolskom vrtu,&nbsp;\u25cf po\u010distili smo \u0161kolsko dvori\u0161te (iako tu nije bilo puno posla, \u0161to nas \u010dini ponosnima na sve u\u010denike na\u0161e \u0161kole),&nbsp;\u25cf iskoristili smo natu\u010deno i jako zrelo vo\u0107e za vo\u0107ni smoothie,&nbsp;\u25cf od osu\u0161ene [&hellip;]<\/p>\n","protected":false},"author":17,"featured_media":0,"parent":0,"menu_order":0,"comment_status":"closed","ping_status":"closed","template":"","meta":[],"_links":{"self":[{"href":"https:\/\/cvrcak-daruvar.com.hr\/index.php?rest_route=\/wp\/v2\/pages\/7798"}],"collection":[{"href":"https:\/\/cvrcak-daruvar.com.hr\/index.php?rest_route=\/wp\/v2\/pages"}],"about":[{"href":"https:\/\/cvrcak-daruvar.com.hr\/index.php?rest_route=\/wp\/v2\/types\/page"}],"author":[{"embeddable":true,"href":"https:\/\/cvrcak-daruvar.com.hr\/index.php?rest_route=\/wp\/v2\/users\/17"}],"replies":[{"embeddable":true,"href":"https:\/\/cvrcak-daruvar.com.hr\/index.php?rest_route=%2Fwp%2Fv2%2Fcomments&post=7798"}],"version-history":[{"count":6,"href":"https:\/\/cvrcak-daruvar.com.hr\/index.php?rest_route=\/wp\/v2\/pages\/7798\/revisions"}],"predecessor-version":[{"id":7835,"href":"https:\/\/cvrcak-daruvar.com.hr\/index.php?rest_route=\/wp\/v2\/pages\/7798\/revisions\/7835"}],"wp:attachment":[{"href":"https:\/\/cvrcak-daruvar.com.hr\/index.php?rest_route=%2Fwp%2Fv2%2Fmedia&parent=7798"}],"curies":[{"name":"wp","href":"https:\/\/api.w.org\/{rel}","templated":true}]}}