{"id":7606,"date":"2023-11-19T19:44:52","date_gmt":"2023-11-19T18:44:52","guid":{"rendered":"https:\/\/cvrcak-daruvar.com.hr\/?page_id=7606"},"modified":"2023-11-19T19:44:52","modified_gmt":"2023-11-19T18:44:52","slug":"rap-za-prijatelja","status":"publish","type":"page","link":"https:\/\/cvrcak-daruvar.com.hr\/?page_id=7606","title":{"rendered":"RAP ZA PRIJATELJA"},"content":{"rendered":"\n<pre class=\"wp-block-verse\">Odakle da krenem,\r\n\u0161to da pi\u0161em,\r\n\u0161to vi\u0161e o tome mislim,\r\nboli me sve vi\u0161e. \r\n\r\nPustit \u0107u da za me\r\ngovore rime. \r\n\r\nSretne su bile sve na\u0161e pri\u010de.\r\nSada sve \u0161to pri\u010da\u0161,\r\nni da me dirne. \r\n\r\nRimama svojim\r\nja mi\u010dem planine. \r\n\r\nSjedim miran,\r\nne treba mi ni\u0161ta, \r\nosim olovke i papira, \r\nda ispri\u010da se pri\u010da. \r\n\r\nSve bih ti dao,\r\nuvijek si to znao.\r\n \r\nHtjeli su da te povrijede,\r\nna put sam im stao. \r\n\r\nMislio sam: \u201eNe bi nikada od mene krao.\u201c\r\nNovi Air Max, novi super dry.\r\nU tebe vjerovao bih do kraja,\r\nznaj!\r\n\r\nSve sam ti povjerio, \r\nbio si mi brat. \r\nSada pred svima \r\nispao sam budala, na kat. \r\n<\/pre>\n\n\n\n<p class=\"has-text-align-right\">Gabrijel Jurki\u0107, 7.d<\/p>\n","protected":false},"excerpt":{"rendered":"<p>Odakle da krenem, \u0161to da pi\u0161em, \u0161to vi\u0161e o tome mislim, boli me sve vi\u0161e. Pustit \u0107u da za me govore rime. Sretne su bile sve na\u0161e pri\u010de. Sada sve \u0161to pri\u010da\u0161, ni da me dirne. Rimama svojim ja mi\u010dem planine. Sjedim miran, ne treba mi ni\u0161ta, osim olovke i papira, da ispri\u010da se pri\u010da. [&hellip;]<\/p>\n","protected":false},"author":5,"featured_media":0,"parent":0,"menu_order":0,"comment_status":"closed","ping_status":"closed","template":"","meta":[],"_links":{"self":[{"href":"https:\/\/cvrcak-daruvar.com.hr\/index.php?rest_route=\/wp\/v2\/pages\/7606"}],"collection":[{"href":"https:\/\/cvrcak-daruvar.com.hr\/index.php?rest_route=\/wp\/v2\/pages"}],"about":[{"href":"https:\/\/cvrcak-daruvar.com.hr\/index.php?rest_route=\/wp\/v2\/types\/page"}],"author":[{"embeddable":true,"href":"https:\/\/cvrcak-daruvar.com.hr\/index.php?rest_route=\/wp\/v2\/users\/5"}],"replies":[{"embeddable":true,"href":"https:\/\/cvrcak-daruvar.com.hr\/index.php?rest_route=%2Fwp%2Fv2%2Fcomments&post=7606"}],"version-history":[{"count":1,"href":"https:\/\/cvrcak-daruvar.com.hr\/index.php?rest_route=\/wp\/v2\/pages\/7606\/revisions"}],"predecessor-version":[{"id":7607,"href":"https:\/\/cvrcak-daruvar.com.hr\/index.php?rest_route=\/wp\/v2\/pages\/7606\/revisions\/7607"}],"wp:attachment":[{"href":"https:\/\/cvrcak-daruvar.com.hr\/index.php?rest_route=%2Fwp%2Fv2%2Fmedia&parent=7606"}],"curies":[{"name":"wp","href":"https:\/\/api.w.org\/{rel}","templated":true}]}}