{"id":7598,"date":"2023-11-19T19:41:34","date_gmt":"2023-11-19T18:41:34","guid":{"rendered":"https:\/\/cvrcak-daruvar.com.hr\/?page_id=7598"},"modified":"2023-11-19T19:41:34","modified_gmt":"2023-11-19T18:41:34","slug":"moj-macak","status":"publish","type":"page","link":"https:\/\/cvrcak-daruvar.com.hr\/?page_id=7598","title":{"rendered":"Moj ma\u010dak"},"content":{"rendered":"\n<pre class=\"wp-block-verse\">Moj se ma\u010dak zove Tudo,\r\nto je jedno ma\u010de ludo.\r\nLe\u017ei on po cijele dane,\r\nodmara se dok ga hrane.\r\n\r\nKad se mazi puno prrrede,\r\nglasnije od malog mede.\r\nO\u0161trrre kand\u017ee Tudo ima,\r\ni zna se braniti njima. \r\n\r\nDok pred ku\u0107om lijeno le\u017ei,\r\ni moj pas od njega bje\u017ei.\r\nVolim toga ma\u010dka crnog,\r\nsvojega ljubimca prvog. \r\n<\/pre>\n\n\n\n<p class=\"has-text-align-right\">Jona Kne\u017eevi\u0107, 5.d<\/p>\n","protected":false},"excerpt":{"rendered":"<p>Moj se ma\u010dak zove Tudo, to je jedno ma\u010de ludo. Le\u017ei on po cijele dane, odmara se dok ga hrane. Kad se mazi puno prrrede, glasnije od malog mede. O\u0161trrre kand\u017ee Tudo ima, i zna se braniti njima. Dok pred ku\u0107om lijeno le\u017ei, i moj pas od njega bje\u017ei. Volim toga ma\u010dka crnog, svojega ljubimca [&hellip;]<\/p>\n","protected":false},"author":5,"featured_media":0,"parent":0,"menu_order":0,"comment_status":"closed","ping_status":"closed","template":"","meta":[],"_links":{"self":[{"href":"https:\/\/cvrcak-daruvar.com.hr\/index.php?rest_route=\/wp\/v2\/pages\/7598"}],"collection":[{"href":"https:\/\/cvrcak-daruvar.com.hr\/index.php?rest_route=\/wp\/v2\/pages"}],"about":[{"href":"https:\/\/cvrcak-daruvar.com.hr\/index.php?rest_route=\/wp\/v2\/types\/page"}],"author":[{"embeddable":true,"href":"https:\/\/cvrcak-daruvar.com.hr\/index.php?rest_route=\/wp\/v2\/users\/5"}],"replies":[{"embeddable":true,"href":"https:\/\/cvrcak-daruvar.com.hr\/index.php?rest_route=%2Fwp%2Fv2%2Fcomments&post=7598"}],"version-history":[{"count":1,"href":"https:\/\/cvrcak-daruvar.com.hr\/index.php?rest_route=\/wp\/v2\/pages\/7598\/revisions"}],"predecessor-version":[{"id":7599,"href":"https:\/\/cvrcak-daruvar.com.hr\/index.php?rest_route=\/wp\/v2\/pages\/7598\/revisions\/7599"}],"wp:attachment":[{"href":"https:\/\/cvrcak-daruvar.com.hr\/index.php?rest_route=%2Fwp%2Fv2%2Fmedia&parent=7598"}],"curies":[{"name":"wp","href":"https:\/\/api.w.org\/{rel}","templated":true}]}}