{"id":7590,"date":"2023-11-19T19:38:09","date_gmt":"2023-11-19T18:38:09","guid":{"rendered":"https:\/\/cvrcak-daruvar.com.hr\/?page_id=7590"},"modified":"2023-11-19T19:38:09","modified_gmt":"2023-11-19T18:38:09","slug":"skola","status":"publish","type":"page","link":"https:\/\/cvrcak-daruvar.com.hr\/?page_id=7590","title":{"rendered":"\u0160kola"},"content":{"rendered":"\n<pre class=\"wp-block-verse\">\u0160kola kre\u0107e, kamo ve\u0107e sre\u0107e,\r\nknjige nove, za male vitezove,\r\nona je dom gdje nije sve po mom. \r\n\r\n\u0160etnje parkom, smijeh i radost,\r\nu\u017eivajmo, iskoristimo mladost,\r\nprijateljstva nova, prijateljstva draga,\r\n\u0161kola u srcu ostavi traga. \r\n<\/pre>\n\n\n\n<p class=\"has-text-align-right\">Karlo Kanjka, 7.d i Dean Horvat, 8.e<\/p>\n","protected":false},"excerpt":{"rendered":"<p>\u0160kola kre\u0107e, kamo ve\u0107e sre\u0107e, knjige nove, za male vitezove, ona je dom gdje nije sve po mom. \u0160etnje parkom, smijeh i radost, u\u017eivajmo, iskoristimo mladost, prijateljstva nova, prijateljstva draga, \u0161kola u srcu ostavi traga. Karlo Kanjka, 7.d i Dean Horvat, 8.e<\/p>\n","protected":false},"author":5,"featured_media":0,"parent":0,"menu_order":0,"comment_status":"closed","ping_status":"closed","template":"","meta":[],"_links":{"self":[{"href":"https:\/\/cvrcak-daruvar.com.hr\/index.php?rest_route=\/wp\/v2\/pages\/7590"}],"collection":[{"href":"https:\/\/cvrcak-daruvar.com.hr\/index.php?rest_route=\/wp\/v2\/pages"}],"about":[{"href":"https:\/\/cvrcak-daruvar.com.hr\/index.php?rest_route=\/wp\/v2\/types\/page"}],"author":[{"embeddable":true,"href":"https:\/\/cvrcak-daruvar.com.hr\/index.php?rest_route=\/wp\/v2\/users\/5"}],"replies":[{"embeddable":true,"href":"https:\/\/cvrcak-daruvar.com.hr\/index.php?rest_route=%2Fwp%2Fv2%2Fcomments&post=7590"}],"version-history":[{"count":1,"href":"https:\/\/cvrcak-daruvar.com.hr\/index.php?rest_route=\/wp\/v2\/pages\/7590\/revisions"}],"predecessor-version":[{"id":7591,"href":"https:\/\/cvrcak-daruvar.com.hr\/index.php?rest_route=\/wp\/v2\/pages\/7590\/revisions\/7591"}],"wp:attachment":[{"href":"https:\/\/cvrcak-daruvar.com.hr\/index.php?rest_route=%2Fwp%2Fv2%2Fmedia&parent=7590"}],"curies":[{"name":"wp","href":"https:\/\/api.w.org\/{rel}","templated":true}]}}