{"id":7549,"date":"2023-11-14T18:28:19","date_gmt":"2023-11-14T17:28:19","guid":{"rendered":"http:\/\/cvrcak-daruvar.com.hr\/?page_id=7549"},"modified":"2025-01-29T12:15:40","modified_gmt":"2025-01-29T11:15:40","slug":"literarni-kutak-predmetna-nastava","status":"publish","type":"page","link":"https:\/\/cvrcak-daruvar.com.hr\/?page_id=7549","title":{"rendered":"Literarni kutak &#8211; Predmetna nastava 2023.\/2024."},"content":{"rendered":"\n<h2 class=\"wp-block-heading\"><a href=\"https:\/\/cvrcak-daruvar.com.hr\/?p=7943\" data-type=\"post\" data-id=\"7943\">Pismo djedu Ivici, Matija Kudeljka, 6.d<\/a><\/h2>\n\n\n\n<h2 class=\"wp-block-heading\"><a href=\"https:\/\/cvrcak-daruvar.com.hr\/?p=7938\" data-type=\"post\" data-id=\"7938\">Pismo baki i djedu, Sara Bis, 6.d<\/a><\/h2>\n\n\n\n<h2 class=\"wp-block-heading\"><a href=\"https:\/\/cvrcak-daruvar.com.hr\/?page_id=7910\" data-type=\"page\" data-id=\"7910\"><strong>Djed i baka<\/strong>, Mateo Smok, 6.<\/a>e<\/h2>\n\n\n\n<h2 class=\"wp-block-heading\"><a href=\"https:\/\/cvrcak-daruvar.com.hr\/?page_id=7906\" data-type=\"page\" data-id=\"7906\"><strong>Moja obitelj<\/strong>, Gabrijel Doljanin, 6.e<\/a><\/h2>\n\n\n\n<h2 class=\"wp-block-heading\"><a href=\"https:\/\/cvrcak-daruvar.com.hr\/?page_id=7904\" data-type=\"page\" data-id=\"7904\"><strong>Moja obitelj<\/strong>, Ella Kuhinek, 6.e<\/a><\/h2>\n\n\n\n<h2 class=\"wp-block-heading\"><a href=\"https:\/\/cvrcak-daruvar.com.hr\/?page_id=7859\" data-type=\"page\" data-id=\"7859\" target=\"_blank\" rel=\"noreferrer noopener\">Sre\u0107a, Patrik Karnik, 7.a<\/a><\/h2>\n\n\n\n<h2 class=\"wp-block-heading\"><a href=\"http:\/\/cvrcak-daruvar.com.hr\/?page_id=7386\" data-type=\"page\" data-id=\"7386\">Prolje\u0107e, Flora Andrijevi\u0107, 6.e<\/a><\/h2>\n\n\n\n<h2 class=\"wp-block-heading\"><a href=\"https:\/\/cvrcak-daruvar.com.hr\/?p=7643\" data-type=\"post\" data-id=\"7643\">Jesen, Dario Radulovi\u0107, 6.e<\/a><\/h2>\n\n\n\n<h2 class=\"wp-block-heading\"><a href=\"http:\/\/cvrcak-daruvar.com.hr\/?page_id=7382\" data-type=\"page\" data-id=\"7382\">Boje, Nevia Plav\u0161i\u0107, 5.e<\/a><\/h2>\n\n\n\n<h2 class=\"wp-block-heading\"><a href=\"https:\/\/cvrcak-daruvar.com.hr\/?p=7676\" data-type=\"post\" data-id=\"7676\">\u0160kola, Lorena \u0110otlo, 5.e<\/a><\/h2>\n\n\n\n<h2 class=\"wp-block-heading\"><a href=\"https:\/\/cvrcak-daruvar.com.hr\/?p=7680\" data-type=\"post\" data-id=\"7680\">Ljubav, Sara Kos, 5.e<\/a><\/h2>\n\n\n\n<h2 class=\"wp-block-heading\"><a href=\"https:\/\/cvrcak-daruvar.com.hr\/?p=7682\" data-type=\"post\" data-id=\"7682\">Sunce, Franko Deloga, 5.e<\/a><\/h2>\n\n\n\n<h2 class=\"wp-block-heading\"><a href=\"https:\/\/cvrcak-daruvar.com.hr\/?p=7633\" data-type=\"post\" data-id=\"7633\">Grb, Sebastijan Trubelja, 6.e<\/a><\/h2>\n\n\n\n<h2 class=\"wp-block-heading\"><a href=\"https:\/\/cvrcak-daruvar.com.hr\/?p=7651\" data-type=\"post\" data-id=\"7651\">Ljeto, Klara Lneni\u010dek, 6.d<\/a><\/h2>\n\n\n\n<h2 class=\"wp-block-heading\"><a href=\"https:\/\/cvrcak-daruvar.com.hr\/?p=7659\" data-type=\"post\" data-id=\"7659\">\u010carolija no\u0107i, Sara Bis, 6.d<\/a><\/h2>\n\n\n\n<h2 class=\"wp-block-heading\"><a href=\"https:\/\/cvrcak-daruvar.com.hr\/?p=7666\" data-type=\"post\" data-id=\"7666\">More, Roko Ambro\u0161, 6.d<\/a><\/h2>\n\n\n\n<h2 class=\"wp-block-heading\"><a href=\"https:\/\/cvrcak-daruvar.com.hr\/?p=7670\" data-type=\"post\" data-id=\"7670\">\u0160umski puteljak, Stefan Ma\u010dak, 6.d<\/a><\/h2>\n\n\n\n<h2 class=\"wp-block-heading\"><a href=\"https:\/\/cvrcak-daruvar.com.hr\/?page_id=7492\" data-type=\"page\" data-id=\"7492\">Prolje\u0107e, Tara Jedvaj, 8.e<\/a><\/h2>\n\n\n\n<h2 class=\"wp-block-heading\"><a href=\"https:\/\/cvrcak-daruvar.com.hr\/?page_id=7588\" data-type=\"page\" data-id=\"7588\">Ljubav, Nata\u0161a Radulovi\u0107, 8.e<\/a><\/h2>\n\n\n\n<h2 class=\"wp-block-heading\"><a href=\"https:\/\/cvrcak-daruvar.com.hr\/?page_id=7590\" data-type=\"page\" data-id=\"7590\">\u0160kola, Karlo Kanjka, 7.d i Dean Horvat, 8.e<\/a><\/h2>\n\n\n\n<h2 class=\"wp-block-heading\"><a href=\"https:\/\/cvrcak-daruvar.com.hr\/?page_id=7592\" data-type=\"page\" data-id=\"7592\">Ljubav, Larisa Brdar, 5.d<\/a><\/h2>\n\n\n\n<h2 class=\"wp-block-heading\"><a href=\"https:\/\/cvrcak-daruvar.com.hr\/?page_id=7594\" data-type=\"page\" data-id=\"7594\">Jesen, Lara \u0110uki\u0107, 5.d<\/a><\/h2>\n\n\n\n<h2 class=\"wp-block-heading\"><a href=\"https:\/\/cvrcak-daruvar.com.hr\/?page_id=7596\" data-type=\"page\" data-id=\"7596\">\u0160kolska torba, Filip Geng, 5.d<\/a><\/h2>\n\n\n\n<h2 class=\"wp-block-heading\"><a href=\"https:\/\/cvrcak-daruvar.com.hr\/?page_id=7598\" data-type=\"page\" data-id=\"7598\">Moj ma\u010dak, Jona Kne\u017eevi\u0107, 5.d<\/a><\/h2>\n\n\n\n<h2 class=\"wp-block-heading\"><a href=\"https:\/\/cvrcak-daruvar.com.hr\/?page_id=7600\" data-type=\"page\" data-id=\"7600\">Po\u010detak \u0161kole, Lovro Luki\u0107, 5.d<\/a><\/h2>\n\n\n\n<h2 class=\"wp-block-heading\"><a href=\"https:\/\/cvrcak-daruvar.com.hr\/?page_id=7602\" data-type=\"page\" data-id=\"7602\">Prijatelji, Mihaela Borojevi\u0107, 5.d<\/a><\/h2>\n\n\n\n<h2 class=\"wp-block-heading\"><a href=\"https:\/\/cvrcak-daruvar.com.hr\/?page_id=7604\" data-type=\"page\" data-id=\"7604\">\u0160kola, Nik\u0161a Jeli\u010dli\u0107, 5.d i Vedran Rati\u0107, 5.d<\/a><\/h2>\n\n\n\n<h2 class=\"wp-block-heading\"><a href=\"https:\/\/cvrcak-daruvar.com.hr\/?page_id=7606\" data-type=\"page\" data-id=\"7606\">RAP ZA PRIJATELJA, Gabrijel Jurki\u0107, 7.d<\/a><\/h2>\n","protected":false},"excerpt":{"rendered":"<p>Pismo djedu Ivici, Matija Kudeljka, 6.d Pismo baki i djedu, Sara Bis, 6.d Djed i baka, Mateo Smok, 6.e Moja obitelj, Gabrijel Doljanin, 6.e Moja obitelj, Ella Kuhinek, 6.e Sre\u0107a, Patrik Karnik, 7.a Prolje\u0107e, Flora Andrijevi\u0107, 6.e Jesen, Dario Radulovi\u0107, 6.e Boje, Nevia Plav\u0161i\u0107, 5.e \u0160kola, Lorena \u0110otlo, 5.e Ljubav, Sara Kos, 5.e Sunce, Franko [&hellip;]<\/p>\n","protected":false},"author":2,"featured_media":0,"parent":0,"menu_order":0,"comment_status":"closed","ping_status":"closed","template":"","meta":[],"_links":{"self":[{"href":"https:\/\/cvrcak-daruvar.com.hr\/index.php?rest_route=\/wp\/v2\/pages\/7549"}],"collection":[{"href":"https:\/\/cvrcak-daruvar.com.hr\/index.php?rest_route=\/wp\/v2\/pages"}],"about":[{"href":"https:\/\/cvrcak-daruvar.com.hr\/index.php?rest_route=\/wp\/v2\/types\/page"}],"author":[{"embeddable":true,"href":"https:\/\/cvrcak-daruvar.com.hr\/index.php?rest_route=\/wp\/v2\/users\/2"}],"replies":[{"embeddable":true,"href":"https:\/\/cvrcak-daruvar.com.hr\/index.php?rest_route=%2Fwp%2Fv2%2Fcomments&post=7549"}],"version-history":[{"count":46,"href":"https:\/\/cvrcak-daruvar.com.hr\/index.php?rest_route=\/wp\/v2\/pages\/7549\/revisions"}],"predecessor-version":[{"id":8423,"href":"https:\/\/cvrcak-daruvar.com.hr\/index.php?rest_route=\/wp\/v2\/pages\/7549\/revisions\/8423"}],"wp:attachment":[{"href":"https:\/\/cvrcak-daruvar.com.hr\/index.php?rest_route=%2Fwp%2Fv2%2Fmedia&parent=7549"}],"curies":[{"name":"wp","href":"https:\/\/api.w.org\/{rel}","templated":true}]}}