{"id":7475,"date":"2023-11-14T18:02:45","date_gmt":"2023-11-14T17:02:45","guid":{"rendered":"http:\/\/cvrcak-daruvar.com.hr\/?page_id=7475"},"modified":"2024-10-20T08:05:42","modified_gmt":"2024-10-20T06:05:42","slug":"erasmus","status":"publish","type":"page","link":"https:\/\/cvrcak-daruvar.com.hr\/?page_id=7475","title":{"rendered":"Erasmus+ 2023.\/2024."},"content":{"rendered":"\n<p><a href=\"https:\/\/cvrcak-daruvar.com.hr\/?page_id=7971\" data-type=\"page\" data-id=\"7971\" target=\"_blank\" rel=\"noreferrer noopener\">Mobilnost u\u010denika &#8211; Igualada, \u0160panjolska<\/a><\/p>\n\n\n\n<p><a href=\"https:\/\/cvrcak-daruvar.com.hr\/?page_id=7967\" data-type=\"page\" data-id=\"7967\" target=\"_blank\" rel=\"noreferrer noopener\">Rim<\/a><\/p>\n\n\n\n<p><strong><a href=\"http:\/\/cvrcak-daruvar.com.hr\/?page_id=7426\">Barcelona- Including Sustainability Education in Everyday Classes with PBL<\/a><\/strong><\/p>\n\n\n\n<p><a href=\"https:\/\/cvrcak-daruvar.com.hr\/?page_id=7798\" data-type=\"page\" data-id=\"7798\">Brinemo za prirodu<\/a><\/p>\n\n\n\n<p><a href=\"https:\/\/cvrcak-daruvar.com.hr\/?page_id=7879\" data-type=\"page\" data-id=\"7879\">Kako su se u\u010denici s Gran Canarije proveli u na\u0161oj \u0161koli<\/a><\/p>\n","protected":false},"excerpt":{"rendered":"<p>Mobilnost u\u010denika &#8211; Igualada, \u0160panjolska Rim Barcelona- Including Sustainability Education in Everyday Classes with PBL Brinemo za prirodu Kako su se u\u010denici s Gran Canarije proveli u na\u0161oj \u0161koli<\/p>\n","protected":false},"author":13,"featured_media":0,"parent":0,"menu_order":0,"comment_status":"closed","ping_status":"closed","template":"","meta":[],"_links":{"self":[{"href":"https:\/\/cvrcak-daruvar.com.hr\/index.php?rest_route=\/wp\/v2\/pages\/7475"}],"collection":[{"href":"https:\/\/cvrcak-daruvar.com.hr\/index.php?rest_route=\/wp\/v2\/pages"}],"about":[{"href":"https:\/\/cvrcak-daruvar.com.hr\/index.php?rest_route=\/wp\/v2\/types\/page"}],"author":[{"embeddable":true,"href":"https:\/\/cvrcak-daruvar.com.hr\/index.php?rest_route=\/wp\/v2\/users\/13"}],"replies":[{"embeddable":true,"href":"https:\/\/cvrcak-daruvar.com.hr\/index.php?rest_route=%2Fwp%2Fv2%2Fcomments&post=7475"}],"version-history":[{"count":10,"href":"https:\/\/cvrcak-daruvar.com.hr\/index.php?rest_route=\/wp\/v2\/pages\/7475\/revisions"}],"predecessor-version":[{"id":8118,"href":"https:\/\/cvrcak-daruvar.com.hr\/index.php?rest_route=\/wp\/v2\/pages\/7475\/revisions\/8118"}],"wp:attachment":[{"href":"https:\/\/cvrcak-daruvar.com.hr\/index.php?rest_route=%2Fwp%2Fv2%2Fmedia&parent=7475"}],"curies":[{"name":"wp","href":"https:\/\/api.w.org\/{rel}","templated":true}]}}