{"id":818,"date":"2012-06-26T21:21:01","date_gmt":"2012-06-26T19:21:01","guid":{"rendered":"http:\/\/cvrcak-daruvar.com.hr\/?page_id=818"},"modified":"2012-06-26T21:36:13","modified_gmt":"2012-06-26T19:36:13","slug":"e-mail","status":"publish","type":"page","link":"http:\/\/cvrcak-daruvar.com.hr\/?page_id=818","title":{"rendered":"e-mail"},"content":{"rendered":"<p><strong>U\u010denici petih razreda pisali su nastavnici Kristini Nevjesti\u0107<\/strong><\/p>\n<p>&nbsp;<\/p>\n<p>Kada sam krenuo na nastavu informatike\u00a0 mislio sam da je to jo\u0161 jedan dosadan predmet i da se nisam trebao upisati. Bojao sam se da su nastavnik ili nastavnica ( budu\u0107i da jo\u0161 nisam znao tko \u0107e nam predavati) jako strogi. Bio sam u drugoj grupi, ali me nastavnik iz tehni\u010dkog\u00a0 prebacio\u00a0 u prvu grupu jer ne idem na njema\u010dki jezik. Onda nam je do\u0161la nastavnica. Na po\u010detku se nisam ba\u0161 najbolje snalazio, ali s vremenom sam shvatio da je nastavnica jako dobra i bilo mi je lak\u0161e.<\/p>\n<p>Dok jo\u0161 nisam i\u0161ao na informatiku jedino sam znao kako pokrenuti internet i igrati igrice. U prvom polugodi\u0161tu smo po\u010deli u\u010diti kako sjediti za ra\u010dunalom, \u0161to je bit, bajt, kako raditi u Paint-u&#8230;. Shvatio sam da je informatika jako zabavna i da nikad ne bih imao priliku\u00a0 nau\u010diti raditi na \u00a0ra\u010dunalima, raditi u MS Wordu, MS Logu itd. Saznao sam kako radi ra\u010dunalo i jo\u0161 mnogo toga.<\/p>\n<p>Mi smo postajali sve zlo\u010destiji, a kada bi pisali test uvijek bi \u201epala\u201c neka jedinica. Neki (koji \u0107e imati jedinice ili dvojke) su odlu\u010dili da \u0107e se ispisati. Kada nam je nastavnica najavila prvi test svi su ostali zapanjeni jer nisu mislili da \u0107emo na informatici pisati test na ra\u010dunalu no ja sam se na sve pripremio jer mi je sestra rekla \u0161to \u0107emo raditi i da se nemam \u010dega bojati. Pisali smo puno testova i bilo je jako puno jedinica, a malo petica. Bio sam sretan jer sam jedini iz testa dobio pet, ali i tu\u017ean jer prijatelji koji sjede pokraj mene (s lijeve i s desne strane) nisu dobili peticu. Najzanimljivije mi je bilo kada smo u\u010dili kako u FMS Logu crtati razne likove i kako iz jednog Paint-a prebaciti u drugi. Bio sam sretan jer sam imao zaklju\u010deno pet u prvom polugodi\u0161tu. Kada smo po\u010deli u\u010diti elektroni\u010dku po\u0161tu malo mi se \u010dinilo dosadno, a kasnije je postalo zanimljivo. U\u010diteljica nam je rekla da \u0107emo pisati testove na ra\u010dunalu. Svi su se odu\u0161evili. Nikad nisam mislio da \u0107e informatika biti tako zabavna i da \u0107e u\u010denici toliko nau\u010diti.<\/p>\n<p>Moja je mama jednom rekla da me nije trebala upisati na informatiku i da je to jo\u0161 jedna obveza. Kladili smo se (na po\u010detku godine) da je informatika lagana i da \u0107u iz nje imati pet. Pobijedio sam i odlu\u010dio da \u0107u i\u0107i i sljede\u0107e godine!<br \/>\nCijelo gradivo smo obradili.<br \/>\nNadam se da \u0107e nam ova nastavnica i sljede\u0107e godine predavati.<br \/>\nNastavnice, \u017eelim da se lijepo provedete na praznicima i da se malo odmorite od nas.<\/p>\n<p>&nbsp;<\/p>\n<p style=\"text-align: right;\"><em>Antonio Kasal 5.e<\/em><\/p>\n<p style=\"text-align: right;\"><em>Lektorirala: L. B.<\/em><\/p>\n<p>&nbsp;<\/p>\n<p>Kada je po\u010dela \u0161kolska godina jedva sam \u010dekao da po\u010dne informatika. Prvi puta kada smo imali informatiku predavao nam je nastavnik Zdenko Kube\u0161. Nisam ga ba\u0161 razumio. Nekoliko dana poslije do\u0161li ste nam Vi. Odmah sam znao da \u0107ete biti najbolja!<\/p>\n<p>Na po\u010detku se nisam ba\u0161 snalazio. Bilo je te\u0161ko kada smo u\u010dili jezike ra\u010dunala. Nisam imao pojma o pojmu. Trebalo mi je puno u\u010denja i \u201egrijanja stolice\u201c da shvatim. Tada sam po\u010deo \u00a0vi\u0161e u\u010diti i evo ga, krenulo mi je! Na kraju polugodi\u0161ta ste mi poklonili \u010detvorku. Bio sam vam jako zahvalan i obe\u0107ao sam da \u0107u se popraviti.<br \/>\nPo\u010delo je novo polugodi\u0161te. Cijelo sam vrijeme u\u010dio. Po\u010deo sam u\u010diti od po\u010detka. Prvi test na ra\u010dunalu bio mi je &#8220;najte\u017ei&#8221;. Dobio sam odli\u010dnu ocjenu i bio sam sretan. Najvi\u0161e sam mrzio pisanje u bilje\u017enicu zato \u0161to je to dosadno, ali dobro, pre\u017eivio sam! Najzanimljivije gradivo bilo mi je \u00a0kada smo u\u010dili Logo. To mi je jako dobro i\u0161lo. Volio sam crtati likove u Logu kao npr. kvadrat, pravokutnik&#8230;<\/p>\n<p>Opet je do\u0161ao test. Trema me uhvatila, ruke su mi se po\u010dele tresti, ali bio sam spreman. Juuhhhhuu!!! Dobio sam pet! :)) Bio sam jako sretan. Mislim da se po\u010deo primje\u0107ivati napredak i vidjelo se da se popravljam. U nekim trenucima htio sam postati profesionalni GAMER (\u010dovjek koji dobro radi na ra\u010dunalu i prelazi sve mogu\u0107e igrice), ali izbio sam si to iz glave.<br \/>\nPo\u010deli smo u\u010diti o MS Wordu. Na po\u010detku mi se to gradivo \u010dinilo jako (bez uvrede) dosadno. S vremenom me \u00a0po\u010delo zanimati i slu\u0161ao sam \u0161to govorite. Do\u0161ao je test i opet sam dobio peticu! Test je bio jako lagan. Poslije tog testa neki su u\u010denici po\u010deli govoriti da je informatika dosadna i da \u0107e se ispisati. No, ja sam znao da \u0107u i\u0107i zato \u0161to mi ona popravlja prosjek i zato \u0161to me zanima. Onda smo po\u010deli u\u010diti o internetu i elektroni\u010dkoj po\u0161ti. Za zada\u0107u smo trebali rije\u0161iti test koji ste nam poslali. Uspio sam ga rije\u0161iti i opet sam dobio pet.<\/p>\n<p>Sada imam zaklju\u010denu peticu iz informatike zahvaljuju\u0107i dobroj nastavnici. Svoje sam obe\u0107anje ostvario.<\/p>\n<p>Nastavnice, \u017eelim vam sretne praznike i \u017eelim da nam vi predajete u \u0161estom razredu zato \u0161to ste najbolji!!!!!<\/p>\n<p>Vidimo se u \u0161estom razredu!! POZDRAV!!!!!!!!!!!<\/p>\n<p>&nbsp;<\/p>\n<p style=\"text-align: right;\"><em>Antonijo Pustahija 6.e<\/em><\/p>\n<p style=\"text-align: right;\"><em>Lektorirala: L. B.<\/em><\/p>\n<p>&nbsp;<\/p>\n<p>Po\u010dela je \u0161kolska godina i poslali su nam papire \u017eelimo li se upisati na informatiku. Nisam nimalo razmi\u0161ljala i odmah sam se upisala kako bih nau\u010dila malo vi\u0161e o ra\u010dunalima. Prvi sat informatike mi je bio izuzetno dobar jer smo samo igrali igrice, a to je na\u0161a najbolja zanimacija. Na po\u010detku mi je bilo lo\u0161e to \u0161to nismo mogli na &#8220;fejs&#8221; no tijekom godine sam na to i zaboravila. Po\u010deli su prvi pravi sati na kojima se nismo smjeli puno igrati nego smo puno pisali \u0161to se \u010dinilo previ\u0161e. Na kraju sam shvatila da to nije bilo bezveze ve\u0107 korisno jer sam nau\u010dila puno novih pojmova o ra\u010dunalima. Do\u0161ao je i prvi test teorije za koji sam se bojala i nisam bila sigurna da sam dovoljno nau\u010dila no iz testa sam dobila pet. To me jako razveselilo, ali i opustilo jer se nisam vi\u0161e toliko bojala. Drugo gradivo koje smo obra\u0111ivali bio je Paint koji sam ve\u0107 otprije znala, ali sam nau\u010dila puno novih i zanimljivih stvari kao \u0161to su: kako ukrasiti i nacrtati dobru sliku\u2026<\/p>\n<p>Kada je do\u0161lo novo polugodi\u0161te mislila sam da \u0107e biti jako te\u0161ko. Prvo smo obra\u0111ivali MS Logo koji mi se na prvi pogled nije svidio jer je bio malo vezan uz matematiku koju ne volim no na kraju sam shvatila da to i nije tako te\u0161ko kada se izvje\u017eba i dobro nau\u010di. Onda je uslijedio najbolji dio informatike, Word koji mi je bio super! Nau\u010dila sam puno novih na\u010dina kako oblikovati tekst. Na red je do\u0161ao test koji mi se \u010dinio te\u017eak i mislila sam da ne\u0107u biti uspje\u0161na no onda sam shvatila da sam ga dobro napisala i da bi to mogla biti dobra ocjena. Godina zavr\u0161ava, a ja sam jako sretna i ponosna na sebe jer sam nau\u010dila mnogo novih stvari o ra\u010dunalima i \u017eao mi je \u0161to sam na po\u010detku mislila da mi to u \u017eivotu ne\u0107e trebati. Moram spomenuti i nastavnicu informatike koja je jako dobra (bez nje ne bih uspjela zavr\u0161iti godinu), a svaki put kada mi je trebala pomo\u0107 ona mi je pomogla.<\/p>\n<p>Na informatiku je va\u017eno i\u0107i jer se svijet jako brzo razvija i tehnologija napreduje, a to zna\u010di da sve vi\u0161e trebamo znati o ra\u010dunalima koja su bitna jer pomo\u0107u njih mo\u017eemo napisati referate i izraditi prezentacije, a to mi je tijekom ove \u0161kolske godine puno pomoglo. Zbog toga sam jako sretna. Svima preporu\u010dujem da krenu na informatiku jer je to spoj zabave i u\u010denja i svima \u0107e se \u00a0svidjeti!<\/p>\n<p>&nbsp;<\/p>\n<p style=\"text-align: right;\"><em>Mihaela Id\u017eanovi\u0107 5.d<\/em><\/p>\n<p style=\"text-align: right;\"><em>Lektorirala: L. B.<\/em><\/p>\n<p>&nbsp;<\/p>\n<p>&nbsp;<\/p>\n<p>Meni je ova \u0161kolska bila jako lijepa. Zabavljala sam se u\u010de\u0107i razli\u010dite i zanimljive lekcije. Najvi\u0161e mi se svidio Paint jer je bio lagan. Logo mi je bio prili\u010dno te\u017eak (valjda to znate po mojim ocjenama).<\/p>\n<p>Vi ste bili dobra nastavnica, pa sam vi\u0161e nau\u010dila na satu. \u017delim da mi budete nastavnica idu\u0107e godine premda ste rekli da nije sigurno ho\u0107e li biti tako.<br \/>\nOva \u0161kolska godina je bila zabavna jer niste bili strogi. Moji prijatelji iz u\u010dionice su se sigurno zabavljali kao i ja. Najdra\u017ea stvar na informatici bila mi je kad smo se igrali na ra\u010dunalima. Nisam upamtila sve gradivo koje smo obra\u0111ivali tijekom godine, ali najbolja je bila zabava s Vama i mojim prijateljima. Zahvalna sam na svemu \u0161to ste u\u010dinili za cijeli razred.<\/p>\n<p>&nbsp;<\/p>\n<p style=\"text-align: right;\"><em>\u017dana Kir 5.e<\/em><\/p>\n<p style=\"text-align: right;\"><em>Lektorirala: L. B.<\/em><\/p>\n<p>&nbsp;<\/p>\n","protected":false},"excerpt":{"rendered":"<p>U\u010denici petih razreda pisali su nastavnici Kristini Nevjesti\u0107 &nbsp; Kada sam krenuo na nastavu informatike\u00a0 mislio sam da je to jo\u0161 jedan dosadan predmet i da se nisam trebao upisati. Bojao sam se da su nastavnik ili nastavnica ( budu\u0107i da jo\u0161 nisam znao tko \u0107e nam predavati) jako strogi. Bio sam u drugoj grupi, [&hellip;]<\/p>\n","protected":false},"author":1,"featured_media":0,"parent":85,"menu_order":0,"comment_status":"closed","ping_status":"closed","template":"","meta":[],"_links":{"self":[{"href":"http:\/\/cvrcak-daruvar.com.hr\/index.php?rest_route=\/wp\/v2\/pages\/818"}],"collection":[{"href":"http:\/\/cvrcak-daruvar.com.hr\/index.php?rest_route=\/wp\/v2\/pages"}],"about":[{"href":"http:\/\/cvrcak-daruvar.com.hr\/index.php?rest_route=\/wp\/v2\/types\/page"}],"author":[{"embeddable":true,"href":"http:\/\/cvrcak-daruvar.com.hr\/index.php?rest_route=\/wp\/v2\/users\/1"}],"replies":[{"embeddable":true,"href":"http:\/\/cvrcak-daruvar.com.hr\/index.php?rest_route=%2Fwp%2Fv2%2Fcomments&post=818"}],"version-history":[{"count":2,"href":"http:\/\/cvrcak-daruvar.com.hr\/index.php?rest_route=\/wp\/v2\/pages\/818\/revisions"}],"predecessor-version":[{"id":821,"href":"http:\/\/cvrcak-daruvar.com.hr\/index.php?rest_route=\/wp\/v2\/pages\/818\/revisions\/821"}],"up":[{"embeddable":true,"href":"http:\/\/cvrcak-daruvar.com.hr\/index.php?rest_route=\/wp\/v2\/pages\/85"}],"wp:attachment":[{"href":"http:\/\/cvrcak-daruvar.com.hr\/index.php?rest_route=%2Fwp%2Fv2%2Fmedia&parent=818"}],"curies":[{"name":"wp","href":"https:\/\/api.w.org\/{rel}","templated":true}]}}