{"id":7362,"date":"2023-10-22T19:41:16","date_gmt":"2023-10-22T17:41:16","guid":{"rendered":"http:\/\/cvrcak-daruvar.com.hr\/?page_id=7362"},"modified":"2023-10-22T19:41:16","modified_gmt":"2023-10-22T17:41:16","slug":"eu-skolski-sportski-dan","status":"publish","type":"page","link":"http:\/\/cvrcak-daruvar.com.hr\/?page_id=7362","title":{"rendered":"EU \u0161kolski sportski dan"},"content":{"rendered":"\n<figure class=\"wp-block-image size-full\"><a href=\"http:\/\/cvrcak-daruvar.com.hr\/wp-content\/uploads\/2023\/10\/m_image.jpg\" class=\"gallery_colorbox\"><img decoding=\"async\" loading=\"lazy\" width=\"600\" height=\"277\" src=\"http:\/\/cvrcak-daruvar.com.hr\/wp-content\/uploads\/2023\/10\/m_image.jpg\"  alt=\"\" class=\"wp-image-7363\" srcset=\"http:\/\/cvrcak-daruvar.com.hr\/wp-content\/uploads\/2023\/10\/m_image.jpg 600w, http:\/\/cvrcak-daruvar.com.hr\/wp-content\/uploads\/2023\/10\/m_image-300x139.jpg 300w\" sizes=\"(max-width: 600px) 100vw, 600px\" \/><\/a><\/figure>\n\n\n\n<p>Sport i glazba se ljube! U\u010denici iz P\u0160 V. Nazora Daruvar sudjelovali su 29.9.2023. u me\u0111unarodnom projektu pod nazivom &#8220;Europski \u0161kolski sportski dan&#8221;.\u00a0<\/p>\n\n\n\n<figure class=\"wp-block-image size-full\"><a href=\"http:\/\/cvrcak-daruvar.com.hr\/wp-content\/uploads\/2023\/10\/m_20230929_125357-rotated.jpg\" class=\"gallery_colorbox\"><img decoding=\"async\" loading=\"lazy\" width=\"277\" height=\"600\" src=\"http:\/\/cvrcak-daruvar.com.hr\/wp-content\/uploads\/2023\/10\/m_20230929_125357-rotated.jpg\"  alt=\"\" class=\"wp-image-7364\" srcset=\"http:\/\/cvrcak-daruvar.com.hr\/wp-content\/uploads\/2023\/10\/m_20230929_125357-rotated.jpg 277w, http:\/\/cvrcak-daruvar.com.hr\/wp-content\/uploads\/2023\/10\/m_20230929_125357-139x300.jpg 139w\" sizes=\"(max-width: 277px) 100vw, 277px\" \/><\/a><\/figure>\n\n\n\n<p>Cilj je bio promovirati zdrav na\u010din \u017eivota, tj. biti tjelesno aktivan. U\u010denici su se rado odazvali &#8220;zadacima&#8221;.\u00a0<\/p>\n\n\n\n<figure class=\"wp-block-image size-full\"><a href=\"http:\/\/cvrcak-daruvar.com.hr\/wp-content\/uploads\/2023\/10\/m_b68688f4-dc2b-4787-bf9a-d98caba6aef5.jpg\" class=\"gallery_colorbox\"><img decoding=\"async\" loading=\"lazy\" width=\"600\" height=\"277\" src=\"http:\/\/cvrcak-daruvar.com.hr\/wp-content\/uploads\/2023\/10\/m_b68688f4-dc2b-4787-bf9a-d98caba6aef5.jpg\"  alt=\"\" class=\"wp-image-7365\" srcset=\"http:\/\/cvrcak-daruvar.com.hr\/wp-content\/uploads\/2023\/10\/m_b68688f4-dc2b-4787-bf9a-d98caba6aef5.jpg 600w, http:\/\/cvrcak-daruvar.com.hr\/wp-content\/uploads\/2023\/10\/m_b68688f4-dc2b-4787-bf9a-d98caba6aef5-300x139.jpg 300w\" sizes=\"(max-width: 600px) 100vw, 600px\" \/><\/a><\/figure>\n\n\n\n<p>\u00a0Uz puno smijeha, pjesme i pokreta na\u0161a \u0161kola je postala dio europske kampanje priklju\u010div\u0161i se pokretu #BeActive koji sponzorira Europska komisija. U\u010denici su na nastavi glazbene kulture pjevali, plesali, izvodili tjeloglazbu, a na kraju nastavnog dana 6d i 6e odmjerili su snage u nogometu.<\/p>\n\n\n\n<figure class=\"wp-block-image size-full\"><a href=\"http:\/\/cvrcak-daruvar.com.hr\/wp-content\/uploads\/2023\/10\/m_6bdaa81e-d216-4a94-b3e6-572a6545f6a2.jpg\" class=\"gallery_colorbox\"><img decoding=\"async\" loading=\"lazy\" width=\"600\" height=\"277\" src=\"http:\/\/cvrcak-daruvar.com.hr\/wp-content\/uploads\/2023\/10\/m_6bdaa81e-d216-4a94-b3e6-572a6545f6a2.jpg\"  alt=\"\" class=\"wp-image-7366\" srcset=\"http:\/\/cvrcak-daruvar.com.hr\/wp-content\/uploads\/2023\/10\/m_6bdaa81e-d216-4a94-b3e6-572a6545f6a2.jpg 600w, http:\/\/cvrcak-daruvar.com.hr\/wp-content\/uploads\/2023\/10\/m_6bdaa81e-d216-4a94-b3e6-572a6545f6a2-300x139.jpg 300w\" sizes=\"(max-width: 600px) 100vw, 600px\" \/><\/a><\/figure>\n\n\n\n<figure class=\"wp-block-image size-full\"><a href=\"http:\/\/cvrcak-daruvar.com.hr\/wp-content\/uploads\/2023\/10\/m_20230929_132226.jpg\" class=\"gallery_colorbox\"><img decoding=\"async\" loading=\"lazy\" width=\"600\" height=\"277\" src=\"http:\/\/cvrcak-daruvar.com.hr\/wp-content\/uploads\/2023\/10\/m_20230929_132226.jpg\"  alt=\"\" class=\"wp-image-7367\" srcset=\"http:\/\/cvrcak-daruvar.com.hr\/wp-content\/uploads\/2023\/10\/m_20230929_132226.jpg 600w, http:\/\/cvrcak-daruvar.com.hr\/wp-content\/uploads\/2023\/10\/m_20230929_132226-300x139.jpg 300w\" sizes=\"(max-width: 600px) 100vw, 600px\" \/><\/a><\/figure>\n\n\n\n<p>&nbsp;Kao i uvijek, nije bilo bitno pobijediti, ve\u0107 sudjelovati. Svi su bili pobjednici, i igra\u010di i navija\u010di. U\u010dinili su svom tijelu ne\u0161to dobro. Spojili ugodno s korisnim. Vjerujem da \u0107e se ovaj dan jo\u0161 dugo pamtiti i prepri\u010davati po u\u010dionicama, ali i izvan. Do sljede\u0107e prilike (a to je ve\u0107 sljede\u0107i tjedan):&nbsp;<em><strong>Be active<\/strong><\/em>!<br>mentor: Veronika \u0160piranac&nbsp;<\/p>\n","protected":false},"excerpt":{"rendered":"<p>Sport i glazba se ljube! U\u010denici iz P\u0160 V. Nazora Daruvar sudjelovali su 29.9.2023. u me\u0111unarodnom projektu pod nazivom &#8220;Europski \u0161kolski sportski dan&#8221;.\u00a0 Cilj je bio promovirati zdrav na\u010din \u017eivota, tj. biti tjelesno aktivan. U\u010denici su se rado odazvali &#8220;zadacima&#8221;.\u00a0 \u00a0Uz puno smijeha, pjesme i pokreta na\u0161a \u0161kola je postala dio europske kampanje priklju\u010div\u0161i se [&hellip;]<\/p>\n","protected":false},"author":7,"featured_media":0,"parent":0,"menu_order":0,"comment_status":"closed","ping_status":"closed","template":"","meta":[],"_links":{"self":[{"href":"http:\/\/cvrcak-daruvar.com.hr\/index.php?rest_route=\/wp\/v2\/pages\/7362"}],"collection":[{"href":"http:\/\/cvrcak-daruvar.com.hr\/index.php?rest_route=\/wp\/v2\/pages"}],"about":[{"href":"http:\/\/cvrcak-daruvar.com.hr\/index.php?rest_route=\/wp\/v2\/types\/page"}],"author":[{"embeddable":true,"href":"http:\/\/cvrcak-daruvar.com.hr\/index.php?rest_route=\/wp\/v2\/users\/7"}],"replies":[{"embeddable":true,"href":"http:\/\/cvrcak-daruvar.com.hr\/index.php?rest_route=%2Fwp%2Fv2%2Fcomments&post=7362"}],"version-history":[{"count":1,"href":"http:\/\/cvrcak-daruvar.com.hr\/index.php?rest_route=\/wp\/v2\/pages\/7362\/revisions"}],"predecessor-version":[{"id":7368,"href":"http:\/\/cvrcak-daruvar.com.hr\/index.php?rest_route=\/wp\/v2\/pages\/7362\/revisions\/7368"}],"wp:attachment":[{"href":"http:\/\/cvrcak-daruvar.com.hr\/index.php?rest_route=%2Fwp%2Fv2%2Fmedia&parent=7362"}],"curies":[{"name":"wp","href":"https:\/\/api.w.org\/{rel}","templated":true}]}}