{"id":7146,"date":"2022-12-11T20:47:32","date_gmt":"2022-12-11T19:47:32","guid":{"rendered":"http:\/\/cvrcak-daruvar.com.hr\/?page_id=7146"},"modified":"2022-12-11T20:49:34","modified_gmt":"2022-12-11T19:49:34","slug":"priprema-bozicnih-kolaca","status":"publish","type":"page","link":"http:\/\/cvrcak-daruvar.com.hr\/?page_id=7146","title":{"rendered":"PRIPREMA BO\u017dI\u0106NIH KOLA\u010cA"},"content":{"rendered":"\n<p>&nbsp;&nbsp;&nbsp;&nbsp; Baka Sitili\u0107, gospo\u0111a Meri krenula je pe\u010di bo\u017ei\u0107ne kola\u010de. Sve je bilo spremno osim njih.<\/p>\n\n\n\n<p>&nbsp;&nbsp;&nbsp;&nbsp; Gospo\u0111a Meri tra\u017eila je recept, ali ga nije mogla prona\u0107i. Tra\u017eila je i tra\u017eila. Sjetila se da je recept dala i gospo\u0111i Bo\u017ei\u0107. Meri je oti\u0161la do gospo\u0111e Bo\u017ei\u0107. Ona joj ga je dala, a sada je trebalo i u kupovinu sastojaka. Meri je stigla u trgovinu. Kupila je: mlijeko, jaja, bra\u0161no, kvasac, pra\u0161ak za peciva, \u010dokoladu, mrvice i \u0161lag. Stigla je ku\u0107i i krenula je pe\u0107i. Kada je bila gotova zvala je svoje unuke Petra i Niku da joj pomognu ukra\u0161avati kola\u010de. Svi su zajedno ukra\u0161avali kola\u010de, a usput se i dobro zabavili. Idu\u0107e jutro bio je Bo\u017ei\u0107. Meri je krenula u kuhinju pripremiti kola\u010de. Nije ih bilo. Tra\u017eila je i tra\u017eila, ali uzalud. Pogledala je u pe\u0107nicu i prona\u0161la poruku \u201cDraga bako bili smo jako gladni pa smo ponesli kola\u010de ku\u0107i. PS. Do\u0111i do nas u 17:30 vole te Petar i Nika.\u201d Meri se po\u010dela spremati i kad je pogledala na sat vidjela je da je ve\u0107 17 sati. Krenula je prema Petru i Niki, a kada je stigla vidjela je kako ju cijela obitelj \u010deka s poklonima.<\/p>\n\n\n\n<p>Meri i njezina obitelj cijelu su no\u0107 proveli zajedno, pjevali su pjesme i pri\u010dali pri\u010de.<\/p>\n\n\n\n<p class=\"has-text-align-right\">Tea Bilav\u010di\u0107, 6. d<\/p>\n","protected":false},"excerpt":{"rendered":"<p>&nbsp;&nbsp;&nbsp;&nbsp; Baka Sitili\u0107, gospo\u0111a Meri krenula je pe\u010di bo\u017ei\u0107ne kola\u010de. Sve je bilo spremno osim njih. &nbsp;&nbsp;&nbsp;&nbsp; Gospo\u0111a Meri tra\u017eila je recept, ali ga nije mogla prona\u0107i. Tra\u017eila je i tra\u017eila. Sjetila se da je recept dala i gospo\u0111i Bo\u017ei\u0107. Meri je oti\u0161la do gospo\u0111e Bo\u017ei\u0107. Ona joj ga je dala, a sada je trebalo [&hellip;]<\/p>\n","protected":false},"author":2,"featured_media":0,"parent":0,"menu_order":0,"comment_status":"closed","ping_status":"closed","template":"","meta":[],"_links":{"self":[{"href":"http:\/\/cvrcak-daruvar.com.hr\/index.php?rest_route=\/wp\/v2\/pages\/7146"}],"collection":[{"href":"http:\/\/cvrcak-daruvar.com.hr\/index.php?rest_route=\/wp\/v2\/pages"}],"about":[{"href":"http:\/\/cvrcak-daruvar.com.hr\/index.php?rest_route=\/wp\/v2\/types\/page"}],"author":[{"embeddable":true,"href":"http:\/\/cvrcak-daruvar.com.hr\/index.php?rest_route=\/wp\/v2\/users\/2"}],"replies":[{"embeddable":true,"href":"http:\/\/cvrcak-daruvar.com.hr\/index.php?rest_route=%2Fwp%2Fv2%2Fcomments&post=7146"}],"version-history":[{"count":3,"href":"http:\/\/cvrcak-daruvar.com.hr\/index.php?rest_route=\/wp\/v2\/pages\/7146\/revisions"}],"predecessor-version":[{"id":7151,"href":"http:\/\/cvrcak-daruvar.com.hr\/index.php?rest_route=\/wp\/v2\/pages\/7146\/revisions\/7151"}],"wp:attachment":[{"href":"http:\/\/cvrcak-daruvar.com.hr\/index.php?rest_route=%2Fwp%2Fv2%2Fmedia&parent=7146"}],"curies":[{"name":"wp","href":"https:\/\/api.w.org\/{rel}","templated":true}]}}