{"id":713,"date":"2012-06-12T16:30:51","date_gmt":"2012-06-12T14:30:51","guid":{"rendered":"http:\/\/cvrcak-daruvar.com.hr\/?page_id=713"},"modified":"2012-06-12T16:30:51","modified_gmt":"2012-06-12T14:30:51","slug":"10-godina-nase-podrucne-skole-u-batinjanima","status":"publish","type":"page","link":"http:\/\/cvrcak-daruvar.com.hr\/?page_id=713","title":{"rendered":"10.godina na\u0161e Podru\u010dne \u0161kole u Batinjanima"},"content":{"rendered":"<p>Ovog prolje\u0107e na\u0161a Podru\u010dna \u0161kola slavi 10 godina svog rada i postojanja. Obnovljena je u svibnju 2002.godine, nakon \u0161to je stradala u Domovinskom ratu 1991. i to sredstvima ameri\u010dke vojske,USAID-a i Ministarstva za javne radove,obnovu i graditeljstvo.Uz samo \u0161kolsko dvori\u0161te zemlji\u0161te je bilo minirano. Rotary club Bjelovar,uz pomo\u0107 Lynne Montgomery,supruge biv\u0161eg ameri\u010dkog veleposlanika u Hrvatskoj pokrenuo je akciju razminiranja prostora oko \u0161kole koja je provedena 2002.\/2003.god.<\/p>\n<p>&nbsp;<\/p>\n<p>U\u010denici s ovog podru\u010dja poha\u0111ali su nastavu u dvorazrednim i \u010detverorazrednim kombinacijama ,sudjelovali aktivno u izvannastavnim aktivnostima prire\u0111uju\u0107i priredbe za Bo\u017ei\u0107 i za Dan \u0161kole svake godine. Uklju\u010divali smo se u humanitarne akcije i projekte povodom Dana kruha i zahvalnosti za plodove zemlje.Sudjelovali smo u uskr\u0161njim humanitarnim akcijama Nau\u010dimo dobrotu, u terenskim i izvanu\u010dioni\u010dnim nastavama, \u00a0posjetama kazali\u0161nim i filmskim predstavama..Obilje\u017eavali smo Dane voda,u\u017eivali u jednodnevnim izletima i ekolo\u0161kim sadr\u017eajima povodom Dana planeta Zemlje kad ure\u0111ujemo travnjak i cvijetnjake u \u0161kolskom dvori\u0161tu te spomenik iz Domovinskog rata.<\/p>\n<p>&nbsp;<\/p>\n<p>Ovog prolje\u0107a pokrenuta je akcija za \u010di\u0161\u0107enje prostora iza \u0161kole koji bi slu\u017eili u svrhu sportskih i rekreativnih sadr\u017eaja namijenjenih potrebama u\u010denika osnovne i srednje \u0161kole s ovog podru\u010dja kao i ostalima u interesu zdravlja i kvalitetnog dru\u017eenja.Obratili smo se na\u010delniku i lokalnoj zajednici koji su nam iza\u0161li u susret i po\u010deli ure\u0111ivati prostor za te aktivnosti.Ovom im se prilikom \u017eelimo zahvaliti i nadamo se ostvarenju na\u0161ih zajedni\u010dkih interesa.<\/p>\n","protected":false},"excerpt":{"rendered":"<p>Ovog prolje\u0107e na\u0161a Podru\u010dna \u0161kola slavi 10 godina svog rada i postojanja. Obnovljena je u svibnju 2002.godine, nakon \u0161to je stradala u Domovinskom ratu 1991. i to sredstvima ameri\u010dke vojske,USAID-a i Ministarstva za javne radove,obnovu i graditeljstvo.Uz samo \u0161kolsko dvori\u0161te zemlji\u0161te je bilo minirano. Rotary club Bjelovar,uz pomo\u0107 Lynne Montgomery,supruge biv\u0161eg ameri\u010dkog veleposlanika u Hrvatskoj [&hellip;]<\/p>\n","protected":false},"author":1,"featured_media":0,"parent":827,"menu_order":0,"comment_status":"closed","ping_status":"closed","template":"","meta":[],"_links":{"self":[{"href":"http:\/\/cvrcak-daruvar.com.hr\/index.php?rest_route=\/wp\/v2\/pages\/713"}],"collection":[{"href":"http:\/\/cvrcak-daruvar.com.hr\/index.php?rest_route=\/wp\/v2\/pages"}],"about":[{"href":"http:\/\/cvrcak-daruvar.com.hr\/index.php?rest_route=\/wp\/v2\/types\/page"}],"author":[{"embeddable":true,"href":"http:\/\/cvrcak-daruvar.com.hr\/index.php?rest_route=\/wp\/v2\/users\/1"}],"replies":[{"embeddable":true,"href":"http:\/\/cvrcak-daruvar.com.hr\/index.php?rest_route=%2Fwp%2Fv2%2Fcomments&post=713"}],"version-history":[{"count":2,"href":"http:\/\/cvrcak-daruvar.com.hr\/index.php?rest_route=\/wp\/v2\/pages\/713\/revisions"}],"predecessor-version":[{"id":2998,"href":"http:\/\/cvrcak-daruvar.com.hr\/index.php?rest_route=\/wp\/v2\/pages\/713\/revisions\/2998"}],"up":[{"embeddable":true,"href":"http:\/\/cvrcak-daruvar.com.hr\/index.php?rest_route=\/wp\/v2\/pages\/827"}],"wp:attachment":[{"href":"http:\/\/cvrcak-daruvar.com.hr\/index.php?rest_route=%2Fwp%2Fv2%2Fmedia&parent=713"}],"curies":[{"name":"wp","href":"https:\/\/api.w.org\/{rel}","templated":true}]}}