{"id":7109,"date":"2022-12-11T20:13:57","date_gmt":"2022-12-11T19:13:57","guid":{"rendered":"http:\/\/cvrcak-daruvar.com.hr\/?page_id=7109"},"modified":"2022-12-11T20:13:57","modified_gmt":"2022-12-11T19:13:57","slug":"jedan-dan-u-vukovaru-2","status":"publish","type":"page","link":"http:\/\/cvrcak-daruvar.com.hr\/?page_id=7109","title":{"rendered":"JEDAN DAN U VUKOVARU"},"content":{"rendered":"\n<pre class=\"wp-block-verse\">U Vukovar svatko treba do\u0107i, \r\ni njegovim ulicama u Koloni sje\u0107anja pro\u0107i. \r\nGrad simbol na Dunavu gordo stoji, \r\nuspomene i sje\u0107anja tu\u017eno broji.  \r\n \r\nTuga zbog razaranja i patnje ne prolaze, \r\niako novi ljudi i nova vremena dolaze. \r\nKao na dlanu, ni\u017eu se \u017eivopisne slike, \r\nno Vukovar jo\u0161 uvijek lije\u010di svoje o\u017eiljke.  \r\n \r\nNa Trpinjskoj cesti osje\u0107a se puno boli \r\ndok na Memorijalnom groblju ne\u010dija majka pla\u010de i moli. \r\nDok Vodotoranj svojom pojavom oduzima dah, \r\nMuzej ratne bolnice mami tu\u017eni uzdah. \r\n \r\nVukovaru su uzeli sve osim du\u0161e, \r\nratni vjetrovi \u0161to sve pred sobom ru\u0161e. \r\nNo, ranjeni junak i dalje \u0161iri svoje ruke, \r\nusprkos moru patnje, stradanja i muke. \r\n \r\nProvesti u Vukovaru jedan dan, \r\nnikada ne\u0107e biti dovoljan. \r\nDa vidimo i shvatimo \u0161to nam \u017eeli re\u0107i, \r\novaj nijemi heroj o svom \u017eivotu i sre\u0107i.  \r\n<\/pre>\n\n\n\n<p class=\"has-text-align-right\">Lana Hohnjec, 7.b\u00a0<\/p>\n","protected":false},"excerpt":{"rendered":"<p>U Vukovar svatko treba do\u0107i, i njegovim ulicama u Koloni sje\u0107anja pro\u0107i. Grad simbol na Dunavu gordo stoji, uspomene i sje\u0107anja tu\u017eno broji. Tuga zbog razaranja i patnje ne prolaze, iako novi ljudi i nova vremena dolaze. Kao na dlanu, ni\u017eu se \u017eivopisne slike, no Vukovar jo\u0161 uvijek lije\u010di svoje o\u017eiljke. Na Trpinjskoj cesti osje\u0107a [&hellip;]<\/p>\n","protected":false},"author":2,"featured_media":0,"parent":0,"menu_order":0,"comment_status":"closed","ping_status":"closed","template":"","meta":[],"_links":{"self":[{"href":"http:\/\/cvrcak-daruvar.com.hr\/index.php?rest_route=\/wp\/v2\/pages\/7109"}],"collection":[{"href":"http:\/\/cvrcak-daruvar.com.hr\/index.php?rest_route=\/wp\/v2\/pages"}],"about":[{"href":"http:\/\/cvrcak-daruvar.com.hr\/index.php?rest_route=\/wp\/v2\/types\/page"}],"author":[{"embeddable":true,"href":"http:\/\/cvrcak-daruvar.com.hr\/index.php?rest_route=\/wp\/v2\/users\/2"}],"replies":[{"embeddable":true,"href":"http:\/\/cvrcak-daruvar.com.hr\/index.php?rest_route=%2Fwp%2Fv2%2Fcomments&post=7109"}],"version-history":[{"count":1,"href":"http:\/\/cvrcak-daruvar.com.hr\/index.php?rest_route=\/wp\/v2\/pages\/7109\/revisions"}],"predecessor-version":[{"id":7110,"href":"http:\/\/cvrcak-daruvar.com.hr\/index.php?rest_route=\/wp\/v2\/pages\/7109\/revisions\/7110"}],"wp:attachment":[{"href":"http:\/\/cvrcak-daruvar.com.hr\/index.php?rest_route=%2Fwp%2Fv2%2Fmedia&parent=7109"}],"curies":[{"name":"wp","href":"https:\/\/api.w.org\/{rel}","templated":true}]}}