{"id":7100,"date":"2022-12-11T20:07:30","date_gmt":"2022-12-11T19:07:30","guid":{"rendered":"http:\/\/cvrcak-daruvar.com.hr\/?page_id=7100"},"modified":"2022-12-11T20:07:30","modified_gmt":"2022-12-11T19:07:30","slug":"vukovar","status":"publish","type":"page","link":"http:\/\/cvrcak-daruvar.com.hr\/?page_id=7100","title":{"rendered":"Vukovar"},"content":{"rendered":"\n<pre class=\"wp-block-verse\">Vukovar... herojski grad. \r\nPoginulo je puno hrabrih ljudi. \r\n \r\nVodotoranj velika je uspomena na ono\r\n\u0161to se tome gradu dogodilo. \r\nTu\u0111e snage sru\u0161it su ga htjele \r\nali nisu uspjele. \r\nMnoge \u017ertve \r\nza njega su pale, \r\ni njemu \u017eivot dale. \r\n \r\n\u017divi vje\u010dno  \r\nherojski grade!\r\nNeka cijeli svijet \r\nza tebe znade! \r\n<\/pre>\n\n\n\n<p class=\"has-text-align-right\">Evan Kru\u0161inski, 7.b<\/p>\n","protected":false},"excerpt":{"rendered":"<p>Vukovar&#8230; herojski grad. Poginulo je puno hrabrih ljudi. Vodotoranj velika je uspomena na ono \u0161to se tome gradu dogodilo. Tu\u0111e snage sru\u0161it su ga htjele ali nisu uspjele. Mnoge \u017ertve za njega su pale, i njemu \u017eivot dale. \u017divi vje\u010dno herojski grade! Neka cijeli svijet za tebe znade! Evan Kru\u0161inski, 7.b<\/p>\n","protected":false},"author":2,"featured_media":0,"parent":0,"menu_order":0,"comment_status":"closed","ping_status":"closed","template":"","meta":[],"_links":{"self":[{"href":"http:\/\/cvrcak-daruvar.com.hr\/index.php?rest_route=\/wp\/v2\/pages\/7100"}],"collection":[{"href":"http:\/\/cvrcak-daruvar.com.hr\/index.php?rest_route=\/wp\/v2\/pages"}],"about":[{"href":"http:\/\/cvrcak-daruvar.com.hr\/index.php?rest_route=\/wp\/v2\/types\/page"}],"author":[{"embeddable":true,"href":"http:\/\/cvrcak-daruvar.com.hr\/index.php?rest_route=\/wp\/v2\/users\/2"}],"replies":[{"embeddable":true,"href":"http:\/\/cvrcak-daruvar.com.hr\/index.php?rest_route=%2Fwp%2Fv2%2Fcomments&post=7100"}],"version-history":[{"count":1,"href":"http:\/\/cvrcak-daruvar.com.hr\/index.php?rest_route=\/wp\/v2\/pages\/7100\/revisions"}],"predecessor-version":[{"id":7101,"href":"http:\/\/cvrcak-daruvar.com.hr\/index.php?rest_route=\/wp\/v2\/pages\/7100\/revisions\/7101"}],"wp:attachment":[{"href":"http:\/\/cvrcak-daruvar.com.hr\/index.php?rest_route=%2Fwp%2Fv2%2Fmedia&parent=7100"}],"curies":[{"name":"wp","href":"https:\/\/api.w.org\/{rel}","templated":true}]}}