{"id":7087,"date":"2022-12-11T19:52:02","date_gmt":"2022-12-11T18:52:02","guid":{"rendered":"http:\/\/cvrcak-daruvar.com.hr\/?page_id=7087"},"modified":"2022-12-11T19:53:22","modified_gmt":"2022-12-11T18:53:22","slug":"prica-jesenskog-sesira-2","status":"publish","type":"page","link":"http:\/\/cvrcak-daruvar.com.hr\/?page_id=7087","title":{"rendered":"Pri\u010da jesenskog \u0161e\u0161ira"},"content":{"rendered":"\n<div class=\"wp-block-image\"><figure class=\"aligncenter size-full\"><a href=\"http:\/\/cvrcak-daruvar.com.hr\/wp-content\/uploads\/2022\/12\/m_IMG_20221123_092921-rotated.jpg\" class=\"gallery_colorbox\"><img decoding=\"async\" loading=\"lazy\" width=\"600\" height=\"450\" src=\"http:\/\/cvrcak-daruvar.com.hr\/wp-content\/uploads\/2022\/12\/m_IMG_20221123_092921-rotated.jpg\"  alt=\"\" class=\"wp-image-7090\" srcset=\"http:\/\/cvrcak-daruvar.com.hr\/wp-content\/uploads\/2022\/12\/m_IMG_20221123_092921-rotated.jpg 600w, http:\/\/cvrcak-daruvar.com.hr\/wp-content\/uploads\/2022\/12\/m_IMG_20221123_092921-300x225.jpg 300w\" sizes=\"(max-width: 600px) 100vw, 600px\" \/><\/a><\/figure><\/div>\n\n\n\n<p>Pri\u010da jesenskog \u0161e\u0161ira je projekt nastave Hrvatskoga jezika na kojem su sudjelovali u\u010denici 5.a razreda.<br>U\u010denici su bili vrlo vrijedni i zaposleni te su cijeli studeni skupljali jesenske plodove i li\u0161\u0107e kojim su ukrasili \u0161e\u0161ire. Uz svoje \u0161e\u0161ire u\u010denici su ispripovijedali i prekrasne pri\u010de tako su \u0161e\u0161iri, o\u017eivljeni imenima, putovali poljanama, \u0161umama, livadama, gradovima\u2026 a putem su se i sprijateljila s raznim \u0161umskim \u017eivotinjama.<br>Neke pri\u010de i fotografije donosimo u nastavku.<\/p>\n\n\n\n<p class=\"has-text-align-right\">Lana Borjan, prof.<\/p>\n\n\n\n<div class=\"wp-block-image is-style-rounded\"><figure class=\"aligncenter size-full\"><a href=\"http:\/\/cvrcak-daruvar.com.hr\/wp-content\/uploads\/2022\/12\/MicrosoftTeams-image.png\" class=\"gallery_colorbox\"><img decoding=\"async\" loading=\"lazy\" width=\"1006\" height=\"738\" src=\"http:\/\/cvrcak-daruvar.com.hr\/wp-content\/uploads\/2022\/12\/MicrosoftTeams-image.png\"  alt=\"\" class=\"wp-image-7088\" srcset=\"http:\/\/cvrcak-daruvar.com.hr\/wp-content\/uploads\/2022\/12\/MicrosoftTeams-image.png 1006w, http:\/\/cvrcak-daruvar.com.hr\/wp-content\/uploads\/2022\/12\/MicrosoftTeams-image-300x220.png 300w, http:\/\/cvrcak-daruvar.com.hr\/wp-content\/uploads\/2022\/12\/MicrosoftTeams-image-768x563.png 768w\" sizes=\"(max-width: 1006px) 100vw, 1006px\" \/><\/a><\/figure><\/div>\n\n\n\n<p>Jesenski \u0161e\u0161ir Jesenko<\/p>\n\n\n\n<p>Bok! Ja sam \u0161e\u0161iri\u0107 Jesenko. Pripadam jednoj djevoj\u010dici Vivien.&nbsp;<\/p>\n\n\n\n<p>napravila me za projekt u \u0161koli. Napravljen sam od kartona. Ukrasila me li\u0161\u0107em, \u010de\u0161erima, \u017eirovima, je\u017ei\u0107ima i vjevericama koje je kupila u Tedi-u. Sve je bilo odli\u010dno i na kraju sam izgledao fantasti\u010dno!<\/p>\n\n\n\n<p>Stavila me na radni stol do otvorenog prozora, \u0161to nije bila ba\u0161 dobra ideja. Nakon nekoliko minuta vjetar je zapuhao i odnio me. Tako je jako po\u010deo puhati da sam uletio u \u0161umu i zabio se u drvo. U \u0161umi je manje puhalo, ali kada bi ja\u010de zapuhalo, odnijelo bi me unatrag 2 do 3 metra.<br>Ugledao sam medvjeda. Zaledio sam se od straha. Medo je zakora\u010dio prema meni i po\u010deo sam se tresti. Rekao sam si: \u201eOvo je kraj, gotov sam\u201c! Medo je ispru\u017eio \u0161ape, a ja sam zatvorio o\u010di. Glatkim i mekanim \u0161apama stavio me na glavu. Sretan i zbunjen ostao sam gledati. Medo je krenuo \u0161umom sa mnom na glavi \u2013 bilo mi je lijepo. Vidio sam lisicu, vjeverice i pti\u010dice.<\/p>\n\n\n\n<p>No, vjetar se vratio i otpuhao me s medine glave, pa sam nastavio putovati putem vjetra. Iznenada, na\u0161ao sam se u nekakvom parku ispod klupe. \u201eDra\u017ea mi je \u0161uma\u201c, pomislih. Djeca vi\u010du, vri\u0161te, pla\u010du.<br>&nbsp;O ne! Neko dijete me prona\u0161lo! Jaoooo! Sad me jo\u0161 bacilo na kamenje! Nedostaje mi topli i udobni stan djevoj\u010dice Vivien. Ona je sada sigurno tu\u017ena. Ljut sam na vjetar, ali evo njega opet! Ovo mi je ve\u0107 dosadilo. Auch! Zapeo sam na stablu, velikom, bodljikavom stablu! Stanovnici su prolazili, ali me nitko nije primijetio. Spustila se no\u0107, a ja sam zaspao. Ujutro, sav jadan gledao sam ljude kako \u017eure na posao. U jednom trenutku ugledao sam Vivien, a ona je ugledala mene. Odmah me oslobodila i ponijela u \u0161kolu.&nbsp;<br>Na nastavi je prezentirala najbolje do sada!<\/p>\n\n\n\n<p class=\"has-text-align-right\">Vivien Holubek, 5.a&nbsp;<\/p>\n\n\n\n<div class=\"wp-block-image\"><figure class=\"aligncenter size-full\"><a href=\"http:\/\/cvrcak-daruvar.com.hr\/wp-content\/uploads\/2022\/12\/m_IMG_20221123_092757.jpg\" class=\"gallery_colorbox\"><img decoding=\"async\" loading=\"lazy\" width=\"600\" height=\"450\" src=\"http:\/\/cvrcak-daruvar.com.hr\/wp-content\/uploads\/2022\/12\/m_IMG_20221123_092757.jpg\"  alt=\"\" class=\"wp-image-7091\" srcset=\"http:\/\/cvrcak-daruvar.com.hr\/wp-content\/uploads\/2022\/12\/m_IMG_20221123_092757.jpg 600w, http:\/\/cvrcak-daruvar.com.hr\/wp-content\/uploads\/2022\/12\/m_IMG_20221123_092757-300x225.jpg 300w\" sizes=\"(max-width: 600px) 100vw, 600px\" \/><\/a><\/figure><\/div>\n\n\n\n<p><strong>JESENSKI&nbsp; \u0160E\u0160IR&nbsp; JESENKO<\/strong><\/p>\n\n\n\n<p>Zovem se Jesenko, dolazim iz mjesta koje se zove \u0160e\u0161irkograd. Moj vlasnik zove se Jan i on je policajac.<br>Prilikom jedne policijske akcije nosio me na glavi. Zajedno smo tra\u017eili lopova, pronalazili razne tragove, ali nikako ga nismo mogli prona\u0107i. Odjednom smo \u010duli \u0161u\u0161kanje iza na\u0161ih le\u0111a. Bio je to lopov!<br>U tom trenutku lopov me pogodio plodom drveta posred glave. Pao sam s Janove glave u gusto li\u0161\u0107e koje se uhvatilo za mene i nije me pu\u0161talo. Nakon nekoliko trenutaka vlasnik me prona\u0161ao i ponovo stavio na svoju glavu. Bio je odu\u0161evljen mojim novim ukrasima.<br>Plod drveta je i dalje ostao na meni, ali mi nije smetao jer mi je ostao kao uspomena na ovaj jesenski dan.<\/p>\n\n\n\n<p class=\"has-text-align-right\">&nbsp;&nbsp;&nbsp;&nbsp;&nbsp;&nbsp;Marko Urbanek, 5.a<\/p>\n\n\n\n<div class=\"wp-block-image\"><figure class=\"aligncenter size-full\"><a href=\"http:\/\/cvrcak-daruvar.com.hr\/wp-content\/uploads\/2022\/12\/m_IMG_20221123_092949.jpg\" class=\"gallery_colorbox\"><img decoding=\"async\" loading=\"lazy\" width=\"600\" height=\"450\" src=\"http:\/\/cvrcak-daruvar.com.hr\/wp-content\/uploads\/2022\/12\/m_IMG_20221123_092949.jpg\"  alt=\"\" class=\"wp-image-7092\" srcset=\"http:\/\/cvrcak-daruvar.com.hr\/wp-content\/uploads\/2022\/12\/m_IMG_20221123_092949.jpg 600w, http:\/\/cvrcak-daruvar.com.hr\/wp-content\/uploads\/2022\/12\/m_IMG_20221123_092949-300x225.jpg 300w\" sizes=\"(max-width: 600px) 100vw, 600px\" \/><\/a><\/figure><\/div>\n","protected":false},"excerpt":{"rendered":"<p>Pri\u010da jesenskog \u0161e\u0161ira je projekt nastave Hrvatskoga jezika na kojem su sudjelovali u\u010denici 5.a razreda.U\u010denici su bili vrlo vrijedni i zaposleni te su cijeli studeni skupljali jesenske plodove i li\u0161\u0107e kojim su ukrasili \u0161e\u0161ire. Uz svoje \u0161e\u0161ire u\u010denici su ispripovijedali i prekrasne pri\u010de tako su \u0161e\u0161iri, o\u017eivljeni imenima, putovali poljanama, \u0161umama, livadama, gradovima\u2026 a putem [&hellip;]<\/p>\n","protected":false},"author":2,"featured_media":0,"parent":0,"menu_order":0,"comment_status":"closed","ping_status":"closed","template":"","meta":[],"_links":{"self":[{"href":"http:\/\/cvrcak-daruvar.com.hr\/index.php?rest_route=\/wp\/v2\/pages\/7087"}],"collection":[{"href":"http:\/\/cvrcak-daruvar.com.hr\/index.php?rest_route=\/wp\/v2\/pages"}],"about":[{"href":"http:\/\/cvrcak-daruvar.com.hr\/index.php?rest_route=\/wp\/v2\/types\/page"}],"author":[{"embeddable":true,"href":"http:\/\/cvrcak-daruvar.com.hr\/index.php?rest_route=\/wp\/v2\/users\/2"}],"replies":[{"embeddable":true,"href":"http:\/\/cvrcak-daruvar.com.hr\/index.php?rest_route=%2Fwp%2Fv2%2Fcomments&post=7087"}],"version-history":[{"count":2,"href":"http:\/\/cvrcak-daruvar.com.hr\/index.php?rest_route=\/wp\/v2\/pages\/7087\/revisions"}],"predecessor-version":[{"id":7095,"href":"http:\/\/cvrcak-daruvar.com.hr\/index.php?rest_route=\/wp\/v2\/pages\/7087\/revisions\/7095"}],"wp:attachment":[{"href":"http:\/\/cvrcak-daruvar.com.hr\/index.php?rest_route=%2Fwp%2Fv2%2Fmedia&parent=7087"}],"curies":[{"name":"wp","href":"https:\/\/api.w.org\/{rel}","templated":true}]}}