{"id":6864,"date":"2022-06-16T20:30:00","date_gmt":"2022-06-16T18:30:00","guid":{"rendered":"http:\/\/cvrcak-daruvar.com.hr\/?page_id=6864"},"modified":"2022-06-16T20:30:00","modified_gmt":"2022-06-16T18:30:00","slug":"putujem-drzavama-sjeverne-europe-zamisljeni-putopis","status":"publish","type":"page","link":"http:\/\/cvrcak-daruvar.com.hr\/?page_id=6864","title":{"rendered":"PUTUJEM DR\u017dAVAMA SJEVERNE EUROPE (zami\u0161ljeni putopis)"},"content":{"rendered":"\n<p>Odlu\u010dio sam posjetiti neke dr\u017eave sjeverne Europe.<\/p>\n\n\n\n<p>&nbsp;&nbsp;&nbsp;&nbsp;&nbsp;&nbsp;&nbsp;&nbsp;&nbsp; Avionom sam odletio do Litve i posjetio grad Vilnius. Nisam se dugo zadr\u017eao u Litvi jer sam nastavio svoje putovanje prema Latviji. Tamo sam bio dva dana i posjetio grad Liepaja na obali Balti\u010dkog mora. Nakon Latvije do\u0161la je na red Estonija. Provodio sam vrijeme na njezinim obalama. Bilo je lijepo, ali morao sam napustiti predivne obale jer me je \u010dekala Finska. Nakon leta stigao sam u grad Nokia. Razgledavao sam grad tijekom vo\u017enje autobusom. Do\u0161lo je vrijeme da se ukrcam na brod i odem u \u0160vedsku. Kad sam stigao,&nbsp; posjetio sam grad Stockholm. Zatim sam sjeo u autobus i preko Oresundskog mosta stigao u Dansku. Morao sam brzo napustiti Dansku jer sam imao let za Norve\u0161ku. Stigao sam u Oslo i bio tamo dva dana. Razgledavao sam grad i ukrcao se na brod. Do\u0161ao sam na Island. Tamo sam bio jedan dan.<\/p>\n\n\n\n<p>&nbsp;&nbsp;&nbsp;&nbsp;&nbsp;&nbsp;&nbsp;&nbsp;&nbsp; Bilo je lijepo, ali je ubrzo do\u0161lo vrijeme za povratak ku\u0107i. Sjeo sam na avion i sretno stigao u Hrvatsku.<\/p>\n\n\n\n<p class=\"has-text-align-right\">Leonardo Kani\u017eaj, 7.b<\/p>\n\n\n\n<p><\/p>\n","protected":false},"excerpt":{"rendered":"<p>Odlu\u010dio sam posjetiti neke dr\u017eave sjeverne Europe. &nbsp;&nbsp;&nbsp;&nbsp;&nbsp;&nbsp;&nbsp;&nbsp;&nbsp; Avionom sam odletio do Litve i posjetio grad Vilnius. Nisam se dugo zadr\u017eao u Litvi jer sam nastavio svoje putovanje prema Latviji. Tamo sam bio dva dana i posjetio grad Liepaja na obali Balti\u010dkog mora. Nakon Latvije do\u0161la je na red Estonija. Provodio sam vrijeme na njezinim [&hellip;]<\/p>\n","protected":false},"author":2,"featured_media":0,"parent":0,"menu_order":0,"comment_status":"closed","ping_status":"closed","template":"","meta":[],"_links":{"self":[{"href":"http:\/\/cvrcak-daruvar.com.hr\/index.php?rest_route=\/wp\/v2\/pages\/6864"}],"collection":[{"href":"http:\/\/cvrcak-daruvar.com.hr\/index.php?rest_route=\/wp\/v2\/pages"}],"about":[{"href":"http:\/\/cvrcak-daruvar.com.hr\/index.php?rest_route=\/wp\/v2\/types\/page"}],"author":[{"embeddable":true,"href":"http:\/\/cvrcak-daruvar.com.hr\/index.php?rest_route=\/wp\/v2\/users\/2"}],"replies":[{"embeddable":true,"href":"http:\/\/cvrcak-daruvar.com.hr\/index.php?rest_route=%2Fwp%2Fv2%2Fcomments&post=6864"}],"version-history":[{"count":1,"href":"http:\/\/cvrcak-daruvar.com.hr\/index.php?rest_route=\/wp\/v2\/pages\/6864\/revisions"}],"predecessor-version":[{"id":6865,"href":"http:\/\/cvrcak-daruvar.com.hr\/index.php?rest_route=\/wp\/v2\/pages\/6864\/revisions\/6865"}],"wp:attachment":[{"href":"http:\/\/cvrcak-daruvar.com.hr\/index.php?rest_route=%2Fwp%2Fv2%2Fmedia&parent=6864"}],"curies":[{"name":"wp","href":"https:\/\/api.w.org\/{rel}","templated":true}]}}