{"id":6841,"date":"2022-06-14T21:04:49","date_gmt":"2022-06-14T19:04:49","guid":{"rendered":"http:\/\/cvrcak-daruvar.com.hr\/?page_id=6841"},"modified":"2022-06-14T21:04:49","modified_gmt":"2022-06-14T19:04:49","slug":"izlet-1-razreda","status":"publish","type":"page","link":"http:\/\/cvrcak-daruvar.com.hr\/?page_id=6841","title":{"rendered":"Izlet 1. razreda"},"content":{"rendered":"\n<p>U\u010denici prvih razreda na\u0161e \u0161kole su u ponedjeljak 13.6.2022. bili na jednodnevnom izletu u Na\u0161i\u010dkom Markovcu i Vi\u0161njici.<\/p>\n\n\n\n<p>Po dolasku u Na\u0161i\u010dki Markovac posjetili su i obi\u0161li zoolo\u0161ki vrt obitelji Bizik gdje se nalazi preko 90 vrsta \u017eivotinja iz cijelog svijeta. Nastavili su put&nbsp; prema Pustari Vi\u0161njici, poznatoj ergeli konja te eko vrta. Razgled uz stru\u010dno vodstvo. U\u010denici su imali mogu\u0107nost jahanja te &nbsp;na igranje na dje\u010djem igrali\u0161tu.<\/p>\n\n\n\n<p>U popodnevnim satima krenuli su\u00a0ku\u0107i. Vratili su\u00a0se zadovoljni te puni dojmova.<\/p>\n\n\n\n<figure class=\"wp-block-image\"><img decoding=\"async\" src=\"http:\/\/os-vnazora-daruvar.skole.hr\/upload\/os-vnazora-daruvar\/images\/newsimg\/7321\/Image\/Nada%201.a.jpg\" alt=\"\"\/><figcaption>1.a<\/figcaption><\/figure>\n\n\n\n<figure class=\"wp-block-image\"><img decoding=\"async\" src=\"http:\/\/os-vnazora-daruvar.skole.hr\/upload\/os-vnazora-daruvar\/images\/newsimg\/7321\/Image\/Inda%201.c.jpg\" alt=\"\"\/><figcaption>1.c<\/figcaption><\/figure>\n\n\n\n<figure class=\"wp-block-image\"><img decoding=\"async\" src=\"http:\/\/os-vnazora-daruvar.skole.hr\/upload\/os-vnazora-daruvar\/images\/newsimg\/7321\/Image\/1.d.jpg\" alt=\"\"\/><figcaption>1.d<\/figcaption><\/figure>\n\n\n\n<figure class=\"wp-block-image\"><img decoding=\"async\" src=\"http:\/\/os-vnazora-daruvar.skole.hr\/upload\/os-vnazora-daruvar\/images\/newsimg\/7321\/Image\/1d.jpg\" alt=\"\"\/><figcaption>1.d<\/figcaption><\/figure>\n","protected":false},"excerpt":{"rendered":"<p>U\u010denici prvih razreda na\u0161e \u0161kole su u ponedjeljak 13.6.2022. bili na jednodnevnom izletu u Na\u0161i\u010dkom Markovcu i Vi\u0161njici. Po dolasku u Na\u0161i\u010dki Markovac posjetili su i obi\u0161li zoolo\u0161ki vrt obitelji Bizik gdje se nalazi preko 90 vrsta \u017eivotinja iz cijelog svijeta. Nastavili su put&nbsp; prema Pustari Vi\u0161njici, poznatoj ergeli konja te eko vrta. Razgled uz [&hellip;]<\/p>\n","protected":false},"author":6,"featured_media":0,"parent":0,"menu_order":0,"comment_status":"closed","ping_status":"closed","template":"","meta":[],"_links":{"self":[{"href":"http:\/\/cvrcak-daruvar.com.hr\/index.php?rest_route=\/wp\/v2\/pages\/6841"}],"collection":[{"href":"http:\/\/cvrcak-daruvar.com.hr\/index.php?rest_route=\/wp\/v2\/pages"}],"about":[{"href":"http:\/\/cvrcak-daruvar.com.hr\/index.php?rest_route=\/wp\/v2\/types\/page"}],"author":[{"embeddable":true,"href":"http:\/\/cvrcak-daruvar.com.hr\/index.php?rest_route=\/wp\/v2\/users\/6"}],"replies":[{"embeddable":true,"href":"http:\/\/cvrcak-daruvar.com.hr\/index.php?rest_route=%2Fwp%2Fv2%2Fcomments&post=6841"}],"version-history":[{"count":1,"href":"http:\/\/cvrcak-daruvar.com.hr\/index.php?rest_route=\/wp\/v2\/pages\/6841\/revisions"}],"predecessor-version":[{"id":6842,"href":"http:\/\/cvrcak-daruvar.com.hr\/index.php?rest_route=\/wp\/v2\/pages\/6841\/revisions\/6842"}],"wp:attachment":[{"href":"http:\/\/cvrcak-daruvar.com.hr\/index.php?rest_route=%2Fwp%2Fv2%2Fmedia&parent=6841"}],"curies":[{"name":"wp","href":"https:\/\/api.w.org\/{rel}","templated":true}]}}