{"id":6824,"date":"2022-06-08T11:47:17","date_gmt":"2022-06-08T09:47:17","guid":{"rendered":"http:\/\/cvrcak-daruvar.com.hr\/?page_id=6824"},"modified":"2022-06-08T11:55:30","modified_gmt":"2022-06-08T09:55:30","slug":"nikada-ne-bih-vjerovao-da","status":"publish","type":"page","link":"http:\/\/cvrcak-daruvar.com.hr\/?page_id=6824","title":{"rendered":"Nikada ne bih vjerovao, da\u2026"},"content":{"rendered":"\n<p>Zovem se Rodrigo Carlevaro. Obi\u010dan sam sredovje\u010dni mu\u0161karac. \u017divim u Madridu. Radim kao privatni detektiv ve\u0107 petnaest godina. Da mi je netko prije dvije godine rekao da postoje duhovi, paralelni svjetovi i magija ne bih mu povjerovao. Ali nakon onoga \u0161to mi se dogodilo, definitivno u to vjerujem.<\/p>\n\n\n\n<p>Moj dan je po\u010deo kao i svaki drugi dan. Uzeo sam svoju kavu i sjeo na svoj udobni, ko\u017eni stolac u svom uredu. Mnogo je dana znalo pro\u0107i bez da me itko unajmi da ne\u0161to istra\u017eim. Mislio sam da \u0107e ovo biti jedan od tih dana. No, ba\u0161 kad sam krenuo baciti kartonsku \u010da\u0161u u ko\u0161 za sme\u0107e, kroz vrata mog ureda munjevito je uletio Diego Iglesias. On je bio kustos muzeja koji se nalazio dvije ulice dalje. S lica su mu se slijevali gra\u0161ci znoja.&nbsp; Kad je do\u0161ao do daha, rekao mi je:&nbsp;<\/p>\n\n\n\n<p>-Molim te, do\u0111i!<\/p>\n\n\n\n<p>Izgledao je kao da je vidio duha. Kad sam s njim do\u0161ao do muzeja, odveo me ravno na odjel sa starim knjigama. Nasred prostorije stajala je vitrina s knjigom koja je izgledala mnogo starije od ostalih. Na njezinim otvorenim stranicama pisao je neki tekst i to na jeziku i pismu koje nikad u \u017eivotu nisam vidio. Izgledalo je kao neka vrsta egipatskih hijeroglifa.&nbsp;<\/p>\n\n\n\n<p>-Tu knjigu smo u muzej dobili prije koji tjedan. Ne znamo gotovo ni\u0161ta o njoj. Jedino \u0161to smo uspjeli saznati je to da je knjiga prona\u0111ena u grobnici nekog nepoznatog egipatskog faraona- rekao je Diego vrlo slu\u017ebeno i smireno.&nbsp;<\/p>\n\n\n\n<p>-Ne vidim razlog za\u0161to si me zvao? Je li ne\u0161to ukradeno? -upitao sam.<\/p>\n\n\n\n<p>-Dobili smo jednu uputu od ljudi koji su nam dostavili tu knjigu. Rekli su nam da je ni pod koju cijenu ne otvaramo \u2013 zgro\u017eeno je rekao Diego.&nbsp;<\/p>\n\n\n\n<p>-Danas sam otvaraju\u0107i vrata muzeja kao i svaki dan otkad smo dobili knjigu, oti\u0161ao provjeriti je li na mjestu. Ne mo\u017ee\u0161 ni zamisliti kakav sam strah osjetio kada sam ju ugledao otvorenu. To nije mogao biti ni jedan od \u010duvara jer nemaju klju\u010deve vitrina \u2013 zaprepa\u0161teno je rekao Diego.&nbsp;<\/p>\n\n\n\n<p>-Ne vjeruje\u0161 li valjda u duhove? -podrugljivo sam ga upitao.<\/p>\n\n\n\n<p>-Sigurno postoji razumno obja\u0161njenje za sve to. Jam\u010dim ti da \u0107e za&nbsp; tri dana sve biti rije\u0161eno, a krivac ka\u017enjen \u2013 rekao sam \u0161to sam mogao sigurnije.&nbsp;<\/p>\n\n\n\n<p>\u010cim sam se sam vratio natrag u ured, po\u010deo sam istra\u017eivati sve o egipatskim faraonima. Nakon nekoliko sati pretra\u017eivanja knjiga u svojoj skromnoj biblioteci, prona\u0161ao sam zanimljiv podatak. Faraon kojeg je Diego spominjao vjerojatno se zvao Ahmeton. Zapisi o njemu su vrlo rijetki, ali se u nekoliko izvora spominje da je bio grozan vladar i tiranin. Tako\u0111er sam pro\u010ditao da je bio toliko zloban da ga je vlastiti vezir dao na prijevaru \u010darobnim rije\u010dima zatvoriti u knjigu koja je pokopana u grobnicu koja je bila predvi\u0111ena za njega. Svi koji su znali lokaciju grobnice ubijeni su da ne bi ni na koji na\u010din poku\u0161ali vratiti Ahmetona u \u017eivot. To me asociralo na knjigu koju mi je Diego pokazao. Naravno da nisam vjerovao u pri\u010du o Ahmetonovu duhu koji \u0107e otvorili se knjiga prona\u0107i nekoga koga smatra dostojnim nasljednikom i preko njega ukrasti knjigu te o\u017eivjeti u svojoj punoj mo\u0107i izgovaranjem \u010darobnih rije\u010di. Odmah sam oti\u0161ao svoja saznanja javiti Diegu, iako osobno u njih nisam vjerovao. Do\u0161av\u0161i natrag pred muzej koji je bio zatvoren za javnost zbog incidenta s knjigom, vrata mi je otvorio \u010duvar.&nbsp;<\/p>\n\n\n\n<p>Bez rije\u010di me gledao i pokazivao mi prstom u smjeru odjela s knjigama. \u010cuo sam prodoran glas iz te prostorije. Znao sam \u0161to se doga\u0111a. Ahmetonov duh u\u0161ao je u Diega i sada ga je on namjeravao potpuno osloboditi. Nisam to mogao dopustiti! S odjela rimske civilizacije uzeo sam ma\u010d. Krenuo sam na odjel s knjigama. Ondje je Diego prodornim glasom \u010ditao \u010darobne rije\u010di. Pri\u0161ao sam mu s le\u0111a i ma\u010dem koji sam uzeo probio sam knjigu. Iz nje se prolomio stra\u0161an krik, a Diego se, iza\u0161av\u0161i iz transa, sru\u0161io na pod.&nbsp;<\/p>\n\n\n\n<p>Poslije nekoliko dana nakon \u0161to se Diego oporavio, ispri\u010dao sam mu sve to\u010dno kako se dogodilo. Natjerao me da se zakunem da vi\u0161e nikada ne\u0107u re\u0107i da duhovi i magija ne postoje. To sam sa smije\u0161kom na licu odmah u\u010dinio jer nisam izgubio dugogodi\u0161njeg prijatelja.&nbsp;<\/p>\n\n\n\n<p class=\"has-text-align-right\"><strong>&nbsp;&nbsp;&nbsp;&nbsp;&nbsp;&nbsp;&nbsp;&nbsp;&nbsp;&nbsp;&nbsp;&nbsp;&nbsp;&nbsp;&nbsp;&nbsp;&nbsp;&nbsp;&nbsp;&nbsp;&nbsp;&nbsp;&nbsp;&nbsp;&nbsp;David Radman, 8.e<\/strong><\/p>\n","protected":false},"excerpt":{"rendered":"<p>Zovem se Rodrigo Carlevaro. Obi\u010dan sam sredovje\u010dni mu\u0161karac. \u017divim u Madridu. Radim kao privatni detektiv ve\u0107 petnaest godina. Da mi je netko prije dvije godine rekao da postoje duhovi, paralelni svjetovi i magija ne bih mu povjerovao. Ali nakon onoga \u0161to mi se dogodilo, definitivno u to vjerujem. Moj dan je po\u010deo kao i svaki [&hellip;]<\/p>\n","protected":false},"author":5,"featured_media":0,"parent":0,"menu_order":0,"comment_status":"closed","ping_status":"closed","template":"","meta":[],"_links":{"self":[{"href":"http:\/\/cvrcak-daruvar.com.hr\/index.php?rest_route=\/wp\/v2\/pages\/6824"}],"collection":[{"href":"http:\/\/cvrcak-daruvar.com.hr\/index.php?rest_route=\/wp\/v2\/pages"}],"about":[{"href":"http:\/\/cvrcak-daruvar.com.hr\/index.php?rest_route=\/wp\/v2\/types\/page"}],"author":[{"embeddable":true,"href":"http:\/\/cvrcak-daruvar.com.hr\/index.php?rest_route=\/wp\/v2\/users\/5"}],"replies":[{"embeddable":true,"href":"http:\/\/cvrcak-daruvar.com.hr\/index.php?rest_route=%2Fwp%2Fv2%2Fcomments&post=6824"}],"version-history":[{"count":2,"href":"http:\/\/cvrcak-daruvar.com.hr\/index.php?rest_route=\/wp\/v2\/pages\/6824\/revisions"}],"predecessor-version":[{"id":6835,"href":"http:\/\/cvrcak-daruvar.com.hr\/index.php?rest_route=\/wp\/v2\/pages\/6824\/revisions\/6835"}],"wp:attachment":[{"href":"http:\/\/cvrcak-daruvar.com.hr\/index.php?rest_route=%2Fwp%2Fv2%2Fmedia&parent=6824"}],"curies":[{"name":"wp","href":"https:\/\/api.w.org\/{rel}","templated":true}]}}