{"id":6814,"date":"2022-06-08T11:39:26","date_gmt":"2022-06-08T09:39:26","guid":{"rendered":"http:\/\/cvrcak-daruvar.com.hr\/?page_id=6814"},"modified":"2022-06-08T11:53:10","modified_gmt":"2022-06-08T09:53:10","slug":"nikada-ne-bih-vjerovala-da","status":"publish","type":"page","link":"http:\/\/cvrcak-daruvar.com.hr\/?page_id=6814","title":{"rendered":"Nikada ne bih vjerovala, da\u2026 (Melissa Rihter)"},"content":{"rendered":"\n<p>Kada sam se probudila, sestri\u010dna me do\u010dekala u sobi s puno svojih igra\u010daka. Htjela je da po\u0111em s njom gledati crtani film u kino. Nikada ne volim i\u0107i s njom u kino jer uvijek vri\u0161ti i pokazuje svoje emocije na glas, a i ne da mi se sjediti tamo sat i pol vremena.&nbsp;<\/p>\n\n\n\n<p>Mama je uletjela u sobu i dala mi dvije maske, dvjesto kuna za karte za kino. O\u010dekivala je da \u0107u odmah pristati. Zamolila sam ju da do\u0111e malo na stranu kako bismo popri\u010dale. Pristala je. Rekla sam joj kako ne \u017eelim i\u0107i s Emili u kino jer uvijek vri\u0161ti i nekulturna je. Mama me ignorirala i samo rekla kako o tome ne \u017eeli ni \u010duti. Poku\u0161ala sam urazumiti tatu, ali rekao je: \u201eAnamarija draga, ako ne ode\u0161 s Emili u kino, njezini roditelji \u0107e se u\u017easno naljutiti i ne\u0107e ti kupovati slatki\u0161e. Ako ode\u0161 u kino, kupit \u0107u ti tortilju kakvu god bude\u0161 htjela!\u201c \u010cim sam \u010dula da \u0107e mi kupiti tortilju i da ne\u0107u dobivati slatki\u0161e, odmah sam pristala! Spakirala sam stvari, uhvatila Emili za ruku i oti\u0161le smo u kino. \u010cim smo u\u0161le unutra, otr\u010dala je do takozvanog \u201eVIP mjesta\u201c i sko\u010dila na njega \u0161to je ja\u010de mogla. Osramotila me!<\/p>\n\n\n\n<p>Samo \u0161to je zapo\u010deo crtani film, ona se sjetila da \u017eeli kokice. Rekla sam joj da \u0107u kupiti, ali da drugi put ka\u017ee to ranije. Nekako sam se izmigoljila iz sjedala te iza\u0161la u predvorje. Tamo je stajao \u010dovjek s kokicama. Zamolila sam da mi pripremi dvije male porcije te sam mu pru\u017eila dvjesto kuna. Prodao mi je kokice, a onda rekao:\u201c Trg kralja Petra Kre\u0161imira 4, mra\u010dna ulica u 23 sata.\u201c Upla\u0161ila sam se i otr\u010dala do Emili razmi\u0161ljaju\u0107i samo o tome da joj se ni\u0161ta nije dogodilo. Kad sam se vratila do na\u0161ih sjedala, nje nije bilo. Otr\u010dala sam u tajnosti ku\u0107i ostaviti kokice jer \u0161teta je baciti ih, ja ih mogu kasnije pojesti. Odmah sam oti\u0161la nazad u kino. Susrela sam Jana, mog najboljeg prijatelja. Zezao me zato \u0161to sam spavala od 13 do 17 sati. Nasmijala sam se na to i sve mu ispri\u010dala! Jo\u0161 sam nadodala kako je mrak i da se jo\u0161 vi\u0161e bojim za Emili. Potap\u0161ao me po ramu za utjehu. Rekao je da \u0107emo se na\u0107i u centru grada kod sata za jedan sat. Kad sam tamo do\u0161la, nije ga bilo. Poslala sam mu poruku u dogovoreno vrijeme, ali nije odgovarao. Po\u0161to je ve\u0107 bilo 22:30 sati odlu\u010dila sam oti\u0107i sama na dogovorenu lokaciju. Na putu sam za\u010dula slatke, male glasove. Bile su to dvije vile i Zlatokosa. Nisam mogla vjerovati. Nikada nisam vjerovala u njih, \u010dak ni kad sam bila mala. Spazile su me i rekle kako su poslane da mi pomognu.&nbsp;<\/p>\n\n\n\n<p>Rekle su da imaju plan. Rekle su da odem u tu ulicu i da pitam gdje je Emili. \u010cim on ka\u017ee gdje je Emili, vile \u0107e odletjeti po nju, a Zlatokosa se spustiti po mene. Slo\u017eila sam se time i tako je bilo. Do\u0161la sam tamo to\u010dno u 23 sata. Tamo je bio \u010dovjek koji prodaje kokice. Rekao je da Emili sjedi u kinu u kutu kod toaleta. Vile su odletjele tamo, oslobodile Emili te je dovele ku\u0107i. Zlatokosa se spustila po mene, a on je povikao kako je samo htio da mu dam 10 000 eura. Krv mi se zaledila kad je rekao \u201esamo\u201c. Oti\u0161la sam ku\u0107i i zagrlila Emili. Jan mi se javio da je zaspao, a mama i tata oti\u0161li su na pi\u0107e s Emilinim roditeljima.&nbsp;<\/p>\n\n\n\n<p>Probudila sam se i shvatila da je ovo bio samo jedan san. Nikada ne bih vjerovala da se dogodilo takvo \u0161to zaista.&nbsp;<\/p>\n\n\n\n<p class=\"has-text-align-right\"><strong>Melissa Rihter, 6.a.<\/strong><\/p>\n","protected":false},"excerpt":{"rendered":"<p>Kada sam se probudila, sestri\u010dna me do\u010dekala u sobi s puno svojih igra\u010daka. Htjela je da po\u0111em s njom gledati crtani film u kino. Nikada ne volim i\u0107i s njom u kino jer uvijek vri\u0161ti i pokazuje svoje emocije na glas, a i ne da mi se sjediti tamo sat i pol vremena.&nbsp; Mama je [&hellip;]<\/p>\n","protected":false},"author":5,"featured_media":0,"parent":0,"menu_order":0,"comment_status":"closed","ping_status":"closed","template":"","meta":[],"_links":{"self":[{"href":"http:\/\/cvrcak-daruvar.com.hr\/index.php?rest_route=\/wp\/v2\/pages\/6814"}],"collection":[{"href":"http:\/\/cvrcak-daruvar.com.hr\/index.php?rest_route=\/wp\/v2\/pages"}],"about":[{"href":"http:\/\/cvrcak-daruvar.com.hr\/index.php?rest_route=\/wp\/v2\/types\/page"}],"author":[{"embeddable":true,"href":"http:\/\/cvrcak-daruvar.com.hr\/index.php?rest_route=\/wp\/v2\/users\/5"}],"replies":[{"embeddable":true,"href":"http:\/\/cvrcak-daruvar.com.hr\/index.php?rest_route=%2Fwp%2Fv2%2Fcomments&post=6814"}],"version-history":[{"count":2,"href":"http:\/\/cvrcak-daruvar.com.hr\/index.php?rest_route=\/wp\/v2\/pages\/6814\/revisions"}],"predecessor-version":[{"id":6828,"href":"http:\/\/cvrcak-daruvar.com.hr\/index.php?rest_route=\/wp\/v2\/pages\/6814\/revisions\/6828"}],"wp:attachment":[{"href":"http:\/\/cvrcak-daruvar.com.hr\/index.php?rest_route=%2Fwp%2Fv2%2Fmedia&parent=6814"}],"curies":[{"name":"wp","href":"https:\/\/api.w.org\/{rel}","templated":true}]}}