{"id":6774,"date":"2022-04-18T17:07:21","date_gmt":"2022-04-18T15:07:21","guid":{"rendered":"http:\/\/cvrcak-daruvar.com.hr\/?page_id=6774"},"modified":"2022-04-18T17:07:21","modified_gmt":"2022-04-18T15:07:21","slug":"dan-razlicitih-carapa","status":"publish","type":"page","link":"http:\/\/cvrcak-daruvar.com.hr\/?page_id=6774","title":{"rendered":"DAN RAZLI\u010cITIH \u010cARAPA"},"content":{"rendered":"\n<div class=\"wp-block-image\"><figure class=\"aligncenter size-full\"><a href=\"http:\/\/cvrcak-daruvar.com.hr\/wp-content\/uploads\/2022\/04\/m_IMG_20220321_082231.jpg\" class=\"gallery_colorbox\"><img decoding=\"async\" loading=\"lazy\" width=\"450\" height=\"600\" src=\"http:\/\/cvrcak-daruvar.com.hr\/wp-content\/uploads\/2022\/04\/m_IMG_20220321_082231.jpg\"  alt=\"\" class=\"wp-image-6775\" srcset=\"http:\/\/cvrcak-daruvar.com.hr\/wp-content\/uploads\/2022\/04\/m_IMG_20220321_082231.jpg 450w, http:\/\/cvrcak-daruvar.com.hr\/wp-content\/uploads\/2022\/04\/m_IMG_20220321_082231-225x300.jpg 225w\" sizes=\"(max-width: 450px) 100vw, 450px\" \/><\/a><\/figure><\/div>\n\n\n\n<p>U ponedjeljak 21.3. je nekolicina nas iz 8.c razreda obula razli\u010dite \u010darape povodom dana djece s Down sindromom. Tom gestom smo htjeli pokazati kako smo mi svi jednaki unato\u010d tome \u0161to oni imaju Down sindrom i \u017eeljeli smo im pru\u017eiti podr\u0161ku. Zbog toga\u00a0 smo se osje\u0107ali bli\u017ee njima i dokazali da su i oni obi\u010dni ljudi kao i mi te da zaslu\u017euju da ih se prihvati i uklju\u010di u dru\u0161tvo i zajednicu.<\/p>\n\n\n\n<p class=\"has-text-align-right\">\u00a0\u00a0\u00a0\u00a0\u00a0\u00a0\u00a0\u00a0\u00a0\u00a0\u00a0\u00a0\u00a0\u00a0\u00a0\u00a0\u00a0\u00a0\u00a0\u00a0\u00a0\u00a0\u00a0\u00a0\u00a0\u00a0\u00a0\u00a0\u00a0\u00a0\u00a0\u00a0\u00a0\u00a0\u00a0\u00a0\u00a0\u00a0\u00a0\u00a0\u00a0\u00a0\u00a0\u00a0\u00a0\u00a0\u00a0\u00a0\u00a0\u00a0\u00a0\u00a0\u00a0\u00a0\u00a0\u00a0\u00a0\u00a0\u00a0\u00a0\u00a0\u00a0\u00a0\u00a0\u00a0\u00a0\u00a0\u00a0\u00a0\u00a0\u00a0\u00a0\u00a0\u00a0\u00a0\u00a0\u00a0\u00a0\u00a0\u00a0\u00a0\u00a0\u00a0\u00a0\u00a0\u00a0\u00a0 \u00a0\u00a0\u00a0\u00a0\u00a0\u00a0\u00a0\u00a0\u00a0\u00a0\u00a0\u00a0\u00a0\u00a0\u00a0\u00a0\u00a0\u00a0\u00a0\u00a0\u00a0\u00a0\u00a0\u00a0\u00a0\u00a0\u00a0\u00a0\u00a0\u00a0\u00a0\u00a0\u00a0\u00a0\u00a0\u00a0\u00a0\u00a0\u00a0\u00a0\u00a0\u00a0\u00a0\u00a0\u00a0\u00a0\u00a0\u00a0\u00a0\u00a0\u00a0\u00a0\u00a0\u00a0\u00a0\u00a0\u00a0\u00a0\u00a0\u00a0\u00a0\u00a0\u00a0\u00a0\u00a0\u00a0\u00a0\u00a0\u00a0Laura Benko 8.c<\/p>\n\n\n\n<div class=\"wp-block-image\"><figure class=\"aligncenter size-full\"><a href=\"http:\/\/cvrcak-daruvar.com.hr\/wp-content\/uploads\/2022\/04\/m_IMG_20220321_082151.jpg\" class=\"gallery_colorbox\"><img decoding=\"async\" loading=\"lazy\" width=\"450\" height=\"600\" src=\"http:\/\/cvrcak-daruvar.com.hr\/wp-content\/uploads\/2022\/04\/m_IMG_20220321_082151.jpg\"  alt=\"\" class=\"wp-image-6776\" srcset=\"http:\/\/cvrcak-daruvar.com.hr\/wp-content\/uploads\/2022\/04\/m_IMG_20220321_082151.jpg 450w, http:\/\/cvrcak-daruvar.com.hr\/wp-content\/uploads\/2022\/04\/m_IMG_20220321_082151-225x300.jpg 225w\" sizes=\"(max-width: 450px) 100vw, 450px\" \/><\/a><\/figure><\/div>\n","protected":false},"excerpt":{"rendered":"<p>U ponedjeljak 21.3. je nekolicina nas iz 8.c razreda obula razli\u010dite \u010darape povodom dana djece s Down sindromom. Tom gestom smo htjeli pokazati kako smo mi svi jednaki unato\u010d tome \u0161to oni imaju Down sindrom i \u017eeljeli smo im pru\u017eiti podr\u0161ku. Zbog toga\u00a0 smo se osje\u0107ali bli\u017ee njima i dokazali da su i oni obi\u010dni [&hellip;]<\/p>\n","protected":false},"author":2,"featured_media":0,"parent":0,"menu_order":0,"comment_status":"closed","ping_status":"closed","template":"","meta":[],"_links":{"self":[{"href":"http:\/\/cvrcak-daruvar.com.hr\/index.php?rest_route=\/wp\/v2\/pages\/6774"}],"collection":[{"href":"http:\/\/cvrcak-daruvar.com.hr\/index.php?rest_route=\/wp\/v2\/pages"}],"about":[{"href":"http:\/\/cvrcak-daruvar.com.hr\/index.php?rest_route=\/wp\/v2\/types\/page"}],"author":[{"embeddable":true,"href":"http:\/\/cvrcak-daruvar.com.hr\/index.php?rest_route=\/wp\/v2\/users\/2"}],"replies":[{"embeddable":true,"href":"http:\/\/cvrcak-daruvar.com.hr\/index.php?rest_route=%2Fwp%2Fv2%2Fcomments&post=6774"}],"version-history":[{"count":1,"href":"http:\/\/cvrcak-daruvar.com.hr\/index.php?rest_route=\/wp\/v2\/pages\/6774\/revisions"}],"predecessor-version":[{"id":6777,"href":"http:\/\/cvrcak-daruvar.com.hr\/index.php?rest_route=\/wp\/v2\/pages\/6774\/revisions\/6777"}],"wp:attachment":[{"href":"http:\/\/cvrcak-daruvar.com.hr\/index.php?rest_route=%2Fwp%2Fv2%2Fmedia&parent=6774"}],"curies":[{"name":"wp","href":"https:\/\/api.w.org\/{rel}","templated":true}]}}