{"id":6770,"date":"2022-04-18T17:04:14","date_gmt":"2022-04-18T15:04:14","guid":{"rendered":"http:\/\/cvrcak-daruvar.com.hr\/?page_id=6770"},"modified":"2022-04-18T17:04:14","modified_gmt":"2022-04-18T15:04:14","slug":"pogled-kroz-prozor","status":"publish","type":"page","link":"http:\/\/cvrcak-daruvar.com.hr\/?page_id=6770","title":{"rendered":"Pogled kroz prozor"},"content":{"rendered":"\n<p>Zovem se David Radman. Opisat \u0107u vam jedno tipi\u010dno ljetno popodne u svom susjedstvu. \u017divim sa svojim roditeljima u zgradi koja izgleda kao ku\u0107e u nizu, u ulici Baker street u Londonu. U toj zgradi ima \u0161est stanova.<\/p>\n\n\n\n<p>U stanu 1A \u017eivi stari bra\u010dni par; vlasnici zgrade. Gospodin Jones ima 70 godina. Umirovljeni je agent za nekretnine. Kupio je zgradu povoljno kako bi imao dodatni izvor prihoda u starosti. Gospo\u0111a Jones je 65-godi\u0161nja doma\u0107ica koja pe\u010de odli\u010dne kola\u010de. Jonesi su jako ljubazni i nenametljivi ljudi. Stan 1B je prazan. U stanu 1C \u017eivi mladi bra\u010dni par s malim djetetom. Gospodin Edwardson je 28-godi\u0161nji programer i radi od ku\u0107e. Gospo\u0111a Edwardson je 25-godi\u0161nja u\u010diteljica. Edwardsoni su vrijedni i bri\u017eni roditelji. Stan 1D je dom moje obitelji. Imam 15 godina i poha\u0111am Kensington Park School u Londonu. Moji sredovje\u010dni roditelji su zaposleni u tvrtki koja prodaje rabljene automobile. Skladna smo obitelj i roditelji uvijek prona\u0111u vremena za mene. U stanu 1E stanuju Helsingtonovi. Gospodin Helsington radi kao izbaciva\u010d u no\u0107nom klubu. Ima 35 godina. Radi no\u0107u, a spava danju, zbog \u010dega je uvijek nervozan. Gospo\u0111a Helsington ima 32 godine. Radi u pekari, tako da je nesta\u0161ni 12-godi\u0161nji u\u010denik Simon prepu\u0161ten sam sebi. Mir vru\u0107eg ljetnog popodneva naru\u0161ila je iznenadna buka i galama. Slu\u0161ao sam glazbu, kad su se ispod mog prozora \u010duli povi\u0161eni glasovi. Navirio sam se nad prozor i vidio ljutitog gospodina Edwardsona kako dr\u017ei Simonov dron u ruci i ma\u0161e s njim njegovom ocu ispred nosa. \u201eOvo je nedopustivo! Na takav na\u010din naru\u0161avati na\u0161u privatnost! To nema nikakvog smisla! Snimati moju \u017eenu dok se presvla\u010di je totalni bezobrazluk!\u201c, rekao je Edwardson. Pospani gospodin Helsington uhvatio je Simona za uho i viknuo: \u201eSram te bilo! Nisam te odgajao da bude\u0161 tako nepristojan!\u201c \u201eA Vi gospodine\u201c, rekao je Edwardsonu, \u201eoprostite zbog svih neugodnosti koje je ovaj klapac prouzro\u010dio. To se vi\u0161e ne\u0107e ponoviti. Molim Vas da mi vratite njegov dron, a ja \u0107u ga zbrinuti.\u201c Ponovno se obratio svom sinu: \u201eMladi\u0107u, u kazni si do kraja \u017eivota, a dron \u0107e\u0161 odsad vidjeti samo na fotografijama!\u201c Gospodin Edwardson se sa\u017ealio nad Simonom i rekao gospodinu Helsingtonu: \u201eMolim Vas, nemojte biti prestrogi prema njemu.\u201c<\/p>\n\n\n\n<p>Gospodin Edwardson se zadovoljno smje\u0161kaju\u0107i vratio u stan. Nakon povratka gospodina Helsingtona i Simona u njihov stan, kroz otvoren prozor na\u010duo sam daljnji razgovor: \u201eI mladi\u0107u, je li bar vrijedilo?\u201c Uslijedio je odgovor: \u201eO, daaa!\u201c.<\/p>\n\n\n\n<p class=\"has-text-align-right\">David Radman, 8.e<\/p>\n","protected":false},"excerpt":{"rendered":"<p>Zovem se David Radman. Opisat \u0107u vam jedno tipi\u010dno ljetno popodne u svom susjedstvu. \u017divim sa svojim roditeljima u zgradi koja izgleda kao ku\u0107e u nizu, u ulici Baker street u Londonu. U toj zgradi ima \u0161est stanova. U stanu 1A \u017eivi stari bra\u010dni par; vlasnici zgrade. Gospodin Jones ima 70 godina. Umirovljeni je agent [&hellip;]<\/p>\n","protected":false},"author":2,"featured_media":0,"parent":0,"menu_order":0,"comment_status":"closed","ping_status":"closed","template":"","meta":[],"_links":{"self":[{"href":"http:\/\/cvrcak-daruvar.com.hr\/index.php?rest_route=\/wp\/v2\/pages\/6770"}],"collection":[{"href":"http:\/\/cvrcak-daruvar.com.hr\/index.php?rest_route=\/wp\/v2\/pages"}],"about":[{"href":"http:\/\/cvrcak-daruvar.com.hr\/index.php?rest_route=\/wp\/v2\/types\/page"}],"author":[{"embeddable":true,"href":"http:\/\/cvrcak-daruvar.com.hr\/index.php?rest_route=\/wp\/v2\/users\/2"}],"replies":[{"embeddable":true,"href":"http:\/\/cvrcak-daruvar.com.hr\/index.php?rest_route=%2Fwp%2Fv2%2Fcomments&post=6770"}],"version-history":[{"count":1,"href":"http:\/\/cvrcak-daruvar.com.hr\/index.php?rest_route=\/wp\/v2\/pages\/6770\/revisions"}],"predecessor-version":[{"id":6771,"href":"http:\/\/cvrcak-daruvar.com.hr\/index.php?rest_route=\/wp\/v2\/pages\/6770\/revisions\/6771"}],"wp:attachment":[{"href":"http:\/\/cvrcak-daruvar.com.hr\/index.php?rest_route=%2Fwp%2Fv2%2Fmedia&parent=6770"}],"curies":[{"name":"wp","href":"https:\/\/api.w.org\/{rel}","templated":true}]}}