{"id":6757,"date":"2022-04-18T16:51:51","date_gmt":"2022-04-18T14:51:51","guid":{"rendered":"http:\/\/cvrcak-daruvar.com.hr\/?page_id=6757"},"modified":"2022-04-18T16:51:51","modified_gmt":"2022-04-18T14:51:51","slug":"nogomet-u-skoli","status":"publish","type":"page","link":"http:\/\/cvrcak-daruvar.com.hr\/?page_id=6757","title":{"rendered":"Nogomet u \u0161koli"},"content":{"rendered":"\n<p>&nbsp;&nbsp;&nbsp;&nbsp;&nbsp;&nbsp;&nbsp;&nbsp;&nbsp; Jednog sun\u010danog dana pod satom Tjelesne i zdravstvene kulture igrali smo nogomet. Sunce je obasjalo teren, pti\u010dice su veselo cvrkutale na grani velikog oraha, a mi smo bili presretni \u0161to nakon dugo vremena mo\u017eemo biti vani.<\/p>\n\n\n\n<p>&nbsp;&nbsp;&nbsp;&nbsp;&nbsp;&nbsp;&nbsp;&nbsp;&nbsp; U\u010diteljica nas je podijelila u dvije skupine i uputila prvu skupinu na travnato igrali\u0161te, a drugu na betonsko. Sastavili smo timove i sve je bilo spremno, igra je mogla zapo\u010deti. Tr\u010dali smo po terenu i sr\u010dano se borili za svaku loptu, ali nikako nismo mogli posti\u0107i pogodak. Mijenjali smo strane i pozicije igra\u010da, igrali smo i igrali kad odjednom vika. Gol! Na\u0161 tim je bio presretan, a Ivan se crvenio od sre\u0107e i ponosa. Nije pro\u0161lo puno vremena i suparni\u010dki tim je izjedna\u010dio iz zale\u0111a. Vikali smo im da nije gol i krenula je sva\u0111a. Sva\u0111ali smo se i sva\u0111ali dok nismo shvatili da stvarno nema smisla prepirati se oko gola. Pomirili smo se i toliko smijali tome kako smo se bez veze sva\u0111ali. Najbitnije je da smo svi slo\u017eni, da smo vani na svje\u017eem zraku i igramo nogomet kojega svi najvi\u0161e volimo.<\/p>\n\n\n\n<p>&nbsp;&nbsp;&nbsp;&nbsp;&nbsp;&nbsp;&nbsp;&nbsp;&nbsp; Ova utakmica je zavr\u0161ila bez pobjednika. Ionako u \u017eivotu nije najva\u017enije pobijediti, samo \u0161to to \u010desto prekasno shvatimo. Nakon utakmice smo svi zajedno sjeli oko igrali\u0161ta, smijali se i dru\u017eili. Pravo prijateljstvo na kraju sve pobje\u0111uje. Mo\u017eda smo na terenu bili suparnici, ali smo izvan terena svi dobri prijatelji.<\/p>\n\n\n\n<p class=\"has-text-align-right\">Tin Pinezi\u0107, 5.c<\/p>\n","protected":false},"excerpt":{"rendered":"<p>&nbsp;&nbsp;&nbsp;&nbsp;&nbsp;&nbsp;&nbsp;&nbsp;&nbsp; Jednog sun\u010danog dana pod satom Tjelesne i zdravstvene kulture igrali smo nogomet. Sunce je obasjalo teren, pti\u010dice su veselo cvrkutale na grani velikog oraha, a mi smo bili presretni \u0161to nakon dugo vremena mo\u017eemo biti vani. &nbsp;&nbsp;&nbsp;&nbsp;&nbsp;&nbsp;&nbsp;&nbsp;&nbsp; U\u010diteljica nas je podijelila u dvije skupine i uputila prvu skupinu na travnato igrali\u0161te, a drugu na [&hellip;]<\/p>\n","protected":false},"author":2,"featured_media":0,"parent":0,"menu_order":0,"comment_status":"closed","ping_status":"closed","template":"","meta":[],"_links":{"self":[{"href":"http:\/\/cvrcak-daruvar.com.hr\/index.php?rest_route=\/wp\/v2\/pages\/6757"}],"collection":[{"href":"http:\/\/cvrcak-daruvar.com.hr\/index.php?rest_route=\/wp\/v2\/pages"}],"about":[{"href":"http:\/\/cvrcak-daruvar.com.hr\/index.php?rest_route=\/wp\/v2\/types\/page"}],"author":[{"embeddable":true,"href":"http:\/\/cvrcak-daruvar.com.hr\/index.php?rest_route=\/wp\/v2\/users\/2"}],"replies":[{"embeddable":true,"href":"http:\/\/cvrcak-daruvar.com.hr\/index.php?rest_route=%2Fwp%2Fv2%2Fcomments&post=6757"}],"version-history":[{"count":1,"href":"http:\/\/cvrcak-daruvar.com.hr\/index.php?rest_route=\/wp\/v2\/pages\/6757\/revisions"}],"predecessor-version":[{"id":6758,"href":"http:\/\/cvrcak-daruvar.com.hr\/index.php?rest_route=\/wp\/v2\/pages\/6757\/revisions\/6758"}],"wp:attachment":[{"href":"http:\/\/cvrcak-daruvar.com.hr\/index.php?rest_route=%2Fwp%2Fv2%2Fmedia&parent=6757"}],"curies":[{"name":"wp","href":"https:\/\/api.w.org\/{rel}","templated":true}]}}