{"id":6755,"date":"2022-04-18T16:51:19","date_gmt":"2022-04-18T14:51:19","guid":{"rendered":"http:\/\/cvrcak-daruvar.com.hr\/?page_id=6755"},"modified":"2022-04-18T16:51:19","modified_gmt":"2022-04-18T14:51:19","slug":"prica-o-ziru","status":"publish","type":"page","link":"http:\/\/cvrcak-daruvar.com.hr\/?page_id=6755","title":{"rendered":"Pri\u010da o \u017eiru"},"content":{"rendered":"\n<p>&nbsp;&nbsp;&nbsp;&nbsp;&nbsp;&nbsp;&nbsp;&nbsp;&nbsp; Na stablu starog hrasta koji se uzdizao visoko na brdu iznad sela, dr\u017eao se \u010dvrsto svojim \u0161e\u0161iri\u0107em za granu maleni \u017eir.<\/p>\n\n\n\n<p>&nbsp;&nbsp;&nbsp;&nbsp;&nbsp;&nbsp;&nbsp;&nbsp;&nbsp; Iako je ve\u0107 stigla jesen i svo li\u0161\u0107e je promijenilo boju te polako otpadalo na tlo, maleni \u017eir se nije predavao prkose\u0107i hladnom vjetru, jutarnjem mrazu, magli i ki\u0161i. Bio je ponosan jer je i sam promijenio boju svog kaputa u sme\u0111u dok mu je \u0161e\u0161iri\u0107 bio ne\u0161to tamniji. Znao je da \u0107e uskoro i sam morati napustiti granu starog hrasta, ali se nadao da \u0107e iz njega izrasti jednog dana novo \u010dvrsto stablo.<\/p>\n\n\n\n<p>&nbsp;&nbsp;&nbsp;&nbsp;&nbsp;&nbsp;&nbsp;&nbsp;&nbsp; Skupljaju\u0107i jesenske plodove, vjeverica sa susjednog stabla upitala je maleni \u017eir za\u0161to se tako \u010dvrsto dr\u017ei \u0161e\u0161iri\u0107em za stari hrast.<\/p>\n\n\n\n<p>&nbsp;&nbsp;&nbsp;&nbsp;&nbsp;&nbsp;&nbsp;&nbsp;&nbsp; \u201eJesen je tvoje vrijeme da ode\u0161!\u201d rekla je.<\/p>\n\n\n\n<p>&nbsp;&nbsp;&nbsp;&nbsp;&nbsp;&nbsp;&nbsp;&nbsp;&nbsp; Maleni \u017eir se nasmije\u0161i pa joj re\u010de: \u201eMoj \u0161e\u0161iri\u0107 jo\u0161 nije spreman, a nisam ni ja. Jo\u0161 uvijek \u017eelim gledati predivne boje kojima jesen boji selo i na\u0161u \u0161umu. \u017delim u\u017eivati u pogledu na plodove koje ljudi skupljaju za zimu, a \u017eelim nau\u010diti i oduprijeti se sna\u017enom vjetru i ki\u0161i koja me \u017eeli odvojiti od moga \u0161e\u0161iri\u0107a.\u201d<\/p>\n\n\n\n<p>&nbsp;&nbsp;&nbsp;&nbsp;&nbsp;&nbsp;&nbsp;&nbsp;&nbsp; \u201eBa\u0161 si smije\u0161an! Svejedno \u0107e\u0161 otpasti na tlo.\u201d odvrati vjeverica i sko\u010di na drugu granu.<\/p>\n\n\n\n<p>&nbsp;&nbsp;&nbsp;&nbsp;&nbsp;&nbsp;&nbsp;&nbsp;&nbsp; \u201eMo\u017eda i ho\u0107u, ali barem \u0107u nau\u010diti \u0161to zna\u010di biti uporan jer \u017eelim jednom biti i ja veliki hrast.\u201d rekao je \u017eir.<\/p>\n\n\n\n<p>&nbsp;&nbsp;&nbsp;&nbsp;&nbsp;&nbsp;&nbsp;&nbsp;&nbsp; Pala je no\u0107, a te\u0161ki i sivi oblaci nadvili su se nad \u0161umom. Po\u010dele su padati te\u0161ke kapi ki\u0161e i puhati sna\u017ean vjetar. Dugo se maleni \u017eir borio s okrutnim nevremenom, a pred jutro je zatvorio o\u010di i pustio se da padne na tlo. Prolaze\u0107i ispod hrasta, vjeverica uo\u010di \u017eir pa ga stade buditi. On otvori o\u010di i sav zbunjen shvati da nema svoj \u0161e\u0161iri\u0107. Obuze ga velika \u017ealost. Vidjev\u0161i tugu u njemu, a poznavala ga je kao veselog i hrabrog, vjeverica mu odlu\u010di pomo\u0107i. Brzo sko\u010di na stablo starog hrasta, popne se do grane gdje je i dalje visio \u0161e\u0161iri\u0107 malenog \u017eira. Otkine ga te odnese \u017eiru. Kada je \u017eir vidio svoj \u0161e\u0161iri\u0107, obuze ga velika sre\u0107a i on zasja posebnim sjajem. Zahvali vjeverici, a ona mu re\u010de: \u201e Bit \u0107e\u0161 jednog dana veliko hrabro stablo!\u201d<\/p>\n\n\n\n<p>&nbsp;&nbsp;&nbsp;&nbsp;&nbsp;&nbsp;&nbsp;&nbsp;&nbsp; Tako je i bilo.<\/p>\n\n\n\n<p class=\"has-text-align-right\">Anastasija Medakovi\u0107, 5.c<\/p>\n","protected":false},"excerpt":{"rendered":"<p>&nbsp;&nbsp;&nbsp;&nbsp;&nbsp;&nbsp;&nbsp;&nbsp;&nbsp; Na stablu starog hrasta koji se uzdizao visoko na brdu iznad sela, dr\u017eao se \u010dvrsto svojim \u0161e\u0161iri\u0107em za granu maleni \u017eir. &nbsp;&nbsp;&nbsp;&nbsp;&nbsp;&nbsp;&nbsp;&nbsp;&nbsp; Iako je ve\u0107 stigla jesen i svo li\u0161\u0107e je promijenilo boju te polako otpadalo na tlo, maleni \u017eir se nije predavao prkose\u0107i hladnom vjetru, jutarnjem mrazu, magli i ki\u0161i. Bio je ponosan [&hellip;]<\/p>\n","protected":false},"author":2,"featured_media":0,"parent":0,"menu_order":0,"comment_status":"closed","ping_status":"closed","template":"","meta":[],"_links":{"self":[{"href":"http:\/\/cvrcak-daruvar.com.hr\/index.php?rest_route=\/wp\/v2\/pages\/6755"}],"collection":[{"href":"http:\/\/cvrcak-daruvar.com.hr\/index.php?rest_route=\/wp\/v2\/pages"}],"about":[{"href":"http:\/\/cvrcak-daruvar.com.hr\/index.php?rest_route=\/wp\/v2\/types\/page"}],"author":[{"embeddable":true,"href":"http:\/\/cvrcak-daruvar.com.hr\/index.php?rest_route=\/wp\/v2\/users\/2"}],"replies":[{"embeddable":true,"href":"http:\/\/cvrcak-daruvar.com.hr\/index.php?rest_route=%2Fwp%2Fv2%2Fcomments&post=6755"}],"version-history":[{"count":1,"href":"http:\/\/cvrcak-daruvar.com.hr\/index.php?rest_route=\/wp\/v2\/pages\/6755\/revisions"}],"predecessor-version":[{"id":6756,"href":"http:\/\/cvrcak-daruvar.com.hr\/index.php?rest_route=\/wp\/v2\/pages\/6755\/revisions\/6756"}],"wp:attachment":[{"href":"http:\/\/cvrcak-daruvar.com.hr\/index.php?rest_route=%2Fwp%2Fv2%2Fmedia&parent=6755"}],"curies":[{"name":"wp","href":"https:\/\/api.w.org\/{rel}","templated":true}]}}