{"id":6721,"date":"2022-04-18T11:20:21","date_gmt":"2022-04-18T09:20:21","guid":{"rendered":"http:\/\/cvrcak-daruvar.com.hr\/?page_id=6721"},"modified":"2022-04-18T11:20:42","modified_gmt":"2022-04-18T09:20:42","slug":"moj-pogled-na-zivot-i-svijet","status":"publish","type":"page","link":"http:\/\/cvrcak-daruvar.com.hr\/?page_id=6721","title":{"rendered":"Moj pogled na \u017eivot i svijet"},"content":{"rendered":"\n<p>Moj pogled na \u017eivot i svijet u kojemu \u017eivim je poput neke nedovr\u0161ene pri\u010de ili bajke. Kroz \u017eivot prolazim kroz mnoge situacije, uspone i padove.<br>&nbsp;Znam da \u017eivot nije lak&nbsp;i da se moram prilagoditi svakakvim situacijama. Moram vjerovati u sebe i svoje snove. Moram vjerovati u one rije\u010di \u201eja to mogu, ja to ho\u0107u.\u201c Nikad ne smijem odustati u namjeri da ostvarim svoje ciljeve. Ponekad mi lo\u0161e krene i izgubim nadu za sve, a onda sam sebi ka\u017eem \u201esmiri se, duboko udahni, slu\u0161aj svoje srce i razum i kreni dalje.\u201c Ponekad napravim i velike gre\u0161ke, zbog kojih se poslije kajem, ali znam da na svakoj svojoj gre\u0161ci sam puno toga nau\u010dio i shvatio. Znam da u svijetu u kojem \u017eivim i nije sve tako crno. Imam svoju obitelj s kojom se zabavljam, veselim, pro\u017eivljavam svakakve doga\u0111aje i to me raduje. Znam da nisam sam i da imam nekoga&nbsp;tko me vodi kroz moje puteve i tje\u0161i me.&nbsp;<\/p>\n\n\n\n<p>Zato kada sve sagledam \u017eivot mo\u017ee biti te\u017eak, dosadan, tmuran,&nbsp;a s druge strane&nbsp;pun veselja, pjesme i zabave. \u017divot moramo voljeti i prihvatiti takav kakav je, slagati se s ljudima, me\u0111usobno voljeti i po\u0161tovati bez obzira na njihove mane i vrline jer \u017eivot je jedan i nikada ne zna\u0161 kada \u0107e nam od koga trebati kakva pomo\u0107.<br>Zato kroz \u017eivot moram kora\u010dati sna\u017eno i ustrajno vjerovati u svoje snove i \u017eelje s osmjehom na licu i vjeru u bolje sutra.&nbsp;<\/p>\n\n\n\n<p class=\"has-text-align-right\">Jasmin&nbsp;\u0160eparovi\u0107, 8.b&nbsp;<\/p>\n","protected":false},"excerpt":{"rendered":"<p>Moj pogled na \u017eivot i svijet u kojemu \u017eivim je poput neke nedovr\u0161ene pri\u010de ili bajke. Kroz \u017eivot prolazim kroz mnoge situacije, uspone i padove.&nbsp;Znam da \u017eivot nije lak&nbsp;i da se moram prilagoditi svakakvim situacijama. Moram vjerovati u sebe i svoje snove. Moram vjerovati u one rije\u010di \u201eja to mogu, ja to ho\u0107u.\u201c Nikad ne [&hellip;]<\/p>\n","protected":false},"author":2,"featured_media":0,"parent":0,"menu_order":0,"comment_status":"closed","ping_status":"closed","template":"","meta":[],"_links":{"self":[{"href":"http:\/\/cvrcak-daruvar.com.hr\/index.php?rest_route=\/wp\/v2\/pages\/6721"}],"collection":[{"href":"http:\/\/cvrcak-daruvar.com.hr\/index.php?rest_route=\/wp\/v2\/pages"}],"about":[{"href":"http:\/\/cvrcak-daruvar.com.hr\/index.php?rest_route=\/wp\/v2\/types\/page"}],"author":[{"embeddable":true,"href":"http:\/\/cvrcak-daruvar.com.hr\/index.php?rest_route=\/wp\/v2\/users\/2"}],"replies":[{"embeddable":true,"href":"http:\/\/cvrcak-daruvar.com.hr\/index.php?rest_route=%2Fwp%2Fv2%2Fcomments&post=6721"}],"version-history":[{"count":2,"href":"http:\/\/cvrcak-daruvar.com.hr\/index.php?rest_route=\/wp\/v2\/pages\/6721\/revisions"}],"predecessor-version":[{"id":6723,"href":"http:\/\/cvrcak-daruvar.com.hr\/index.php?rest_route=\/wp\/v2\/pages\/6721\/revisions\/6723"}],"wp:attachment":[{"href":"http:\/\/cvrcak-daruvar.com.hr\/index.php?rest_route=%2Fwp%2Fv2%2Fmedia&parent=6721"}],"curies":[{"name":"wp","href":"https:\/\/api.w.org\/{rel}","templated":true}]}}