{"id":6389,"date":"2021-05-31T11:20:36","date_gmt":"2021-05-31T09:20:36","guid":{"rendered":"http:\/\/cvrcak-daruvar.com.hr\/?page_id=6389"},"modified":"2021-05-31T11:20:36","modified_gmt":"2021-05-31T09:20:36","slug":"kada-je-mali-princ-posjetio-zemlju-2021","status":"publish","type":"page","link":"http:\/\/cvrcak-daruvar.com.hr\/?page_id=6389","title":{"rendered":"Kada je Mali princ posjetio Zemlju 2021."},"content":{"rendered":"\n<div class=\"wp-block-image\"><figure class=\"aligncenter\"><img decoding=\"async\" loading=\"lazy\" width=\"298\" height=\"169\" src=\"http:\/\/cvrcak-daruvar.com.hr\/wp-content\/uploads\/2021\/05\/MP.png\" alt=\"\" class=\"wp-image-6390\"\/><\/figure><\/div>\n\n\n\n<p class=\"has-text-color has-medium-font-size has-vivid-cyan-blue-color\">Mali princ se probudio\nu dubokom svemiru 1975. \u010cim se pribrao, odmah se zaputio k Zemlji. Stigao je u\nAmeriku 2021. godine.&nbsp; Nije se ni sna\u0161ao,\na ameri\u010dka tajna slu\u017eba ga je poku\u0161ala zarobiti, mo\u017eda i ubiti i napraviti\nobdukciju njegova tijela. No, nasre\u0107u, uspio im je pobje\u0107i. \u201eHm, stanovnici\nZemlje ne podnose razli\u010dite od sebe\u201d, pomislio je. <\/p>\n\n\n\n<p class=\"has-text-color has-medium-font-size has-vivid-cyan-blue-color\">To ga nije\nobeshrabrilo. Mali princ je, prije svega, \u017eelio nau\u010diti ne\u0161to novo ne misle\u0107i\npritom na svoju sigurnost. Hrabro je nastavio prema sjeveroistoku. Odlu\u010dio je posjetiti\nsvoje Bijele prijatelje na Antarktici. Najednom &nbsp;ga obuzme zabrinutost: \u201cJoj, zar sam uzeo\nkrivu kartu?\u201d Mali princ nije shvatio da je pro\u0161lo puno vremena otkada je od\npilota dobio ovu kartu. Zemlja se promijenila. Velike ledene povr\u0161ine\nAntarktike su sve manje. Nakon nekog vremena ipak je do\u0161ao do santi leda nekad\nmo\u0107ne ledene zemlje. Mali princ ugleda Bijeloga prijatelja: \u201cPozdrav, ja sam\nMali princ, bio sam dobar prijatelj tvojim predcima. Gdje su ostali?\u201d Veliki polarni\nmedvjed zapla\u010de: \u201cLjudi su postali oholi, grade tvornice i zagrijavaju ozon pa\nse na\u0161 led otopio, ve\u0107ina mojih prijatelja je&#8230;\u201d Mali princ ga zagrli i ljuta\nmu misao pro\u0111e kroz glavu, ali je ipak nije poslu\u0161ao pa se zaputio najbli\u017eoj\nljudskoj dr\u017eavi. <\/p>\n\n\n\n<p class=\"has-text-color has-medium-font-size has-vivid-cyan-blue-color\">To je bila Velika\nBritanija. Kada je stigao na odredi\u0161te, stao je u \u010dudu. Nitko, ama ba\u0161 nitko\nnije imao usta i nije htio pri\u010dati s njim. Sjeo na gradski trg i \u010dekao i \u010dekao\ndok mu nije pri\u0161ao neki starac pa ga Mali princ zapita: \u201cOprostite, za\u0161to ste\nuni\u0161tili ozon, za\u0161to su me ljudi htjeli zarobiti, za\u0161to su svima prekrivena\nusta i ne razgovaraju me\u0111usobno, za\u0161to\u2026?\u201d Mali princ je imao puno pitanja. Starac\npo\u010dne pripovijedati. Dugo je govorio o globalnom zatopljavanju, kiselim ki\u0161ama,\nepidemijama\u2026 Mali princ ga je pozorno slu\u0161ao i za\u010du\u0111eno kimao glavom: &#8220;Ali\nljudi nisu slabi, za\u0161to ne poprave stvari, sagrade ekolo\u0161ki prihvatljive\ntvornice i izvore energije, za\u0161to ne naprave posebne i velike rezervate za \u017eivotinje\nkao velike civilizacije u svemiru? Za\u0161to niste odgovorni?\u201d Starac je tu\u017eno\nslegnuo ramenima: \u201dTako je, ljudi nisu slabi,&nbsp;\ni zbog toga je njihova oholost velika. Bi\u0107a smo nenadma\u0161ivog ega. Sebi\u010dno\nmislimo samo na sebe, ne gledaju\u0107i u budu\u0107nost.\u201d <\/p>\n\n\n\n<p class=\"has-text-color has-medium-font-size has-vivid-cyan-blue-color\">Tu\u017ean i razo\u010daran Mali\nprinc se odlu\u010di vratiti na svoj planet \u017eale\u0107i&nbsp;\nmjesto koje je jednom smatrao drugim domom. Ipak, i dalje se nada da \u0107e\nna Zemlji, kad se ponovo vrati, sve biti druga\u010dije, bolje.<\/p>\n\n\n\n<p style=\"text-align:right\" class=\"has-text-color has-medium-font-size has-vivid-cyan-blue-color\">Jakov Koprek, 8.d <\/p>\n","protected":false},"excerpt":{"rendered":"<p>Mali princ se probudio u dubokom svemiru 1975. \u010cim se pribrao, odmah se zaputio k Zemlji. Stigao je u Ameriku 2021. godine.&nbsp; Nije se ni sna\u0161ao, a ameri\u010dka tajna slu\u017eba ga je poku\u0161ala zarobiti, mo\u017eda i ubiti i napraviti obdukciju njegova tijela. No, nasre\u0107u, uspio im je pobje\u0107i. \u201eHm, stanovnici Zemlje ne podnose razli\u010dite od [&hellip;]<\/p>\n","protected":false},"author":2,"featured_media":0,"parent":0,"menu_order":0,"comment_status":"closed","ping_status":"closed","template":"","meta":[],"_links":{"self":[{"href":"http:\/\/cvrcak-daruvar.com.hr\/index.php?rest_route=\/wp\/v2\/pages\/6389"}],"collection":[{"href":"http:\/\/cvrcak-daruvar.com.hr\/index.php?rest_route=\/wp\/v2\/pages"}],"about":[{"href":"http:\/\/cvrcak-daruvar.com.hr\/index.php?rest_route=\/wp\/v2\/types\/page"}],"author":[{"embeddable":true,"href":"http:\/\/cvrcak-daruvar.com.hr\/index.php?rest_route=\/wp\/v2\/users\/2"}],"replies":[{"embeddable":true,"href":"http:\/\/cvrcak-daruvar.com.hr\/index.php?rest_route=%2Fwp%2Fv2%2Fcomments&post=6389"}],"version-history":[{"count":1,"href":"http:\/\/cvrcak-daruvar.com.hr\/index.php?rest_route=\/wp\/v2\/pages\/6389\/revisions"}],"predecessor-version":[{"id":6391,"href":"http:\/\/cvrcak-daruvar.com.hr\/index.php?rest_route=\/wp\/v2\/pages\/6389\/revisions\/6391"}],"wp:attachment":[{"href":"http:\/\/cvrcak-daruvar.com.hr\/index.php?rest_route=%2Fwp%2Fv2%2Fmedia&parent=6389"}],"curies":[{"name":"wp","href":"https:\/\/api.w.org\/{rel}","templated":true}]}}