{"id":5856,"date":"2020-11-21T20:16:06","date_gmt":"2020-11-21T19:16:06","guid":{"rendered":"http:\/\/cvrcak-daruvar.com.hr\/?page_id=5856"},"modified":"2021-11-01T12:29:29","modified_gmt":"2021-11-01T11:29:29","slug":"literarni-kutak-9","status":"publish","type":"page","link":"http:\/\/cvrcak-daruvar.com.hr\/?page_id=5856","title":{"rendered":"LITERARNI KUTAK 2020.\/2021."},"content":{"rendered":"\n<p><\/p>\n\n\n\n<h2 class=\"wp-block-heading\"><a href=\"http:\/\/cvrcak-daruvar.com.hr\/?page_id=6648\" data-type=\"page\" data-id=\"6648\">\u0160to me \u010dini sretnom<\/a><\/h2>\n\n\n\n<h3 class=\"wp-block-heading\"><strong><a href=\"http:\/\/cvrcak-daruvar.com.hr\/?page_id=6389\" target=\"_blank\" rel=\"noreferrer noopener\" aria-label=\"Kada je Mali princ posjetio Zemlju 2021. (opens in a new tab)\">Kada je Mali princ posjetio Zemlju 2021.<\/a><\/strong><\/h3>\n\n\n\n<h2 class=\"wp-block-heading\">Slikovnice, 3.a<\/h2>\n\n\n\n<h3 class=\"wp-block-heading\"> <a href=\"https:\/\/read.bookcreator.com\/rWAHyPlsmgNQuAIhjIgM7VIYGex1\/oubopEknQ0utjlaJSO9YrQ\" target=\"_blank\" rel=\"noreferrer noopener\" aria-label=\"Pjesni\u010dke slike o prolje\u0107u (opens in a new tab)\">Pjesni\u010dke slike o prolje\u0107u<\/a> <\/h3>\n\n\n\n<h3 class=\"wp-block-heading\"><a href=\"https:\/\/read.bookcreator.com\/rWAHyPlsmgNQuAIhjIgM7VIYGex1\/vOjE6NVHSxuCGHifWIHG9g\" target=\"_blank\" rel=\"noreferrer noopener\" aria-label=\"Audio-vizualna slikovnica Grga \u010cvarak  (opens in a new tab)\">Audio-vizualna slikovnica Grga \u010cvarak <\/a><\/h3>\n\n\n\n<h2 class=\"wp-block-heading\"><strong><a href=\"http:\/\/cvrcak-daruvar.com.hr\/?page_id=6317\" target=\"_blank\" rel=\"noreferrer noopener\" aria-label=\"\u017dupanijska smotra LiDraNo 2021. (opens in a new tab)\">\u017dupanijska smotra LiDraNo 2021.<\/a><\/strong><\/h2>\n\n\n\n<figure class=\"wp-block-video\"><video controls src=\"http:\/\/cvrcak-daruvar.com.hr\/wp-content\/uploads\/2021\/03\/Kisobran3a.mp4\"><\/video><figcaption>Ki\u0161obran<\/figcaption><\/figure>\n\n\n\n<h3 class=\"wp-block-heading\"><a href=\"http:\/\/cvrcak-daruvar.com.hr\/?page_id=6248\" target=\"_blank\" rel=\"noreferrer noopener\" aria-label=\"Putovanje u budu\u0107nost (opens in a new tab)\">Putovanje u budu\u0107nost<\/a><\/h3>\n\n\n\n<h3 class=\"wp-block-heading\"><a href=\"http:\/\/cvrcak-daruvar.com.hr\/?page_id=6236\" target=\"_blank\" rel=\"noreferrer noopener\" aria-label=\"Zimska bajka (opens in a new tab)\">Zimska bajka<\/a><\/h3>\n\n\n\n<h3 class=\"wp-block-heading\"><a href=\"https:\/\/read.bookcreator.com\/rWAHyPlsmgNQuAIhjIgM7VIYGex1\/SR4Z-6qJR96_gAzMbuCt7Q\" target=\"_blank\" rel=\"noreferrer noopener\" aria-label=\"Zima, haiku poezija (opens in a new tab)\">Zima, haiku poezija<\/a><\/h3>\n\n\n\n<h3 class=\"wp-block-heading\"><a href=\"http:\/\/cvrcak-daruvar.com.hr\/?page_id=6098\" target=\"_blank\" rel=\"noreferrer noopener\" aria-label=\" Pjesmice o Bo\u017ei\u0107u i zimi  (opens in a new tab)\"> Pjesmice o Bo\u017ei\u0107u i zimi <\/a><\/h3>\n\n\n\n<h3 class=\"wp-block-heading\"><a rel=\"noreferrer noopener\" aria-label=\"Pahuljice (opens in a new tab)\" href=\"http:\/\/cvrcak-daruvar.com.hr\/?page_id=6074\" target=\"_blank\">Pahuljice<\/a><\/h3>\n\n\n\n<h3 class=\"wp-block-heading\"><strong><a rel=\"noreferrer noopener\" aria-label=\"Kad bih ja imao super mo\u0107i... (opens in a new tab)\" href=\"http:\/\/cvrcak-daruvar.com.hr\/?page_id=6141\" target=\"_blank\">Kad bih ja imao super mo\u0107i&#8230;<\/a><\/strong><\/h3>\n\n\n\n<h3 class=\"wp-block-heading\"><strong><a href=\"http:\/\/cvrcak-daruvar.com.hr\/?page_id=6146\" target=\"_blank\" rel=\"noreferrer noopener\" aria-label=\"Kako sam spasila svijet (opens in a new tab)\">Kako sam spasila svijet<\/a><\/strong><\/h3>\n\n\n\n<h3 class=\"wp-block-heading\"><a href=\"http:\/\/cvrcak-daruvar.com.hr\/?page_id=6024\" target=\"_blank\" rel=\"noreferrer noopener\" aria-label=\"Potraga za sre\u0107om (opens in a new tab)\">Potraga za sre\u0107om<\/a><\/h3>\n\n\n\n<h3 class=\"wp-block-heading\"><a href=\"https:\/\/read.bookcreator.com\/rWAHyPlsmgNQuAIhjIgM7VIYGex1\/-CSCACOvTRiJ6w553Q3WvA\" target=\"_blank\" rel=\"noreferrer noopener\" aria-label=\"Zajesenilo... (opens in a new tab)\">Zajesenilo&#8230;<\/a><\/h3>\n\n\n\n<h3 class=\"wp-block-heading\"><a href=\"http:\/\/cvrcak-daruvar.com.hr\/?page_id=5977\" target=\"_blank\" rel=\"noreferrer noopener\" aria-label=\"Bake i djedovi u \u0161kolskim klupama (opens in a new tab)\">Bake i djedovi u \u0161kolskim klupama<\/a><\/h3>\n\n\n\n<h3 class=\"wp-block-heading\"><a href=\"http:\/\/cvrcak-daruvar.com.hr\/?page_id=5896\"> Literarni Mjesec hrvatske knjige u 3. d&nbsp; <\/a><\/h3>\n","protected":false},"excerpt":{"rendered":"<p>\u0160to me \u010dini sretnom Kada je Mali princ posjetio Zemlju 2021. Slikovnice, 3.a Pjesni\u010dke slike o prolje\u0107u Audio-vizualna slikovnica Grga \u010cvarak \u017dupanijska smotra LiDraNo 2021. Putovanje u budu\u0107nost Zimska bajka Zima, haiku poezija Pjesmice o Bo\u017ei\u0107u i zimi Pahuljice Kad bih ja imao super mo\u0107i&#8230; Kako sam spasila svijet Potraga za sre\u0107om Zajesenilo&#8230; Bake i [&hellip;]<\/p>\n","protected":false},"author":2,"featured_media":0,"parent":0,"menu_order":0,"comment_status":"closed","ping_status":"closed","template":"","meta":[],"_links":{"self":[{"href":"http:\/\/cvrcak-daruvar.com.hr\/index.php?rest_route=\/wp\/v2\/pages\/5856"}],"collection":[{"href":"http:\/\/cvrcak-daruvar.com.hr\/index.php?rest_route=\/wp\/v2\/pages"}],"about":[{"href":"http:\/\/cvrcak-daruvar.com.hr\/index.php?rest_route=\/wp\/v2\/types\/page"}],"author":[{"embeddable":true,"href":"http:\/\/cvrcak-daruvar.com.hr\/index.php?rest_route=\/wp\/v2\/users\/2"}],"replies":[{"embeddable":true,"href":"http:\/\/cvrcak-daruvar.com.hr\/index.php?rest_route=%2Fwp%2Fv2%2Fcomments&post=5856"}],"version-history":[{"count":33,"href":"http:\/\/cvrcak-daruvar.com.hr\/index.php?rest_route=\/wp\/v2\/pages\/5856\/revisions"}],"predecessor-version":[{"id":6651,"href":"http:\/\/cvrcak-daruvar.com.hr\/index.php?rest_route=\/wp\/v2\/pages\/5856\/revisions\/6651"}],"wp:attachment":[{"href":"http:\/\/cvrcak-daruvar.com.hr\/index.php?rest_route=%2Fwp%2Fv2%2Fmedia&parent=5856"}],"curies":[{"name":"wp","href":"https:\/\/api.w.org\/{rel}","templated":true}]}}