{"id":5849,"date":"2020-11-21T20:13:30","date_gmt":"2020-11-21T19:13:30","guid":{"rendered":"http:\/\/cvrcak-daruvar.com.hr\/?page_id=5849"},"modified":"2021-10-25T10:23:16","modified_gmt":"2021-10-25T08:23:16","slug":"produzeni-boravak-4","status":"publish","type":"page","link":"http:\/\/cvrcak-daruvar.com.hr\/?page_id=5849","title":{"rendered":"PRODU\u017dENI BORAVAK 2020.\/2021."},"content":{"rendered":"\n<p>U \u0161kolskoj godini 2020.\/2021. produ\u017eeni boravak je po tre\u0107i puta u\u010denicima otvorio svoja vrata. U\u010denici dolaze u boravak prije ili nakon nastave. Vrijeme u boravku provode organizirano. Redovito pi\u0161u svoje zada\u0107e, u\u010de, opu\u0161taju se uz glazbu i \u010ditanje pri\u010da, pjevaju, ple\u0161u, ugodno se dru\u017ee sa svojim vr\u0161njacima. Svoju kreativnost pokazuju u kreativnim radionicama, igraju se na \u0161kolskom igrali\u0161tu ili u parku.&nbsp; O na\u0161im aktivnostima najbolje govore&nbsp;<a href=\"https:\/\/drive.google.com\/drive\/folders\/1rZow-OKdrUdZ4gmrZEy7TotJuXwrH8bx\">fotografije<\/a>.&nbsp;U\u010denici su tijekom godine bili uklju\u010deni u&nbsp;<strong>tri projekta<\/strong>: Kreativni boravka\u0161i, 100 dana boravka te Pisma iz produ\u017eenog boravka.<br><\/p>\n\n\n\n<p>U sklopu projekta&nbsp;<strong>Pisma iz produ\u017eenog boravka&nbsp;<\/strong>\u017eeljeli smo u\u010denike produ\u017eenog boravka upoznati s pisanjem i slanjem pisama diljem domovine, spoznati interese, sli\u010dnosti i razlike svakog u\u010denika te pobli\u017ee predstaviti mjesto iz kojeg dolaze. Tako smo uz pomo\u0107 knji\u017eni\u010darke nau\u010dili sve o pismima te sami izradili svoje razglednice. Slanje i primanje pisama bilo je ote\u017eano zbog epidemiolo\u0161ke situacije i nastave koja se u ve\u0107ini \u017eupanija odvijala online.<\/p>\n\n\n\n<p>Projektom\u00a0<strong>Kreativni boravka\u0161i<\/strong>\u00a0u\u010denike smo poticali na razvijanje ma\u0161te i kreativnog izra\u017eavanja s razli\u010ditim prirodnim materijalima i likovnim tehnikama. Tako smo uz pomo\u0107 ovog projekta na razne na\u010dine razvijali finu i grubu motoriku, kognitivne i afektivne sposobnosti koji uklju\u010duju \u0161ivanje, izradu ru\u010dnih radova te upoznavanje raznih likovnih tehnika. Izra\u0111ivali smo prigodne ukrase kojima smo ukrasili prostore produ\u017eenog boravka.<\/p>\n\n\n\n<figure class=\"wp-block-image\"><img decoding=\"async\" src=\"http:\/\/os-vnazora-daruvar.skole.hr\/upload\/os-vnazora-daruvar\/images\/static3\/3017\/Image\/KREATIVNI%20BORAVKA%C5%A0I.jpg\" alt=\"\"\/><figcaption><br><br><\/figcaption><\/figure>\n\n\n\n<p> Projekt<strong>\u00a020 dana dobrote<\/strong>\u00a0obilje\u017eili smo dobrim djelima. Cilj ovog projekta bio je poticati i razvijati socijalne i emocionalne odnose, korisno doprinositi \u0161iroj zajednici, te razvijati empatiju.\u00a0 Tijekom prosinca izradili smo Adventski kalendar u kojem su za svaki dan bili zadaci: \u010diniti dobra djela, uveseljevati bli\u017enje\u00a0 te \u010diniti da se drugi osje\u0107aju vrijednima. U\u010denici su se radovali svakom novom danu i zadatku. <\/p>\n\n\n\n<figure class=\"wp-block-image\"><img decoding=\"async\" src=\"http:\/\/os-vnazora-daruvar.skole.hr\/upload\/os-vnazora-daruvar\/images\/static3\/3017\/Image\/20%20dana%20dobrote.jpg\" alt=\"\"\/><figcaption><br><br><\/figcaption><\/figure>\n\n\n\n<figure class=\"wp-block-image\"><img decoding=\"async\" src=\"http:\/\/os-vnazora-daruvar.skole.hr\/upload\/os-vnazora-daruvar\/images\/static3\/3017\/Image\/20%20dana%20dobrote%20(1).jpg\" alt=\"\"\/><figcaption><br><br><\/figcaption><\/figure>\n\n\n\n<p><\/p>\n\n\n\n<p> Od 5. do 9. listopada 2020. godine, u\u010denici produ\u017eenog boravka O\u0160 Vladimira Nazora svojim su aktivnostima obilje\u017eili\u00a0<strong>Dje\u010dji tjedan.<\/strong>\u00a0Sudjelovanjem u razli\u010ditim radionicama, boravka\u0161i su usvajali znanja, razvijali vje\u0161tine i stavove u kontekstu upoznavanja i prakticiranja dje\u010djih prava. Osim spoznavanja svojih prava, cilj je bio osvijestiti u\u010denike o va\u017enosti po\u0161tivanja tu\u0111ih prava te empatije prema djeci \u010dija su prava naru\u0161ena. Iznosili su primjere iz svog \u017eivota i poku\u0161ali su osmisliti prijedloge vezane za za\u0161titu istih. <\/p>\n\n\n\n<figure class=\"wp-block-image\"><img decoding=\"async\" src=\"http:\/\/os-vnazora-daruvar.skole.hr\/upload\/os-vnazora-daruvar\/images\/static3\/3017\/Image\/dje%C4%8Dji%20tjedan.jpg\" alt=\"\"\/><\/figure>\n\n\n\n<p><\/p>\n\n\n\n<p> Zbog epidemiolo\u0161kih mjera, u organizaciji grada Daruvara odr\u017eane su i Ma\u0161kare u online izdanju na kojima su sudjelovali u\u010denici i u\u010ditelji produ\u017eenog boravka. <\/p>\n\n\n\n<figure class=\"wp-block-image\"><img decoding=\"async\" src=\"http:\/\/os-vnazora-daruvar.skole.hr\/upload\/os-vnazora-daruvar\/images\/static3\/3017\/Image\/viber_slika_2021-06-07_18-29-14.jpg\" alt=\"\"\/><\/figure>\n\n\n\n<p>U\u010denici produ\u017eenog boravka sudjelovali su na virtualnoj priredbi povodom Dana \u0161kole. U\u010denici su zajedno s u\u010diteljima pripremili plesne, pjeva\u010dke i kazali\u0161ne to\u010dke.<\/p>\n\n\n\n<p><a href=\"https:\/\/drive.google.com\/drive\/folders\/1IuphheNbMxwLUrfwxmt7apCr96kAHies?usp=sharing\" target=\"_blank\" rel=\"noreferrer noopener\" aria-label=\"FOTOGRAFIJE (opens in a new tab)\">FOTOGRAFIJE<\/a><\/p>\n","protected":false},"excerpt":{"rendered":"<p>U \u0161kolskoj godini 2020.\/2021. produ\u017eeni boravak je po tre\u0107i puta u\u010denicima otvorio svoja vrata. U\u010denici dolaze u boravak prije ili nakon nastave. Vrijeme u boravku provode organizirano. Redovito pi\u0161u svoje zada\u0107e, u\u010de, opu\u0161taju se uz glazbu i \u010ditanje pri\u010da, pjevaju, ple\u0161u, ugodno se dru\u017ee sa svojim vr\u0161njacima. Svoju kreativnost pokazuju u kreativnim radionicama, igraju se [&hellip;]<\/p>\n","protected":false},"author":2,"featured_media":0,"parent":0,"menu_order":0,"comment_status":"closed","ping_status":"closed","template":"","meta":[],"_links":{"self":[{"href":"http:\/\/cvrcak-daruvar.com.hr\/index.php?rest_route=\/wp\/v2\/pages\/5849"}],"collection":[{"href":"http:\/\/cvrcak-daruvar.com.hr\/index.php?rest_route=\/wp\/v2\/pages"}],"about":[{"href":"http:\/\/cvrcak-daruvar.com.hr\/index.php?rest_route=\/wp\/v2\/types\/page"}],"author":[{"embeddable":true,"href":"http:\/\/cvrcak-daruvar.com.hr\/index.php?rest_route=\/wp\/v2\/users\/2"}],"replies":[{"embeddable":true,"href":"http:\/\/cvrcak-daruvar.com.hr\/index.php?rest_route=%2Fwp%2Fv2%2Fcomments&post=5849"}],"version-history":[{"count":6,"href":"http:\/\/cvrcak-daruvar.com.hr\/index.php?rest_route=\/wp\/v2\/pages\/5849\/revisions"}],"predecessor-version":[{"id":6553,"href":"http:\/\/cvrcak-daruvar.com.hr\/index.php?rest_route=\/wp\/v2\/pages\/5849\/revisions\/6553"}],"wp:attachment":[{"href":"http:\/\/cvrcak-daruvar.com.hr\/index.php?rest_route=%2Fwp%2Fv2%2Fmedia&parent=5849"}],"curies":[{"name":"wp","href":"https:\/\/api.w.org\/{rel}","templated":true}]}}