{"id":5664,"date":"2020-03-01T21:02:10","date_gmt":"2020-03-01T20:02:10","guid":{"rendered":"http:\/\/cvrcak-daruvar.com.hr\/?page_id=5664"},"modified":"2020-03-01T21:02:10","modified_gmt":"2020-03-01T20:02:10","slug":"fasnicka-dogadanja-u-doljanima","status":"publish","type":"page","link":"http:\/\/cvrcak-daruvar.com.hr\/?page_id=5664","title":{"rendered":"Fa\u0161ni\u010dka doga\u0111anja u Doljanima"},"content":{"rendered":"\n<ul class=\"wp-block-gallery columns-1 is-cropped wp-block-gallery-1 is-layout-flex\"><li class=\"blocks-gallery-item\"><figure><img decoding=\"async\" loading=\"lazy\" width=\"1024\" height=\"498\" src=\"http:\/\/cvrcak-daruvar.com.hr\/wp-content\/uploads\/2020\/03\/M_Doljani-5-1024x498.jpg\" alt=\"\" data-id=\"5669\" data-link=\"http:\/\/cvrcak-daruvar.com.hr\/?attachment_id=5669\" class=\"wp-image-5669\" srcset=\"http:\/\/cvrcak-daruvar.com.hr\/wp-content\/uploads\/2020\/03\/M_Doljani-5-1024x498.jpg 1024w, http:\/\/cvrcak-daruvar.com.hr\/wp-content\/uploads\/2020\/03\/M_Doljani-5-300x146.jpg 300w, http:\/\/cvrcak-daruvar.com.hr\/wp-content\/uploads\/2020\/03\/M_Doljani-5-768x373.jpg 768w, http:\/\/cvrcak-daruvar.com.hr\/wp-content\/uploads\/2020\/03\/M_Doljani-5.jpg 1317w\" sizes=\"(max-width: 1024px) 100vw, 1024px\" \/><\/figure><\/li><li class=\"blocks-gallery-item\"><figure><img decoding=\"async\" loading=\"lazy\" width=\"1024\" height=\"498\" src=\"http:\/\/cvrcak-daruvar.com.hr\/wp-content\/uploads\/2020\/03\/M_Doljani-4-1024x498.jpg\" alt=\"\" data-id=\"5668\" data-link=\"http:\/\/cvrcak-daruvar.com.hr\/?attachment_id=5668\" class=\"wp-image-5668\" srcset=\"http:\/\/cvrcak-daruvar.com.hr\/wp-content\/uploads\/2020\/03\/M_Doljani-4-1024x498.jpg 1024w, http:\/\/cvrcak-daruvar.com.hr\/wp-content\/uploads\/2020\/03\/M_Doljani-4-300x146.jpg 300w, http:\/\/cvrcak-daruvar.com.hr\/wp-content\/uploads\/2020\/03\/M_Doljani-4-768x374.jpg 768w, http:\/\/cvrcak-daruvar.com.hr\/wp-content\/uploads\/2020\/03\/M_Doljani-4.jpg 1315w\" sizes=\"(max-width: 1024px) 100vw, 1024px\" \/><\/figure><\/li><li class=\"blocks-gallery-item\"><figure><img decoding=\"async\" loading=\"lazy\" width=\"720\" height=\"960\" src=\"http:\/\/cvrcak-daruvar.com.hr\/wp-content\/uploads\/2020\/03\/M_Doljani-3.jpg\" alt=\"\" data-id=\"5667\" data-link=\"http:\/\/cvrcak-daruvar.com.hr\/?attachment_id=5667\" class=\"wp-image-5667\" srcset=\"http:\/\/cvrcak-daruvar.com.hr\/wp-content\/uploads\/2020\/03\/M_Doljani-3.jpg 720w, http:\/\/cvrcak-daruvar.com.hr\/wp-content\/uploads\/2020\/03\/M_Doljani-3-225x300.jpg 225w\" sizes=\"(max-width: 720px) 100vw, 720px\" \/><\/figure><\/li><li class=\"blocks-gallery-item\"><figure><img decoding=\"async\" loading=\"lazy\" width=\"720\" height=\"960\" src=\"http:\/\/cvrcak-daruvar.com.hr\/wp-content\/uploads\/2020\/03\/M_Doljani-2.jpg\" alt=\"\" data-id=\"5666\" data-link=\"http:\/\/cvrcak-daruvar.com.hr\/?attachment_id=5666\" class=\"wp-image-5666\" srcset=\"http:\/\/cvrcak-daruvar.com.hr\/wp-content\/uploads\/2020\/03\/M_Doljani-2.jpg 720w, http:\/\/cvrcak-daruvar.com.hr\/wp-content\/uploads\/2020\/03\/M_Doljani-2-225x300.jpg 225w\" sizes=\"(max-width: 720px) 100vw, 720px\" \/><\/figure><\/li><li class=\"blocks-gallery-item\"><figure><img decoding=\"async\" loading=\"lazy\" width=\"720\" height=\"960\" src=\"http:\/\/cvrcak-daruvar.com.hr\/wp-content\/uploads\/2020\/03\/M_Doljani-1.jpg\" alt=\"\" data-id=\"5665\" data-link=\"http:\/\/cvrcak-daruvar.com.hr\/?attachment_id=5665\" class=\"wp-image-5665\" srcset=\"http:\/\/cvrcak-daruvar.com.hr\/wp-content\/uploads\/2020\/03\/M_Doljani-1.jpg 720w, http:\/\/cvrcak-daruvar.com.hr\/wp-content\/uploads\/2020\/03\/M_Doljani-1-225x300.jpg 225w\" sizes=\"(max-width: 720px) 100vw, 720px\" \/><\/figure><\/li><\/ul>\n\n\n\n<figure class=\"wp-block-image\"><img alt=\"\"\/><\/figure>\n","protected":false},"excerpt":{"rendered":"","protected":false},"author":2,"featured_media":0,"parent":0,"menu_order":0,"comment_status":"closed","ping_status":"closed","template":"","meta":[],"_links":{"self":[{"href":"http:\/\/cvrcak-daruvar.com.hr\/index.php?rest_route=\/wp\/v2\/pages\/5664"}],"collection":[{"href":"http:\/\/cvrcak-daruvar.com.hr\/index.php?rest_route=\/wp\/v2\/pages"}],"about":[{"href":"http:\/\/cvrcak-daruvar.com.hr\/index.php?rest_route=\/wp\/v2\/types\/page"}],"author":[{"embeddable":true,"href":"http:\/\/cvrcak-daruvar.com.hr\/index.php?rest_route=\/wp\/v2\/users\/2"}],"replies":[{"embeddable":true,"href":"http:\/\/cvrcak-daruvar.com.hr\/index.php?rest_route=%2Fwp%2Fv2%2Fcomments&post=5664"}],"version-history":[{"count":1,"href":"http:\/\/cvrcak-daruvar.com.hr\/index.php?rest_route=\/wp\/v2\/pages\/5664\/revisions"}],"predecessor-version":[{"id":5670,"href":"http:\/\/cvrcak-daruvar.com.hr\/index.php?rest_route=\/wp\/v2\/pages\/5664\/revisions\/5670"}],"wp:attachment":[{"href":"http:\/\/cvrcak-daruvar.com.hr\/index.php?rest_route=%2Fwp%2Fv2%2Fmedia&parent=5664"}],"curies":[{"name":"wp","href":"https:\/\/api.w.org\/{rel}","templated":true}]}}