{"id":5639,"date":"2020-02-28T08:31:19","date_gmt":"2020-02-28T07:31:19","guid":{"rendered":"http:\/\/cvrcak-daruvar.com.hr\/?page_id=5639"},"modified":"2020-02-28T08:31:19","modified_gmt":"2020-02-28T07:31:19","slug":"zaljubljeni-ginko","status":"publish","type":"page","link":"http:\/\/cvrcak-daruvar.com.hr\/?page_id=5639","title":{"rendered":"Zaljubljeni ginko"},"content":{"rendered":"\n<p><\/p>\n\n\n\n<p>Ja sam zaljubljeni ginko. Zaljubljen sam u tebe. Evo, sretan\nsam \u0161to smo zajedno.<\/p>\n\n\n\n<p>Stvarno sam zaljubljen u tebe. \u017delio bih da jo\u0161 dugo budemo\nzajedno i jedan pored drugog., jo\u0161 200 god. <\/p>\n\n\n\n<p style=\"text-align:right\">Patrik Ten\u017eera , 1.c&nbsp;\n, Ekolo\u0161ka skupina&nbsp; u\u010diteljice\nInge \u017dupi\u0107<\/p>\n","protected":false},"excerpt":{"rendered":"<p>Ja sam zaljubljeni ginko. Zaljubljen sam u tebe. Evo, sretan sam \u0161to smo zajedno. Stvarno sam zaljubljen u tebe. \u017delio bih da jo\u0161 dugo budemo zajedno i jedan pored drugog., jo\u0161 200 god. Patrik Ten\u017eera , 1.c&nbsp; , Ekolo\u0161ka skupina&nbsp; u\u010diteljice Inge \u017dupi\u0107<\/p>\n","protected":false},"author":2,"featured_media":0,"parent":0,"menu_order":0,"comment_status":"closed","ping_status":"closed","template":"","meta":[],"_links":{"self":[{"href":"http:\/\/cvrcak-daruvar.com.hr\/index.php?rest_route=\/wp\/v2\/pages\/5639"}],"collection":[{"href":"http:\/\/cvrcak-daruvar.com.hr\/index.php?rest_route=\/wp\/v2\/pages"}],"about":[{"href":"http:\/\/cvrcak-daruvar.com.hr\/index.php?rest_route=\/wp\/v2\/types\/page"}],"author":[{"embeddable":true,"href":"http:\/\/cvrcak-daruvar.com.hr\/index.php?rest_route=\/wp\/v2\/users\/2"}],"replies":[{"embeddable":true,"href":"http:\/\/cvrcak-daruvar.com.hr\/index.php?rest_route=%2Fwp%2Fv2%2Fcomments&post=5639"}],"version-history":[{"count":1,"href":"http:\/\/cvrcak-daruvar.com.hr\/index.php?rest_route=\/wp\/v2\/pages\/5639\/revisions"}],"predecessor-version":[{"id":5640,"href":"http:\/\/cvrcak-daruvar.com.hr\/index.php?rest_route=\/wp\/v2\/pages\/5639\/revisions\/5640"}],"wp:attachment":[{"href":"http:\/\/cvrcak-daruvar.com.hr\/index.php?rest_route=%2Fwp%2Fv2%2Fmedia&parent=5639"}],"curies":[{"name":"wp","href":"https:\/\/api.w.org\/{rel}","templated":true}]}}