{"id":5633,"date":"2020-02-28T08:28:37","date_gmt":"2020-02-28T07:28:37","guid":{"rendered":"http:\/\/cvrcak-daruvar.com.hr\/?page_id=5633"},"modified":"2020-02-28T08:28:37","modified_gmt":"2020-02-28T07:28:37","slug":"plasticnim-cepovima-do-skupih-lijekova","status":"publish","type":"page","link":"http:\/\/cvrcak-daruvar.com.hr\/?page_id=5633","title":{"rendered":"Plasti\u010dnim \u010depovima do skupih lijekova"},"content":{"rendered":"\n<figure class=\"wp-block-image\"><img decoding=\"async\" loading=\"lazy\" width=\"576\" height=\"1024\" src=\"http:\/\/cvrcak-daruvar.com.hr\/wp-content\/uploads\/2020\/02\/IMG-20200224-WA0000-576x1024.jpg\" alt=\"\" class=\"wp-image-5634\" srcset=\"http:\/\/cvrcak-daruvar.com.hr\/wp-content\/uploads\/2020\/02\/IMG-20200224-WA0000-576x1024.jpg 576w, http:\/\/cvrcak-daruvar.com.hr\/wp-content\/uploads\/2020\/02\/IMG-20200224-WA0000-169x300.jpg 169w, http:\/\/cvrcak-daruvar.com.hr\/wp-content\/uploads\/2020\/02\/IMG-20200224-WA0000-768x1365.jpg 768w, http:\/\/cvrcak-daruvar.com.hr\/wp-content\/uploads\/2020\/02\/IMG-20200224-WA0000.jpg 900w\" sizes=\"(max-width: 576px) 100vw, 576px\" \/><\/figure>\n\n\n\n<p>U\u010denici Ekolo\u0161ke skupine ni\u017eih razreda ponovno su pokrenuli\nakciju Plasti\u010dnim \u010depovima do skupih lijekova. Na satu Ekolo\u0161ke skupine\nizradili su kutiju u koju svi u\u010denici Frankopanske \u0161kole mogu odlagati \u010depove boca.\nVelik broj u\u010denika pridru\u017eio se akciji. Posebno bi pohvalili u\u010denika 2. c\nrazreda ,Josipa Malinu,&nbsp; koji je prikupio\nveliku koli\u010dinu \u010depova . Nadamo se da \u0107e njegov postupak motivirati i druge\nu\u010denike na prikupljane . U\u010denici i u\u010diteljica Ekolo\u0161ke skupine zahvaljuju svima\nkoji su se pridru\u017eili akciji i onima koji to namjeravaju.<\/p>\n\n\n\n<p style=\"text-align:right\"> U\u010diteljica Inga \u017dupi\u0107 <\/p>\n","protected":false},"excerpt":{"rendered":"<p>U\u010denici Ekolo\u0161ke skupine ni\u017eih razreda ponovno su pokrenuli akciju Plasti\u010dnim \u010depovima do skupih lijekova. Na satu Ekolo\u0161ke skupine izradili su kutiju u koju svi u\u010denici Frankopanske \u0161kole mogu odlagati \u010depove boca. Velik broj u\u010denika pridru\u017eio se akciji. Posebno bi pohvalili u\u010denika 2. c razreda ,Josipa Malinu,&nbsp; koji je prikupio veliku koli\u010dinu \u010depova . Nadamo se [&hellip;]<\/p>\n","protected":false},"author":2,"featured_media":0,"parent":0,"menu_order":0,"comment_status":"closed","ping_status":"closed","template":"","meta":[],"_links":{"self":[{"href":"http:\/\/cvrcak-daruvar.com.hr\/index.php?rest_route=\/wp\/v2\/pages\/5633"}],"collection":[{"href":"http:\/\/cvrcak-daruvar.com.hr\/index.php?rest_route=\/wp\/v2\/pages"}],"about":[{"href":"http:\/\/cvrcak-daruvar.com.hr\/index.php?rest_route=\/wp\/v2\/types\/page"}],"author":[{"embeddable":true,"href":"http:\/\/cvrcak-daruvar.com.hr\/index.php?rest_route=\/wp\/v2\/users\/2"}],"replies":[{"embeddable":true,"href":"http:\/\/cvrcak-daruvar.com.hr\/index.php?rest_route=%2Fwp%2Fv2%2Fcomments&post=5633"}],"version-history":[{"count":1,"href":"http:\/\/cvrcak-daruvar.com.hr\/index.php?rest_route=\/wp\/v2\/pages\/5633\/revisions"}],"predecessor-version":[{"id":5635,"href":"http:\/\/cvrcak-daruvar.com.hr\/index.php?rest_route=\/wp\/v2\/pages\/5633\/revisions\/5635"}],"wp:attachment":[{"href":"http:\/\/cvrcak-daruvar.com.hr\/index.php?rest_route=%2Fwp%2Fv2%2Fmedia&parent=5633"}],"curies":[{"name":"wp","href":"https:\/\/api.w.org\/{rel}","templated":true}]}}