{"id":539,"date":"2012-06-07T08:56:07","date_gmt":"2012-06-07T06:56:07","guid":{"rendered":"http:\/\/cvrcak-daruvar.com.hr\/?page_id=539"},"modified":"2012-06-07T08:56:22","modified_gmt":"2012-06-07T06:56:22","slug":"zlatne-ruke","status":"publish","type":"page","link":"http:\/\/cvrcak-daruvar.com.hr\/?page_id=539","title":{"rendered":"Zlatne ruke"},"content":{"rendered":"<p>Karitativna skupina <em>Zlatne ruke<\/em><\/p>\n<p>Karitativna skupina <em>Zlatne ruke<\/em> svojim je radom sudjelovala u brojnim aktivnostima \u0161kole.<\/p>\n<p><a href=\"http:\/\/cvrcak-daruvar.com.hr\/wp-content\/uploads\/2012\/06\/DSC02792.jpg\" class=\"gallery_colorbox\"><img decoding=\"async\" loading=\"lazy\" class=\"aligncenter size-medium wp-image-542\" title=\"DSC02792\" src=\"http:\/\/cvrcak-daruvar.com.hr\/wp-content\/uploads\/2012\/06\/DSC02792-300x236.jpg\"  alt=\"\" width=\"300\" height=\"236\" srcset=\"http:\/\/cvrcak-daruvar.com.hr\/wp-content\/uploads\/2012\/06\/DSC02792-300x236.jpg 300w, http:\/\/cvrcak-daruvar.com.hr\/wp-content\/uploads\/2012\/06\/DSC02792-1024x808.jpg 1024w\" sizes=\"(max-width: 300px) 100vw, 300px\" \/><\/a><\/p>\n<p>Zlatne su ruke na\u0161ih u\u010denika pomagale u\u00a0 humanitarnim akcijama te\u00a0 samostalno organizirali akcije povodom Bo\u017ei\u0107a i Valentinova.<\/p>\n<p><a href=\"http:\/\/cvrcak-daruvar.com.hr\/wp-content\/uploads\/2012\/06\/dan-kruha-2011-027.jpg\" class=\"gallery_colorbox\"><img decoding=\"async\" loading=\"lazy\" class=\"alignleft size-thumbnail wp-image-540\" title=\"OLYMPUS DIGITAL CAMERA\" src=\"http:\/\/cvrcak-daruvar.com.hr\/wp-content\/uploads\/2012\/06\/dan-kruha-2011-027-150x150.jpg\"  alt=\"\" width=\"150\" height=\"150\" \/><\/a>Izra\u0111ivali smo \u010destitke kojima smo ukrasili poklone za starije osobe koje su u\u010denici na\u0161e \u0161kole posje\u0107ivali u sklopu akcije \u201eOd zlata jabuka\u201c.<\/p>\n<p>Izradili smo stalke za olovke i organizirali bo\u017ei\u0107nu prodaju u holu \u0161kole, u Gajevoj ulici.<\/p>\n<p>Organizirali smo prodajnu akciju i povodom Valentinova. U\u010denicima na\u0161e \u0161kole jako su se svidjeli privjesci, ogrlice i nau\u0161nice u obliku srca te smo ih sve prodali u rekordnom roku.<\/p>\n<p><a href=\"http:\/\/cvrcak-daruvar.com.hr\/wp-content\/uploads\/2012\/06\/2011.10.-mob-228.jpg\" class=\"gallery_colorbox\"><img decoding=\"async\" loading=\"lazy\" class=\"alignright size-medium wp-image-541\" title=\"2011.10. mob 228\" src=\"http:\/\/cvrcak-daruvar.com.hr\/wp-content\/uploads\/2012\/06\/2011.10.-mob-228-300x195.jpg\"  alt=\"\" width=\"300\" height=\"195\" srcset=\"http:\/\/cvrcak-daruvar.com.hr\/wp-content\/uploads\/2012\/06\/2011.10.-mob-228-300x195.jpg 300w, http:\/\/cvrcak-daruvar.com.hr\/wp-content\/uploads\/2012\/06\/2011.10.-mob-228-1024x667.jpg 1024w\" sizes=\"(max-width: 300px) 100vw, 300px\" \/><\/a>Bili smo marljivi i u akciji <em>Nau\u010dimo dobrotu<\/em>. Izra\u0111ivali smo brojne uskrsne ukrase: ze\u010di\u0107e od ispuhanih jaja i glinamola, vjen\u010di\u0107e, aran\u017emane od jute\u2026<\/p>\n<p>Naravno, bili smo aktivni i u prodaji.<\/p>\n<p>Sav prihod akcija koje smo organizirali uklju\u010den je u humanitarni fond \u0161kole.<\/p>\n<p><a href=\"http:\/\/cvrcak-daruvar.com.hr\/wp-content\/uploads\/2012\/06\/DSC02790.jpg\" class=\"gallery_colorbox\"><img decoding=\"async\" loading=\"lazy\" class=\"aligncenter size-large wp-image-543\" title=\"DSC02790\" src=\"http:\/\/cvrcak-daruvar.com.hr\/wp-content\/uploads\/2012\/06\/DSC02790-1024x764.jpg\"  alt=\"\" width=\"500\" height=\"373\" srcset=\"http:\/\/cvrcak-daruvar.com.hr\/wp-content\/uploads\/2012\/06\/DSC02790-1024x764.jpg 1024w, http:\/\/cvrcak-daruvar.com.hr\/wp-content\/uploads\/2012\/06\/DSC02790-300x223.jpg 300w\" sizes=\"(max-width: 500px) 100vw, 500px\" \/><\/a><\/p>\n<p align=\"right\"><em>Voditeljica skupina: Tihana Petkovi\u0107<\/em><\/p>\n","protected":false},"excerpt":{"rendered":"<p>Karitativna skupina Zlatne ruke Karitativna skupina Zlatne ruke svojim je radom sudjelovala u brojnim aktivnostima \u0161kole. Zlatne su ruke na\u0161ih u\u010denika pomagale u\u00a0 humanitarnim akcijama te\u00a0 samostalno organizirali akcije povodom Bo\u017ei\u0107a i Valentinova. Izra\u0111ivali smo \u010destitke kojima smo ukrasili poklone za starije osobe koje su u\u010denici na\u0161e \u0161kole posje\u0107ivali u sklopu akcije \u201eOd zlata jabuka\u201c. [&hellip;]<\/p>\n","protected":false},"author":1,"featured_media":0,"parent":519,"menu_order":0,"comment_status":"closed","ping_status":"closed","template":"","meta":[],"_links":{"self":[{"href":"http:\/\/cvrcak-daruvar.com.hr\/index.php?rest_route=\/wp\/v2\/pages\/539"}],"collection":[{"href":"http:\/\/cvrcak-daruvar.com.hr\/index.php?rest_route=\/wp\/v2\/pages"}],"about":[{"href":"http:\/\/cvrcak-daruvar.com.hr\/index.php?rest_route=\/wp\/v2\/types\/page"}],"author":[{"embeddable":true,"href":"http:\/\/cvrcak-daruvar.com.hr\/index.php?rest_route=\/wp\/v2\/users\/1"}],"replies":[{"embeddable":true,"href":"http:\/\/cvrcak-daruvar.com.hr\/index.php?rest_route=%2Fwp%2Fv2%2Fcomments&post=539"}],"version-history":[{"count":3,"href":"http:\/\/cvrcak-daruvar.com.hr\/index.php?rest_route=\/wp\/v2\/pages\/539\/revisions"}],"predecessor-version":[{"id":547,"href":"http:\/\/cvrcak-daruvar.com.hr\/index.php?rest_route=\/wp\/v2\/pages\/539\/revisions\/547"}],"up":[{"embeddable":true,"href":"http:\/\/cvrcak-daruvar.com.hr\/index.php?rest_route=\/wp\/v2\/pages\/519"}],"wp:attachment":[{"href":"http:\/\/cvrcak-daruvar.com.hr\/index.php?rest_route=%2Fwp%2Fv2%2Fmedia&parent=539"}],"curies":[{"name":"wp","href":"https:\/\/api.w.org\/{rel}","templated":true}]}}