{"id":5367,"date":"2019-12-09T18:50:04","date_gmt":"2019-12-09T17:50:04","guid":{"rendered":"http:\/\/cvrcak-daruvar.com.hr\/?page_id=5367"},"modified":"2019-12-10T20:06:28","modified_gmt":"2019-12-10T19:06:28","slug":"jesenski-sesir","status":"publish","type":"page","link":"http:\/\/cvrcak-daruvar.com.hr\/?page_id=5367","title":{"rendered":"Pri\u010da jesenskog \u0161e\u0161ira"},"content":{"rendered":"\n<div class=\"wp-block-image\"><figure class=\"aligncenter\"><img decoding=\"async\" loading=\"lazy\" width=\"300\" height=\"168\" src=\"http:\/\/cvrcak-daruvar.com.hr\/wp-content\/uploads\/2019\/12\/Jesenski_sesir.png\" alt=\"\" class=\"wp-image-5374\"\/><figcaption><strong><a href=\"https:\/\/drive.google.com\/file\/d\/1wJ9nsX11jrJ097NYwiA-aGrjykfoo0cZ\/view?usp=sharing\" target=\"_blank\" rel=\"noreferrer noopener\" aria-label=\"Pri\u010da 1 (opens in a new tab)\">Pri\u010da 1<\/a><\/strong><\/figcaption><\/figure><\/div>\n\n\n\n<div class=\"wp-block-image\"><figure class=\"aligncenter is-resized\"><img decoding=\"async\" loading=\"lazy\" src=\"http:\/\/cvrcak-daruvar.com.hr\/wp-content\/uploads\/2019\/12\/Jesenski_sesir-2.png\" alt=\"\" class=\"wp-image-5375\" width=\"299\" height=\"202\"\/><figcaption><strong><a href=\"https:\/\/drive.google.com\/file\/d\/1HR4vO92z83R2mBIIzF8TtCAokzZBUJmH\/view?usp=sharing\">Pri\u010da 2<\/a><\/strong><\/figcaption><\/figure><\/div>\n\n\n\n<div class=\"wp-block-image\"><figure class=\"aligncenter\"><img decoding=\"async\" loading=\"lazy\" width=\"349\" height=\"67\" src=\"http:\/\/cvrcak-daruvar.com.hr\/wp-content\/uploads\/2019\/12\/Jesenski_sesir-3.png\" alt=\"\" class=\"wp-image-5379\" srcset=\"http:\/\/cvrcak-daruvar.com.hr\/wp-content\/uploads\/2019\/12\/Jesenski_sesir-3.png 349w, http:\/\/cvrcak-daruvar.com.hr\/wp-content\/uploads\/2019\/12\/Jesenski_sesir-3-300x58.png 300w\" sizes=\"(max-width: 349px) 100vw, 349px\" \/><figcaption><strong><a href=\"https:\/\/drive.google.com\/file\/d\/1C6Kp4dhucr_j1S4oJkQg7o89_SS78Pdj\/view?usp=sharing\" target=\"_blank\" rel=\"noreferrer noopener\" aria-label=\"Pri\u010da 3 (opens in a new tab)\">Pri\u010da 3<\/a><\/strong><\/figcaption><\/figure><\/div>\n\n\n\n<div class=\"wp-block-image\"><figure class=\"aligncenter is-resized\"><img decoding=\"async\" loading=\"lazy\" src=\"http:\/\/cvrcak-daruvar.com.hr\/wp-content\/uploads\/2019\/12\/Jesenski_sesir-4.png\" alt=\"\" class=\"wp-image-5381\" width=\"286\" height=\"286\" srcset=\"http:\/\/cvrcak-daruvar.com.hr\/wp-content\/uploads\/2019\/12\/Jesenski_sesir-4.png 225w, http:\/\/cvrcak-daruvar.com.hr\/wp-content\/uploads\/2019\/12\/Jesenski_sesir-4-150x150.png 150w\" sizes=\"(max-width: 286px) 100vw, 286px\" \/><figcaption><strong><a href=\"https:\/\/drive.google.com\/file\/d\/1BKedYfuBnRYDIQ_YeAO7kb81vi4SEhjq\/view?usp=sharing\" target=\"_blank\" rel=\"noreferrer noopener\" aria-label=\"Pri\u010da 4 (opens in a new tab)\">Pri\u010da 4<\/a><\/strong><\/figcaption><\/figure><\/div>\n\n\n\n<div class=\"wp-block-image\"><figure class=\"aligncenter\"><img decoding=\"async\" loading=\"lazy\" width=\"309\" height=\"163\" src=\"http:\/\/cvrcak-daruvar.com.hr\/wp-content\/uploads\/2019\/12\/Sesir.jpg\" alt=\"\" class=\"wp-image-5389\" srcset=\"http:\/\/cvrcak-daruvar.com.hr\/wp-content\/uploads\/2019\/12\/Sesir.jpg 309w, http:\/\/cvrcak-daruvar.com.hr\/wp-content\/uploads\/2019\/12\/Sesir-300x158.jpg 300w\" sizes=\"(max-width: 309px) 100vw, 309px\" \/><figcaption><strong><a href=\"https:\/\/drive.google.com\/file\/d\/1GAgnc5uKo6iAuHLzoFEd58qNHqlO4qu8\/view?usp=sharing\" target=\"_blank\" rel=\"noreferrer noopener\" aria-label=\"Pri\u010da 5 (opens in a new tab)\">Pri\u010da 5<\/a><\/strong><\/figcaption><\/figure><\/div>\n\n\n\n<div class=\"wp-block-image\"><figure class=\"aligncenter\"><img decoding=\"async\" loading=\"lazy\" width=\"225\" height=\"225\" src=\"http:\/\/cvrcak-daruvar.com.hr\/wp-content\/uploads\/2019\/12\/Slamnati.png\" alt=\"\" class=\"wp-image-5461\" srcset=\"http:\/\/cvrcak-daruvar.com.hr\/wp-content\/uploads\/2019\/12\/Slamnati.png 225w, http:\/\/cvrcak-daruvar.com.hr\/wp-content\/uploads\/2019\/12\/Slamnati-150x150.png 150w\" sizes=\"(max-width: 225px) 100vw, 225px\" \/><figcaption><strong><a href=\"https:\/\/drive.google.com\/file\/d\/15Y_zercEqCAanT-IareXcxpkS3I-czEs\/view?usp=sharing\">Pri\u010da 6<\/a><\/strong><\/figcaption><\/figure><\/div>\n","protected":false},"excerpt":{"rendered":"","protected":false},"author":2,"featured_media":0,"parent":0,"menu_order":0,"comment_status":"closed","ping_status":"closed","template":"","meta":[],"_links":{"self":[{"href":"http:\/\/cvrcak-daruvar.com.hr\/index.php?rest_route=\/wp\/v2\/pages\/5367"}],"collection":[{"href":"http:\/\/cvrcak-daruvar.com.hr\/index.php?rest_route=\/wp\/v2\/pages"}],"about":[{"href":"http:\/\/cvrcak-daruvar.com.hr\/index.php?rest_route=\/wp\/v2\/types\/page"}],"author":[{"embeddable":true,"href":"http:\/\/cvrcak-daruvar.com.hr\/index.php?rest_route=\/wp\/v2\/users\/2"}],"replies":[{"embeddable":true,"href":"http:\/\/cvrcak-daruvar.com.hr\/index.php?rest_route=%2Fwp%2Fv2%2Fcomments&post=5367"}],"version-history":[{"count":11,"href":"http:\/\/cvrcak-daruvar.com.hr\/index.php?rest_route=\/wp\/v2\/pages\/5367\/revisions"}],"predecessor-version":[{"id":5464,"href":"http:\/\/cvrcak-daruvar.com.hr\/index.php?rest_route=\/wp\/v2\/pages\/5367\/revisions\/5464"}],"wp:attachment":[{"href":"http:\/\/cvrcak-daruvar.com.hr\/index.php?rest_route=%2Fwp%2Fv2%2Fmedia&parent=5367"}],"curies":[{"name":"wp","href":"https:\/\/api.w.org\/{rel}","templated":true}]}}