{"id":5353,"date":"2019-12-09T18:41:22","date_gmt":"2019-12-09T17:41:22","guid":{"rendered":"http:\/\/cvrcak-daruvar.com.hr\/?page_id=5353"},"modified":"2020-11-21T19:35:18","modified_gmt":"2020-11-21T18:35:18","slug":"fotografije-5","status":"publish","type":"page","link":"http:\/\/cvrcak-daruvar.com.hr\/?page_id=5353","title":{"rendered":"Fotografije 2019.\/2020."},"content":{"rendered":"\n<p><\/p>\n\n\n\n<p><\/p>\n\n\n\n<h3 class=\"wp-block-heading\"><a href=\"http:\/\/cvrcak-daruvar.com.hr\/?page_id=5664\" target=\"_blank\" rel=\"noreferrer noopener\" aria-label=\"Fa\u0161ni\u010dka doga\u0111anja u Doljanima (opens in a new tab)\">Fa\u0161ni\u010dka doga\u0111anja u Doljanima<\/a><\/h3>\n","protected":false},"excerpt":{"rendered":"<p>Fa\u0161ni\u010dka doga\u0111anja u Doljanima<\/p>\n","protected":false},"author":2,"featured_media":0,"parent":0,"menu_order":0,"comment_status":"closed","ping_status":"closed","template":"","meta":[],"_links":{"self":[{"href":"http:\/\/cvrcak-daruvar.com.hr\/index.php?rest_route=\/wp\/v2\/pages\/5353"}],"collection":[{"href":"http:\/\/cvrcak-daruvar.com.hr\/index.php?rest_route=\/wp\/v2\/pages"}],"about":[{"href":"http:\/\/cvrcak-daruvar.com.hr\/index.php?rest_route=\/wp\/v2\/types\/page"}],"author":[{"embeddable":true,"href":"http:\/\/cvrcak-daruvar.com.hr\/index.php?rest_route=\/wp\/v2\/users\/2"}],"replies":[{"embeddable":true,"href":"http:\/\/cvrcak-daruvar.com.hr\/index.php?rest_route=%2Fwp%2Fv2%2Fcomments&post=5353"}],"version-history":[{"count":4,"href":"http:\/\/cvrcak-daruvar.com.hr\/index.php?rest_route=\/wp\/v2\/pages\/5353\/revisions"}],"predecessor-version":[{"id":5819,"href":"http:\/\/cvrcak-daruvar.com.hr\/index.php?rest_route=\/wp\/v2\/pages\/5353\/revisions\/5819"}],"wp:attachment":[{"href":"http:\/\/cvrcak-daruvar.com.hr\/index.php?rest_route=%2Fwp%2Fv2%2Fmedia&parent=5353"}],"curies":[{"name":"wp","href":"https:\/\/api.w.org\/{rel}","templated":true}]}}