{"id":5277,"date":"2019-06-17T17:21:19","date_gmt":"2019-06-17T15:21:19","guid":{"rendered":"http:\/\/cvrcak-daruvar.com.hr\/?page_id=5277"},"modified":"2019-06-17T17:40:42","modified_gmt":"2019-06-17T15:40:42","slug":"deset-dana-astronomije","status":"publish","type":"page","link":"http:\/\/cvrcak-daruvar.com.hr\/?page_id=5277","title":{"rendered":"Deset dana astronomije"},"content":{"rendered":"\n<p>Ove godine u sklopu manifestacije Deset dana astronomije u na\u0161oj \u0161koli odr\u017ean je velik broj radionica i predavanja, a gosti predava\u010di su nam bili Vibor Jeli\u0107 sa Instituta Ru\u0111er Bo\u0161kovi\u0107 iz Zagreba, Ivica Puljak sa splitskog Fakulteta elektrotehnike , strojarstva i brodogradnje, Ante Radoni\u0107 dugogodi\u0161nji voditelj Planetarija u Tehni\u010dkom muzeju u Zagrebu, na\u0161a biv\u0161a u\u010denica Petra Bubli\u0107 sada studentica na Zdravstvenom veleu\u010dili\u0161tu u Zagrebu, najaktivnija \u010dlanica AD Kumova slama Dunja \u017dupani\u0107 iz na\u0161e Tehni\u010dke \u0161kole. Tako\u0111er osobno sam odr\u017eao tri radionice. Treba naglasiti da su ovo bili deseti dani astronomije u Daruvaru, pa smo tako zaokru\u017eili 100 dana astronomije u na\u0161em gradu.\u00a0 \u00a0 \u00a0 \u00a0 \u00a0 \u00a0 \u00a0 \u00a0 \u00a0 \u00a0 \u00a0 \u00a0 \u00a0 \u00a0 \u00a0 \u00a0 \u00a0 \u00a0 \u00a0 \u00a0 \u00a0 \u00a0 \u00a0 \u00a0 \u00a0 \u00a0 \u00a0 \u00a0 \u00a0 \u00a0 \u00a0 \u00a0 \u00a0 \u00a0 \u00a0 \u00a0 \u00a0 \u00a0 \u00a0 \u00a0 \u00a0 \u00a0 \u00a0 \u00a0 \u00a0 \u00a0 \u00a0 \u00a0 \u00a0 \u00a0 \u00a0 \u00a0 \u00a0 \u00a0 \u00a0 \u00a0 \u00a0 \u00a0 \u00a0 \u00a0 \u00a0 \u00a0 \u00a0 \u00a0 \u00a0 \u00a0 \u00a0 \u00a0U\u010ditelj : Denis Singer <\/p>\n\n\n\n<div class=\"wp-block-image\"><figure class=\"aligncenter\"><img decoding=\"async\" loading=\"lazy\" width=\"640\" height=\"135\" src=\"http:\/\/cvrcak-daruvar.com.hr\/wp-content\/uploads\/2019\/06\/atablica.jpg\" alt=\"\" class=\"wp-image-5299\" srcset=\"http:\/\/cvrcak-daruvar.com.hr\/wp-content\/uploads\/2019\/06\/atablica.jpg 640w, http:\/\/cvrcak-daruvar.com.hr\/wp-content\/uploads\/2019\/06\/atablica-300x63.jpg 300w\" sizes=\"(max-width: 640px) 100vw, 640px\" \/><\/figure><\/div>\n\n\n\n<h2 class=\"wp-block-heading\"><strong>DANA ASTRONOMIJE 2019. GODINE U NA\u0160OJ \u0160KOLI<\/strong><\/h2>\n\n\n\n<p><\/p>\n\n\n\n<p>Predavanje &#8211; Petra Bubli\u0107 \u2013 Astronauti<\/p>\n\n\n\n<div class=\"wp-block-image\"><figure class=\"aligncenter\"><img decoding=\"async\" loading=\"lazy\" width=\"640\" height=\"480\" src=\"http:\/\/cvrcak-daruvar.com.hr\/wp-content\/uploads\/2019\/06\/a1.jpg\" alt=\"\" class=\"wp-image-5280\" srcset=\"http:\/\/cvrcak-daruvar.com.hr\/wp-content\/uploads\/2019\/06\/a1.jpg 640w, http:\/\/cvrcak-daruvar.com.hr\/wp-content\/uploads\/2019\/06\/a1-300x225.jpg 300w\" sizes=\"(max-width: 640px) 100vw, 640px\" \/><\/figure><\/div>\n\n\n\n<p>Predavanje &#8211; dr.sc. Vibor Jeli\u0107: Istra\u017eimo Svemir<\/p>\n\n\n\n<div class=\"wp-block-image\"><figure class=\"aligncenter\"><img decoding=\"async\" loading=\"lazy\" width=\"640\" height=\"480\" src=\"http:\/\/cvrcak-daruvar.com.hr\/wp-content\/uploads\/2019\/06\/a2.jpg\" alt=\"\" class=\"wp-image-5281\" srcset=\"http:\/\/cvrcak-daruvar.com.hr\/wp-content\/uploads\/2019\/06\/a2.jpg 640w, http:\/\/cvrcak-daruvar.com.hr\/wp-content\/uploads\/2019\/06\/a2-300x225.jpg 300w\" sizes=\"(max-width: 640px) 100vw, 640px\" \/><\/figure><\/div>\n\n\n\n<p>Radionica &#8211; Denis Singer, prof: Svemirska utrka<\/p>\n\n\n\n<div class=\"wp-block-image\"><figure class=\"aligncenter\"><img decoding=\"async\" loading=\"lazy\" width=\"640\" height=\"480\" src=\"http:\/\/cvrcak-daruvar.com.hr\/wp-content\/uploads\/2019\/06\/a3.jpg\" alt=\"\" class=\"wp-image-5282\" srcset=\"http:\/\/cvrcak-daruvar.com.hr\/wp-content\/uploads\/2019\/06\/a3.jpg 640w, http:\/\/cvrcak-daruvar.com.hr\/wp-content\/uploads\/2019\/06\/a3-300x225.jpg 300w\" sizes=\"(max-width: 640px) 100vw, 640px\" \/><\/figure><\/div>\n\n\n\n<div class=\"wp-block-image\"><figure class=\"aligncenter\"><img decoding=\"async\" loading=\"lazy\" width=\"640\" height=\"480\" src=\"http:\/\/cvrcak-daruvar.com.hr\/wp-content\/uploads\/2019\/06\/a4.jpg\" alt=\"\" class=\"wp-image-5283\" srcset=\"http:\/\/cvrcak-daruvar.com.hr\/wp-content\/uploads\/2019\/06\/a4.jpg 640w, http:\/\/cvrcak-daruvar.com.hr\/wp-content\/uploads\/2019\/06\/a4-300x225.jpg 300w\" sizes=\"(max-width: 640px) 100vw, 640px\" \/><\/figure><\/div>\n\n\n\n<p>Predavanje -Ante Radoni\u0107, prof.: Ljudi na Mjesecu<\/p>\n\n\n\n<div class=\"wp-block-image\"><figure class=\"aligncenter\"><img decoding=\"async\" loading=\"lazy\" width=\"640\" height=\"480\" src=\"http:\/\/cvrcak-daruvar.com.hr\/wp-content\/uploads\/2019\/06\/a5.jpg\" alt=\"\" class=\"wp-image-5284\" srcset=\"http:\/\/cvrcak-daruvar.com.hr\/wp-content\/uploads\/2019\/06\/a5.jpg 640w, http:\/\/cvrcak-daruvar.com.hr\/wp-content\/uploads\/2019\/06\/a5-300x225.jpg 300w\" sizes=\"(max-width: 640px) 100vw, 640px\" \/><\/figure><\/div>\n\n\n\n<p>Predavanje -Ante Radoni\u0107, prof.: Uzbudljiva otkri\u0107a u astrofizici<\/p>\n\n\n\n<div class=\"wp-block-image\"><figure class=\"aligncenter\"><img decoding=\"async\" loading=\"lazy\" width=\"640\" height=\"480\" src=\"http:\/\/cvrcak-daruvar.com.hr\/wp-content\/uploads\/2019\/06\/a6.jpg\" alt=\"\" class=\"wp-image-5285\" srcset=\"http:\/\/cvrcak-daruvar.com.hr\/wp-content\/uploads\/2019\/06\/a6.jpg 640w, http:\/\/cvrcak-daruvar.com.hr\/wp-content\/uploads\/2019\/06\/a6-300x225.jpg 300w\" sizes=\"(max-width: 640px) 100vw, 640px\" \/><\/figure><\/div>\n\n\n\n<p>U\u010denici govore za HRT-e :<\/p>\n\n\n\n<div class=\"wp-block-image\"><figure class=\"aligncenter\"><img decoding=\"async\" loading=\"lazy\" width=\"1024\" height=\"768\" src=\"http:\/\/cvrcak-daruvar.com.hr\/wp-content\/uploads\/2019\/06\/a7-1024x768.jpg\" alt=\"\" class=\"wp-image-5287\" srcset=\"http:\/\/cvrcak-daruvar.com.hr\/wp-content\/uploads\/2019\/06\/a7-1024x768.jpg 1024w, http:\/\/cvrcak-daruvar.com.hr\/wp-content\/uploads\/2019\/06\/a7-300x225.jpg 300w, http:\/\/cvrcak-daruvar.com.hr\/wp-content\/uploads\/2019\/06\/a7-768x576.jpg 768w\" sizes=\"(max-width: 1024px) 100vw, 1024px\" \/><\/figure><\/div>\n\n\n\n<div class=\"wp-block-image\"><figure class=\"aligncenter\"><img decoding=\"async\" loading=\"lazy\" width=\"768\" height=\"1024\" src=\"http:\/\/cvrcak-daruvar.com.hr\/wp-content\/uploads\/2019\/06\/a8-768x1024.jpg\" alt=\"\" class=\"wp-image-5294\" srcset=\"http:\/\/cvrcak-daruvar.com.hr\/wp-content\/uploads\/2019\/06\/a8-768x1024.jpg 768w, http:\/\/cvrcak-daruvar.com.hr\/wp-content\/uploads\/2019\/06\/a8-225x300.jpg 225w\" sizes=\"(max-width: 768px) 100vw, 768px\" \/><\/figure><\/div>\n\n\n\n<p>Radionica &#8211; Denis Singer, prof.: Asteroidi<\/p>\n\n\n\n<div class=\"wp-block-image\"><figure class=\"aligncenter\"><img decoding=\"async\" loading=\"lazy\" width=\"640\" height=\"480\" src=\"http:\/\/cvrcak-daruvar.com.hr\/wp-content\/uploads\/2019\/06\/a9.jpg\" alt=\"\" class=\"wp-image-5286\" srcset=\"http:\/\/cvrcak-daruvar.com.hr\/wp-content\/uploads\/2019\/06\/a9.jpg 640w, http:\/\/cvrcak-daruvar.com.hr\/wp-content\/uploads\/2019\/06\/a9-300x225.jpg 300w\" sizes=\"(max-width: 640px) 100vw, 640px\" \/><\/figure><\/div>\n\n\n\n<div class=\"wp-block-image\"><figure class=\"aligncenter\"><img decoding=\"async\" loading=\"lazy\" width=\"640\" height=\"480\" src=\"http:\/\/cvrcak-daruvar.com.hr\/wp-content\/uploads\/2019\/06\/a10.jpg\" alt=\"\" class=\"wp-image-5288\" srcset=\"http:\/\/cvrcak-daruvar.com.hr\/wp-content\/uploads\/2019\/06\/a10.jpg 640w, http:\/\/cvrcak-daruvar.com.hr\/wp-content\/uploads\/2019\/06\/a10-300x225.jpg 300w\" sizes=\"(max-width: 640px) 100vw, 640px\" \/><\/figure><\/div>\n\n\n\n<p>Predavanje -Denis Singer, prof.: Vulkani i potresi<\/p>\n\n\n\n<div class=\"wp-block-image\"><figure class=\"aligncenter\"><img decoding=\"async\" loading=\"lazy\" width=\"640\" height=\"480\" src=\"http:\/\/cvrcak-daruvar.com.hr\/wp-content\/uploads\/2019\/06\/a11.jpg\" alt=\"\" class=\"wp-image-5289\" srcset=\"http:\/\/cvrcak-daruvar.com.hr\/wp-content\/uploads\/2019\/06\/a11.jpg 640w, http:\/\/cvrcak-daruvar.com.hr\/wp-content\/uploads\/2019\/06\/a11-300x225.jpg 300w\" sizes=\"(max-width: 640px) 100vw, 640px\" \/><\/figure><\/div>\n\n\n\n<div class=\"wp-block-image\"><figure class=\"aligncenter\"><img decoding=\"async\" loading=\"lazy\" width=\"640\" height=\"480\" src=\"http:\/\/cvrcak-daruvar.com.hr\/wp-content\/uploads\/2019\/06\/a12.jpg\" alt=\"\" class=\"wp-image-5290\" srcset=\"http:\/\/cvrcak-daruvar.com.hr\/wp-content\/uploads\/2019\/06\/a12.jpg 640w, http:\/\/cvrcak-daruvar.com.hr\/wp-content\/uploads\/2019\/06\/a12-300x225.jpg 300w\" sizes=\"(max-width: 640px) 100vw, 640px\" \/><\/figure><\/div>\n\n\n\n<p>Predavanje- Dunja \u017dupani\u0107, mag.oec.: Park tamnog neba Vrani kamen<\/p>\n\n\n\n<div class=\"wp-block-image\"><figure class=\"aligncenter\"><img decoding=\"async\" loading=\"lazy\" width=\"640\" height=\"480\" src=\"http:\/\/cvrcak-daruvar.com.hr\/wp-content\/uploads\/2019\/06\/a13.jpg\" alt=\"\" class=\"wp-image-5291\" srcset=\"http:\/\/cvrcak-daruvar.com.hr\/wp-content\/uploads\/2019\/06\/a13.jpg 640w, http:\/\/cvrcak-daruvar.com.hr\/wp-content\/uploads\/2019\/06\/a13-300x225.jpg 300w\" sizes=\"(max-width: 640px) 100vw, 640px\" \/><\/figure><\/div>\n\n\n\n<p>Predavanje -Antonio \u0160antak i Jan Sacher: Putovanje na Mars<\/p>\n\n\n\n<div class=\"wp-block-image\"><figure class=\"aligncenter\"><img decoding=\"async\" loading=\"lazy\" width=\"640\" height=\"480\" src=\"http:\/\/cvrcak-daruvar.com.hr\/wp-content\/uploads\/2019\/06\/a14.jpg\" alt=\"\" class=\"wp-image-5292\" srcset=\"http:\/\/cvrcak-daruvar.com.hr\/wp-content\/uploads\/2019\/06\/a14.jpg 640w, http:\/\/cvrcak-daruvar.com.hr\/wp-content\/uploads\/2019\/06\/a14-300x225.jpg 300w\" sizes=\"(max-width: 640px) 100vw, 640px\" \/><\/figure><\/div>\n\n\n\n<p>Predavanje- dr.sc. Ivica Puljak: Pri\u010da o svemiru \u2013 6. razredi<\/p>\n\n\n\n<div class=\"wp-block-image\"><figure class=\"aligncenter\"><img decoding=\"async\" loading=\"lazy\" width=\"640\" height=\"480\" src=\"http:\/\/cvrcak-daruvar.com.hr\/wp-content\/uploads\/2019\/06\/a15.jpg\" alt=\"\" class=\"wp-image-5293\" srcset=\"http:\/\/cvrcak-daruvar.com.hr\/wp-content\/uploads\/2019\/06\/a15.jpg 640w, http:\/\/cvrcak-daruvar.com.hr\/wp-content\/uploads\/2019\/06\/a15-300x225.jpg 300w\" sizes=\"(max-width: 640px) 100vw, 640px\" \/><\/figure><\/div>\n\n\n\n<p>Predavanje- dr.sc. Ivica Puljak: Pri\u010da o svemiru \u2013 8. Razredi<\/p>\n\n\n\n<div class=\"wp-block-image\"><figure class=\"aligncenter\"><img decoding=\"async\" loading=\"lazy\" width=\"1024\" height=\"768\" src=\"http:\/\/cvrcak-daruvar.com.hr\/wp-content\/uploads\/2019\/06\/a16-1024x768.jpg\" alt=\"\" class=\"wp-image-5295\" srcset=\"http:\/\/cvrcak-daruvar.com.hr\/wp-content\/uploads\/2019\/06\/a16-1024x768.jpg 1024w, http:\/\/cvrcak-daruvar.com.hr\/wp-content\/uploads\/2019\/06\/a16-300x225.jpg 300w, http:\/\/cvrcak-daruvar.com.hr\/wp-content\/uploads\/2019\/06\/a16-768x576.jpg 768w\" sizes=\"(max-width: 1024px) 100vw, 1024px\" \/><\/figure><\/div>\n","protected":false},"excerpt":{"rendered":"<p>Ove godine u sklopu manifestacije Deset dana astronomije u na\u0161oj \u0161koli odr\u017ean je velik broj radionica i predavanja, a gosti predava\u010di su nam bili Vibor Jeli\u0107 sa Instituta Ru\u0111er Bo\u0161kovi\u0107 iz Zagreba, Ivica Puljak sa splitskog Fakulteta elektrotehnike , strojarstva i brodogradnje, Ante Radoni\u0107 dugogodi\u0161nji voditelj Planetarija u Tehni\u010dkom muzeju u Zagrebu, na\u0161a biv\u0161a u\u010denica [&hellip;]<\/p>\n","protected":false},"author":2,"featured_media":0,"parent":0,"menu_order":0,"comment_status":"closed","ping_status":"closed","template":"","meta":[],"_links":{"self":[{"href":"http:\/\/cvrcak-daruvar.com.hr\/index.php?rest_route=\/wp\/v2\/pages\/5277"}],"collection":[{"href":"http:\/\/cvrcak-daruvar.com.hr\/index.php?rest_route=\/wp\/v2\/pages"}],"about":[{"href":"http:\/\/cvrcak-daruvar.com.hr\/index.php?rest_route=\/wp\/v2\/types\/page"}],"author":[{"embeddable":true,"href":"http:\/\/cvrcak-daruvar.com.hr\/index.php?rest_route=\/wp\/v2\/users\/2"}],"replies":[{"embeddable":true,"href":"http:\/\/cvrcak-daruvar.com.hr\/index.php?rest_route=%2Fwp%2Fv2%2Fcomments&post=5277"}],"version-history":[{"count":4,"href":"http:\/\/cvrcak-daruvar.com.hr\/index.php?rest_route=\/wp\/v2\/pages\/5277\/revisions"}],"predecessor-version":[{"id":5301,"href":"http:\/\/cvrcak-daruvar.com.hr\/index.php?rest_route=\/wp\/v2\/pages\/5277\/revisions\/5301"}],"wp:attachment":[{"href":"http:\/\/cvrcak-daruvar.com.hr\/index.php?rest_route=%2Fwp%2Fv2%2Fmedia&parent=5277"}],"curies":[{"name":"wp","href":"https:\/\/api.w.org\/{rel}","templated":true}]}}