{"id":4981,"date":"2019-04-07T08:22:48","date_gmt":"2019-04-07T06:22:48","guid":{"rendered":"http:\/\/cvrcak-daruvar.com.hr\/?page_id=4981"},"modified":"2019-04-07T08:22:48","modified_gmt":"2019-04-07T06:22:48","slug":"secerna-bolest","status":"publish","type":"page","link":"http:\/\/cvrcak-daruvar.com.hr\/?page_id=4981","title":{"rendered":"\u0160E\u0106ERNA BOLEST"},"content":{"rendered":"\n<p>Povodom Svjetskog dana \u0161e\u0107erne bolesti, 14.11., razgovarale smo s Lukom Zemanom, u\u010denikom sedmog razreda, koji tako\u0111er ima tu bolest. \u017deljele smo vi\u0161e saznati o tome iz prve ruke te vi\u0161e informirati druge u\u010denike o \u0161e\u0107ernoj bolesti.<\/p>\n\n\n\n<p><strong>1. Koliko dugo ima\u0161 \u0161e\u0107ernu bolest?<\/strong><\/p>\n\n\n\n<p>Oko godinu dana.<\/p>\n\n\n\n<p><strong>2. Koliko si \u010desto u danu mjeri\u0161 \u0161e\u0107er?<\/strong><\/p>\n\n\n\n<p>Oko\n5 do 10 puta u danu.<\/p>\n\n\n\n<p><strong>3. \u010cime se hrani\u0161?<\/strong><\/p>\n\n\n\n<p>Jedem\nuobi\u010dajno, ne smijem jesti previ\u0161e slatki\u0161a, a pogotovo ne smijem jesti med.<\/p>\n\n\n\n<p><strong>4. Koje slatki\u0161e smije\u0161 jesti?<\/strong><\/p>\n\n\n\n<p>Smijem\njesti glukozne bombone.<\/p>\n\n\n\n<p><strong>5. Je li ti te\u0161ko sa tom bole\u0161\u0107u?<\/strong><\/p>\n\n\n\n<p>Nije\nmi te\u0161ko.<\/p>\n\n\n\n<p><strong>6. Kako su drugi reagirali kad su \u010duli da ima\u0161\n\u0161e\u0107ernu bolest?<\/strong><\/p>\n\n\n\n<p>Svi\nsu bili iznena\u0111eni.<\/p>\n\n\n\n<p><strong>7. Rugaju li ti se zbog te bolesti?<\/strong><\/p>\n\n\n\n<p>Ne,ne\nrugaju mi se.<\/p>\n\n\n\n<p><strong>8. Boli li te kada si mjeri\u0161 \u0161e\u0107er? <\/strong><\/p>\n\n\n\n<p>Prije\nme boljelo, ali nakon nekog vremena me prestane.<\/p>\n\n\n\n<p>Dina Hre\u0161i\u0107, Lorna Luki\u0107 i Hana Ivankovi\u0107, 7.a <\/p>\n","protected":false},"excerpt":{"rendered":"<p>Povodom Svjetskog dana \u0161e\u0107erne bolesti, 14.11., razgovarale smo s Lukom Zemanom, u\u010denikom sedmog razreda, koji tako\u0111er ima tu bolest. \u017deljele smo vi\u0161e saznati o tome iz prve ruke te vi\u0161e informirati druge u\u010denike o \u0161e\u0107ernoj bolesti. 1. Koliko dugo ima\u0161 \u0161e\u0107ernu bolest? Oko godinu dana. 2. Koliko si \u010desto u danu mjeri\u0161 \u0161e\u0107er? Oko 5 [&hellip;]<\/p>\n","protected":false},"author":2,"featured_media":0,"parent":0,"menu_order":0,"comment_status":"closed","ping_status":"closed","template":"","meta":[],"_links":{"self":[{"href":"http:\/\/cvrcak-daruvar.com.hr\/index.php?rest_route=\/wp\/v2\/pages\/4981"}],"collection":[{"href":"http:\/\/cvrcak-daruvar.com.hr\/index.php?rest_route=\/wp\/v2\/pages"}],"about":[{"href":"http:\/\/cvrcak-daruvar.com.hr\/index.php?rest_route=\/wp\/v2\/types\/page"}],"author":[{"embeddable":true,"href":"http:\/\/cvrcak-daruvar.com.hr\/index.php?rest_route=\/wp\/v2\/users\/2"}],"replies":[{"embeddable":true,"href":"http:\/\/cvrcak-daruvar.com.hr\/index.php?rest_route=%2Fwp%2Fv2%2Fcomments&post=4981"}],"version-history":[{"count":1,"href":"http:\/\/cvrcak-daruvar.com.hr\/index.php?rest_route=\/wp\/v2\/pages\/4981\/revisions"}],"predecessor-version":[{"id":4982,"href":"http:\/\/cvrcak-daruvar.com.hr\/index.php?rest_route=\/wp\/v2\/pages\/4981\/revisions\/4982"}],"wp:attachment":[{"href":"http:\/\/cvrcak-daruvar.com.hr\/index.php?rest_route=%2Fwp%2Fv2%2Fmedia&parent=4981"}],"curies":[{"name":"wp","href":"https:\/\/api.w.org\/{rel}","templated":true}]}}