{"id":494,"date":"2012-06-07T07:56:48","date_gmt":"2012-06-07T05:56:48","guid":{"rendered":"http:\/\/cvrcak-daruvar.com.hr\/?page_id=494"},"modified":"2012-06-09T09:08:06","modified_gmt":"2012-06-09T07:08:06","slug":"projektni-dan","status":"publish","type":"page","link":"http:\/\/cvrcak-daruvar.com.hr\/?page_id=494","title":{"rendered":"Projektni dan &#8211; Gajeva"},"content":{"rendered":"<p><strong>Izvje\u0161\u0107e o projektnom danu<\/strong><\/p>\n<p>Jedan tjedan u mjesecu o\u017eujku, u ni\u017eim razredima, bio je posve\u0107en vodama. U\u010denici su zajedni\u010dki \u2013 projektnim danom obilje\u017eili 22. o\u017eujka <em>Dan voda<\/em> \u00a0i to kroz razli\u010dite aktivnosti. Aktivnosti su bile najavljene plakatom na kojemu su u\u010denici mogli bilje\u017eili pitanja o vodi odnosno sve ono \u0161to ih zanima, \u0161to bi \u017eeljeli saznati i nau\u010diti. Izradili su bed\u017eeve s porukom:<\/p>\n<p>\u201e Di\u017eemo glas za vode spas\u201c i svi smo odjenuli odje\u0107u u plavoj boji.<\/p>\n<p>Svaka u\u010diteljica\/u\u010ditelj provela je sa svojim razredom dva \u0161kolska sata nakon \u010dega je slijedila zamjena : I. \u2013 II., III.-IV. razred. Posljednji sat proveli smo svi zajedno na \u0161kolskom igrali\u0161tu igraju\u0107i igre s vodom.<\/p>\n<p>Prvi i drugi razredi na temu \u201evode\u201c odradili su slijede\u0107e:<\/p>\n<p>&#8211;\u00a0\u00a0\u00a0\u00a0\u00a0\u00a0\u00a0\u00a0\u00a0 Pjesme: Kapljice, Tisu\u0107u i jedna kapljica<\/p>\n<p>&#8211;\u00a0\u00a0\u00a0\u00a0\u00a0\u00a0\u00a0\u00a0\u00a0 Igrokaz: Dvije kapljice Sivka i Biserka<\/p>\n<p>&#8211;\u00a0\u00a0\u00a0\u00a0\u00a0\u00a0\u00a0\u00a0\u00a0 Izrada slikovnica : Putovanje \u010dudesne kapljice<\/p>\n<p>&#8211;\u00a0\u00a0\u00a0\u00a0\u00a0\u00a0\u00a0\u00a0\u00a0 Sviranje vodom<\/p>\n<p>&#8211;\u00a0\u00a0\u00a0\u00a0\u00a0\u00a0\u00a0\u00a0\u00a0 Slikanje vodom: ledena slika, vrtoglava slika<\/p>\n<p>&nbsp;<\/p>\n<p>Tre\u0107i i \u010detvrti razredi:<\/p>\n<p>&#8211;\u00a0\u00a0\u00a0\u00a0\u00a0\u00a0\u00a0\u00a0\u00a0 interpretacija slikovnice iz Lonjskog polja:\u201ePri\u010da o \u017eivotu jednog vretenca\u201c<\/p>\n<p>&#8211;\u00a0\u00a0\u00a0\u00a0\u00a0\u00a0\u00a0\u00a0\u00a0 Istra\u017eivanje i izra\u017eavanje oblika u prostoru u oblikovanju scene za pri\u010du<\/p>\n<p>&#8211;\u00a0\u00a0\u00a0\u00a0\u00a0\u00a0\u00a0\u00a0\u00a0 Promatranje kapljica vode pod mikroskopom<\/p>\n<p>&#8211;\u00a0\u00a0\u00a0\u00a0\u00a0\u00a0\u00a0\u00a0\u00a0 Izvo\u0111enje pokusa: Kakva je voda? Gdje se sve nalazi voda? \u0160to sve otapa voda?<\/p>\n<p>&nbsp;<\/p>\n<p>Zajedni\u010dke igre: Kretanje u kolonama: \u201eRijeke teku\u2026.\u201c<\/p>\n<p>&#8211;\u00a0\u00a0\u00a0\u00a0\u00a0\u00a0\u00a0\u00a0\u00a0 \u0160tafetne igre s pomagalima \u2013 preno\u0161enje vode u probu\u0161enim \u010da\u0161ama, slam\u010dicama<\/p>\n<p>&#8211;\u00a0\u00a0\u00a0\u00a0\u00a0\u00a0\u00a0\u00a0\u00a0 Preno\u0161enje bo\u010dica<\/p>\n<p>&#8211;\u00a0\u00a0\u00a0\u00a0\u00a0\u00a0\u00a0\u00a0\u00a0 Slaganje bo\u010dica \u2013 Vijugava rijeka<\/p>\n<p>&#8211;\u00a0\u00a0\u00a0\u00a0\u00a0\u00a0\u00a0\u00a0\u00a0 Slasti\u010dar<\/p>\n<p>&nbsp;<\/p>\n<p>&nbsp;<\/p>\n<p><em>U\u010diteljice razredne nastave<\/em><\/p>\n","protected":false},"excerpt":{"rendered":"<p>Izvje\u0161\u0107e o projektnom danu Jedan tjedan u mjesecu o\u017eujku, u ni\u017eim razredima, bio je posve\u0107en vodama. U\u010denici su zajedni\u010dki \u2013 projektnim danom obilje\u017eili 22. o\u017eujka Dan voda \u00a0i to kroz razli\u010dite aktivnosti. Aktivnosti su bile najavljene plakatom na kojemu su u\u010denici mogli bilje\u017eili pitanja o vodi odnosno sve ono \u0161to ih zanima, \u0161to bi \u017eeljeli [&hellip;]<\/p>\n","protected":false},"author":1,"featured_media":0,"parent":827,"menu_order":0,"comment_status":"closed","ping_status":"closed","template":"","meta":[],"_links":{"self":[{"href":"http:\/\/cvrcak-daruvar.com.hr\/index.php?rest_route=\/wp\/v2\/pages\/494"}],"collection":[{"href":"http:\/\/cvrcak-daruvar.com.hr\/index.php?rest_route=\/wp\/v2\/pages"}],"about":[{"href":"http:\/\/cvrcak-daruvar.com.hr\/index.php?rest_route=\/wp\/v2\/types\/page"}],"author":[{"embeddable":true,"href":"http:\/\/cvrcak-daruvar.com.hr\/index.php?rest_route=\/wp\/v2\/users\/1"}],"replies":[{"embeddable":true,"href":"http:\/\/cvrcak-daruvar.com.hr\/index.php?rest_route=%2Fwp%2Fv2%2Fcomments&post=494"}],"version-history":[{"count":4,"href":"http:\/\/cvrcak-daruvar.com.hr\/index.php?rest_route=\/wp\/v2\/pages\/494\/revisions"}],"predecessor-version":[{"id":496,"href":"http:\/\/cvrcak-daruvar.com.hr\/index.php?rest_route=\/wp\/v2\/pages\/494\/revisions\/496"}],"up":[{"embeddable":true,"href":"http:\/\/cvrcak-daruvar.com.hr\/index.php?rest_route=\/wp\/v2\/pages\/827"}],"wp:attachment":[{"href":"http:\/\/cvrcak-daruvar.com.hr\/index.php?rest_route=%2Fwp%2Fv2%2Fmedia&parent=494"}],"curies":[{"name":"wp","href":"https:\/\/api.w.org\/{rel}","templated":true}]}}