{"id":4694,"date":"2019-03-10T08:45:38","date_gmt":"2019-03-10T07:45:38","guid":{"rendered":"http:\/\/cvrcak-daruvar.com.hr\/?page_id=4694"},"modified":"2019-12-09T18:17:26","modified_gmt":"2019-12-09T17:17:26","slug":"projekti-4","status":"publish","type":"page","link":"http:\/\/cvrcak-daruvar.com.hr\/?page_id=4694","title":{"rendered":"Projekti 2018.\/2019."},"content":{"rendered":"\n<p><\/p>\n\n\n\n<h3 class=\"wp-block-heading\"><strong><a href=\"http:\/\/cvrcak-daruvar.com.hr\/?page_id=5173\" target=\"_blank\" rel=\"noreferrer noopener\" aria-label=\"PROJEKT DISNEY (opens in a new tab)\">PROJEKT DISNEY<\/a><\/strong><\/h3>\n\n\n\n<h3 class=\"wp-block-heading\"><strong> <\/strong> <br><strong><a href=\"http:\/\/os-vnazora-daruvar.skole.hr\/?news_hk=1&amp;news_id=4660&amp;mshow=3013#mod_news\" target=\"_blank\" rel=\"noreferrer noopener\" aria-label=\"Projekt \u2013 Slikovnica moga zavi\u010daja, grada i razreda (opens in a new tab)\">Projekt \u2013 Slikovnica moga zavi\u010daja, grada i razreda<\/a><\/strong> <\/h3>\n\n\n\n<h3 class=\"wp-block-heading\"><strong><a href=\"https:\/\/drive.google.com\/open?id=1uQ8NMxgrf6IcEvxRawxLtQ8KJG540sRp\">Projekt obilje\u017eavanja Svjetskog dana pripovijedanja<\/a><\/strong><\/h3>\n\n\n\n<h3 class=\"wp-block-heading\"> <br><strong><a href=\"http:\/\/os-vnazora-daruvar.skole.hr\/?news_hk=1&amp;news_id=4550&amp;mshow=3013#mod_news\">Kutak u \u0161koli koji svatko voli<\/a><\/strong><a href=\"http:\/\/os-vnazora-daruvar.skole.hr\/?news_hk=1&amp;news_id=4550&amp;mshow=3013#mod_news\"> <\/a><\/h3>\n\n\n\n<h3 class=\"wp-block-heading\"> <br><strong><a href=\"http:\/\/os-vnazora-daruvar.skole.hr\/?news_hk=1&amp;news_id=4371&amp;mshow=3013#mod_news\">Gra\u0111anska akcija &#8220;Kutak u \u0161koli kojeg svatko voli&#8221;<\/a><\/strong><a href=\"http:\/\/os-vnazora-daruvar.skole.hr\/?news_hk=1&amp;news_id=4371&amp;mshow=3013#mod_news\"> <\/a><\/h3>\n\n\n\n<h2 class=\"wp-block-heading\"><a href=\"http:\/\/cvrcak-daruvar.com.hr\/?page_id=4895\">Diorama<\/a><\/h2>\n","protected":false},"excerpt":{"rendered":"<p>PROJEKT DISNEY Projekt \u2013 Slikovnica moga zavi\u010daja, grada i razreda Projekt obilje\u017eavanja Svjetskog dana pripovijedanja Kutak u \u0161koli koji svatko voli Gra\u0111anska akcija &#8220;Kutak u \u0161koli kojeg svatko voli&#8221; Diorama<\/p>\n","protected":false},"author":2,"featured_media":0,"parent":0,"menu_order":0,"comment_status":"closed","ping_status":"closed","template":"","meta":[],"_links":{"self":[{"href":"http:\/\/cvrcak-daruvar.com.hr\/index.php?rest_route=\/wp\/v2\/pages\/4694"}],"collection":[{"href":"http:\/\/cvrcak-daruvar.com.hr\/index.php?rest_route=\/wp\/v2\/pages"}],"about":[{"href":"http:\/\/cvrcak-daruvar.com.hr\/index.php?rest_route=\/wp\/v2\/types\/page"}],"author":[{"embeddable":true,"href":"http:\/\/cvrcak-daruvar.com.hr\/index.php?rest_route=\/wp\/v2\/users\/2"}],"replies":[{"embeddable":true,"href":"http:\/\/cvrcak-daruvar.com.hr\/index.php?rest_route=%2Fwp%2Fv2%2Fcomments&post=4694"}],"version-history":[{"count":11,"href":"http:\/\/cvrcak-daruvar.com.hr\/index.php?rest_route=\/wp\/v2\/pages\/4694\/revisions"}],"predecessor-version":[{"id":5322,"href":"http:\/\/cvrcak-daruvar.com.hr\/index.php?rest_route=\/wp\/v2\/pages\/4694\/revisions\/5322"}],"wp:attachment":[{"href":"http:\/\/cvrcak-daruvar.com.hr\/index.php?rest_route=%2Fwp%2Fv2%2Fmedia&parent=4694"}],"curies":[{"name":"wp","href":"https:\/\/api.w.org\/{rel}","templated":true}]}}