{"id":4516,"date":"2018-03-12T09:19:51","date_gmt":"2018-03-12T08:19:51","guid":{"rendered":"http:\/\/cvrcak-daruvar.com.hr\/?page_id=4516"},"modified":"2018-03-12T09:22:57","modified_gmt":"2018-03-12T08:22:57","slug":"intervju-s-ravnateljicom-pucke-knjiznice-i-citaonice-u-daruvaru-romanom-horvat","status":"publish","type":"page","link":"http:\/\/cvrcak-daruvar.com.hr\/?page_id=4516","title":{"rendered":"INTERVJU S RAVNATELJICOM PU\u010cKE KNJI\u017dNICE I \u010cITAONICE U DARUVARU ROMANOM HORVAT"},"content":{"rendered":"<p>\u201eKnji\u017eni\u010darstvo je vrlo kreativan, mozai\u010dan posao iza kojega se krije puno rada\u201c, rekla nam je ravnateljica Pu\u010dke knji\u017enice i \u010ditaonice Romana Horvat.<\/p>\n<div id=\"attachment_4517\" style=\"width: 310px\" class=\"wp-caption aligncenter\"><a href=\"http:\/\/cvrcak-daruvar.com.hr\/wp-content\/uploads\/2018\/03\/Prva-fotografija.jpg\" class=\"gallery_colorbox\" rel=\"attachment wp-att-4517\"><img aria-describedby=\"caption-attachment-4517\" decoding=\"async\" loading=\"lazy\" class=\"size-medium wp-image-4517\" src=\"http:\/\/cvrcak-daruvar.com.hr\/wp-content\/uploads\/2018\/03\/Prva-fotografija-300x225.jpg\"  alt=\"ravnateljica Pu\u010dke knji\u017enice i \u010ditaonice u Daruvaru Romana Horvat\" width=\"300\" height=\"225\" srcset=\"http:\/\/cvrcak-daruvar.com.hr\/wp-content\/uploads\/2018\/03\/Prva-fotografija-300x225.jpg 300w, http:\/\/cvrcak-daruvar.com.hr\/wp-content\/uploads\/2018\/03\/Prva-fotografija-768x576.jpg 768w, http:\/\/cvrcak-daruvar.com.hr\/wp-content\/uploads\/2018\/03\/Prva-fotografija.jpg 960w\" sizes=\"(max-width: 300px) 100vw, 300px\" \/><\/a><p id=\"caption-attachment-4517\" class=\"wp-caption-text\">ravnateljica Pu\u010dke knji\u017enice i \u010ditaonice u Daruvaru Romana Horvat<\/p><\/div>\n<p>&nbsp;<\/p>\n<p>Ponekad imamo dojam da mladi gube interes za knjigu kao medij i za \u010ditanje. Za\u0161to ne bi trebalo biti tako i \u0161to nam sve mo\u017ee ponuditi Pu\u010dka knji\u017enica i \u010ditaonica u Daruvaru u razgovoru nam je otkrila ravnateljica Knji\u017enice Romana Horvat.<\/p>\n<p>&nbsp;<\/p>\n<p><strong>Za po\u010detak recite nam ne\u0161to o sebi? <\/strong><\/p>\n<p>Ravnateljica sam Pu\u010dke knji\u017enice i \u010ditaonice Daruvar od 2008. godine. Ro\u0111ena sam u Virovitici, a \u017eivim i radim u Daruvaru. Zavr\u0161ila sam O\u0160 Vladimira Nazora Daruvar, Gimnaziju Daruvar te studij slavistike na Filozofskom fakultetu u Zagrebu i studij knji\u017eni\u010darstva na Filozofskom fakultetu u Osijeku. Bila sam odli\u010dna u\u010denica, ne samo u osnovnoj \u0161koli nego i kasnije u Gimnaziji i na fakultetima. Udana sam i imam dvoje djece.<\/p>\n<p><strong>Jeste li u na\u0161im godinama puno \u010ditali? \u0160to ste htjeli postati dok ste bili dijete?<\/strong><\/p>\n<p>Uvijek sam puno \u010ditala. Bila sam \u010dlanica Pu\u010dke knji\u017enice i \u010ditaonice Daruvar od svoje \u0161este godine kada sam, zapravo, i nau\u010dila \u010ditati. Mama me prvi put odvela u Pu\u010dku knji\u017enicu koja se tada nalazila na mjestu \u00a0\u201eStara Vranjevina\u201c. Danas je tamo parkirali\u0161te Daruvarske pivovare. Tijekom \u0161kolovanja bila sam i \u010dlanica \u0161kolskih knji\u017enica, odnosno visoko\u0161kolskih knji\u017enica na fakultetima. U vrijeme moga odrastanja nije bilo interneta tako da su djeca mo\u017eda i vi\u0161e \u010ditala jer u slobodno vrijeme nije bilo puno mogu\u0107nosti za zabavu. Djeca su se bavila sportom ili su \u010ditala. U to vrijeme\u00a0 nije postojala ni Glazbena \u0161kola u Daruvaru tako da nismo imali toliko mogu\u0107nosti kao vi danas.<\/p>\n<p><strong>Je li vam mjesto ravnateljice Pu\u010dke knji\u017enice i \u010ditaonice prvo radno mjesto?<\/strong><\/p>\n<p>Nije, to mi je ve\u0107 tre\u0107e radno mjesto. Prvo radno mjesto mi je bilo u O\u0160 De\u017eanovac gdje sam predavala \u010ce\u0161ki jezik. Tamo sam radila \u010detiri godine. Nakon toga sam se zaposlila u Ekonomskoj i turisti\u010dkoj \u0161koli gdje sam bila \u0161kolska knji\u017eni\u010darka tri godine. I nakon toga sam 2008. godine 1. sije\u010dnja postala ravnateljica. Ovdje radim ve\u0107 10 godina.<\/p>\n<p><strong>Recite nam ne\u0161to o organizaciji poslova u knji\u017enici. \u0160to sve radi ravnateljica jedne knji\u017enice?<\/strong><\/p>\n<p>Sve ovisi o tome jeste li ravnatelj ovako male knji\u017enice kao \u0161to je daruvarska ili ste ravnatelj velike organizacijske mre\u017ee knji\u017enica. Moje radno mjesto obuhva\u0107a sve poslove koje radi diplomirani knji\u017eni\u010dar u knji\u017enici, ali i one ravnateljske, kao \u0161to sama rije\u010d ka\u017ee \u201eravnanje\u201c poslova. Diplomirani knji\u017eni\u010dar u knji\u017enici nabavlja i obra\u0111uje knji\u017eni\u010dnu gra\u0111u, \u010duva, za\u0161ti\u0107uje, posu\u0111uje i vodi evidenciju o posu\u0111enome. Ravnatelj knji\u017enice brine se o zaposlenicima i zgradi, ali i osmi\u0161ljava kulturno-animacijske aktivnosti. Prije nekoliko godina uklju\u010dili smo se\u00a0 aktivno u promociju grada Daruvara pokazuju\u0107i Zlatnu Bibliju koju imamo u svome fondu kao raritetnu i unikatnu knji\u017eni\u010dnu gra\u0111u.<\/p>\n<div id=\"attachment_4519\" style=\"width: 310px\" class=\"wp-caption aligncenter\"><a href=\"http:\/\/cvrcak-daruvar.com.hr\/wp-content\/uploads\/2018\/03\/Druga-fotografija.jpg\" class=\"gallery_colorbox\" rel=\"attachment wp-att-4519\"><img aria-describedby=\"caption-attachment-4519\" decoding=\"async\" loading=\"lazy\" class=\"size-medium wp-image-4519\" src=\"http:\/\/cvrcak-daruvar.com.hr\/wp-content\/uploads\/2018\/03\/Druga-fotografija-300x212.jpg\"  alt=\"ravnateljica Knji\u017enice s djelatnicima\" width=\"300\" height=\"212\" srcset=\"http:\/\/cvrcak-daruvar.com.hr\/wp-content\/uploads\/2018\/03\/Druga-fotografija-300x212.jpg 300w, http:\/\/cvrcak-daruvar.com.hr\/wp-content\/uploads\/2018\/03\/Druga-fotografija-768x542.jpg 768w, http:\/\/cvrcak-daruvar.com.hr\/wp-content\/uploads\/2018\/03\/Druga-fotografija.jpg 960w\" sizes=\"(max-width: 300px) 100vw, 300px\" \/><\/a><p id=\"caption-attachment-4519\" class=\"wp-caption-text\">ravnateljica Knji\u017enice s djelatnicima<\/p><\/div>\n<p>&nbsp;<\/p>\n<p><strong>Koji se sve odjeli nalaze u knji\u017enici? Koji je najposje\u0107eniji i koji najmanje posje\u0107en?<\/strong><\/p>\n<p>Na\u0161a knji\u017enica ima \u010detiri odjela: Dje\u010dji odjel, Odjel za odrasle, Studijski odjel i Sredi\u0161nju knji\u017enicu za \u010ce\u0161ku manjinu. Najvi\u0161e se koriste Dje\u010dji odjel i Odjel za odrasle koji su \u00a0u prizemlju. Na Studijskom odjelu je stru\u010dna gra\u0111a koja se ne \u010dita u tzv. slobodno vrijeme. Htjela bih spomenuti da je na\u0161a knji\u017enica jedinstvena i zbog toga \u0161to u Daruvaru imamo \u010de\u0161ku manjinu\u00a0 koja je vrlo aktivna. Ministarstvo kulture odlu\u010dilo je premjestiti iz Narodne knji\u017enice \u201ePetar Preradovi\u0107\u201c Bjelovar Sredi\u0161nju knji\u017enicu za \u010de\u0161ku manjinu u Daruvar. Svi oni koji govore i pi\u0161u \u010de\u0161kim jezikom mogu svoje potrebe zadovoljiti kod nas jer je na odjelu gra\u0111a na \u010de\u0161kom jeziku.<\/p>\n<p><strong>\u010citaju li stanovnici grada Daruvara vi\u0161e ili manje nego prija\u0161njih godina?<\/strong><\/p>\n<p>Knji\u017enica je obnovljena i dogra\u0111ena 2007. godine.\u00a0 Nakon 2007. godine knji\u017enica je nekoliko uzastopnih godina bila veliki hit. Oprema i tehnologija je bila nova pa je pobu\u0111ivala veliki interes javnosti. U to vrijeme tra\u017eilo se mjesto vi\u0161e za kori\u0161tenje ra\u010dunala, posudbu filmova i crti\u0107a te kori\u0161tenje igraonice. Tada smo upisivali mnogo novih \u010dlanova. 2009. godine smo imali najvi\u0161e zabilje\u017eenih \u010dlanova otkako knji\u017enica postoji. Zadnjih nekoliko godina \u010dlanstvo nam stagnira. Trenutno imamo oko 1500 \u010dlanova, a tada smo imali oko 1700. Prosje\u010dno gledaju\u0107i to je jedva 1% Daruvar\u010dana u\u010dlanjenih u knji\u017enicu. No, knji\u017enica ima prostora za svoj razvoj. Naime, op\u0107ine De\u017eanovac, Kon\u010danica, Sira\u010d i \u0110ulovac nemaju op\u0107insku knji\u017enicu pa bi bilo dobro kad bi knji\u017enica imala bibliobus ili bibliokombi koji bi vozio knji\u017eni\u010dnu gra\u0111u do tih op\u0107ina. Tada bismo mogli upisati nove korisnike.<\/p>\n<p><strong>\u00a0<\/strong><\/p>\n<p><strong>\u0160to sve nudi Pu\u010dka knji\u017enica i \u010ditaonica Daruvar?<\/strong><\/p>\n<p>Knji\u017enica osim \u0161to nabavlja, obra\u0111uje, \u010duva i posu\u0111uje knji\u017eni\u010dnu gra\u0111u nudi niz kulturno- animacijskih programa za sve uzraste od igraonice za najmla\u0111e do kreativnih radionica za one starije. \u010clanom knji\u017enice se ne postaje kada se nau\u010di \u010ditati nego i puno, puno ranije i to na\u0161i Daruvar\u010dani znaju. Nedavno smo imali zanimljivu manifestaciju kojom su \u00a0bebe\u00a0 ro\u0111ene u 2017. dobile besplatno \u010dlanstvo i svoju prvu slikovnicu na poklon. Trudimo se poticati \u010ditanje i kori\u0161tenje knji\u017enice od 0 do 100 godina. Pazimo na sve na\u0161e korisnike i \u010dlanove. Izlazimo ususret i onima koji mo\u017eda nisu ljubitelji \u010ditanja prire\u0111uju\u0107i razli\u010dite animacijske programe vezane uz nove tehnologije. Najmla\u0111im korisnicima nudimo mogu\u0107nost igranja igrica na nintendu ili ra\u010dunalima. U planu je kupnja PS 4. Imamo puno razli\u010ditih dru\u0161tvenih igara tako da \u010desto prire\u0111ujemo i turnire u igranju \u201e\u010covje\u010de ne ljuti se\u201c. Ti turniru su, naravno, nagradni. Dok su u\u010denici na ljetnim i zimskim praznicima, \u010desto znaju do\u0107i u knji\u017enicu i na taj na\u010din se zabaviti. Tijekom ljeta prire\u0111ujemo filmske projekcije u dvorani knji\u017enice te kino na otvorenom, na Sokolu. U dvorani se tra\u017ei mjesto vi\u0161e jer uz film nudimo besplatne kokice i sok. Knji\u017enica prire\u0111uje promocije knjiga za djecu i odrasle te razli\u010dita edukativna ili zabavna predavanja. Nedavno je na\u0161a knji\u017enica sudjelovala u organizaciji Pop-up festivala u koji je bio uklju\u010den cijeli grad. U o\u017eujku imamo i \u017denski tjedan u okviru kojega se obilje\u017eava Dan \u017eena. U Mjesecu hrvatske knjige koji svake godine obilje\u017eavamo od 15.10. do 15.11. prire\u0111ujemo razli\u010dite radionice i promocije knjiga. Kao jedini iz Hrvatske prvi smo pokrenuli obilje\u017eavanje Andersenovog ro\u0111endana spavanjem najmla\u0111ih \u010dlanova u knji\u017enici.<\/p>\n<p><strong>Kakve su statistike \u010ditanja po generacijama?<\/strong><\/p>\n<p>U gradu Daruvaru statisti\u010dki ima vi\u0161e odrasle populacije i logi\u010dno je da je ve\u0107ina na\u0161ih korisnika odrasla populacija. Ipak, moram priznati da su mladi roditelji vrlo osvije\u0161teni pa u\u010dlanjuju djecu i prije nego \u0161to djeca po\u010dinju \u010ditati. Imamo jako dobru suradnju s vrti\u0107ima, stoga imamo puno u\u010dlanjene djece. Najmanje \u010ditaju umirovljenici i osnovno\u0161kolci od 5. do 8. razreda. Ne znamo to\u010dno za\u0161to jer nikada nismo o tome proveli anketu. Pretpostavljam da je nekim umirovljenicima i tih 60 kn puno, koliko iznosi godi\u0161nja \u010dlanarina, a nekima od njih su problem sitna slova.<\/p>\n<p><strong>Koji su projekti pokrenuti u knji\u017enici ove godine?<\/strong><\/p>\n<p>Svake se godine javljamo na razli\u010dite natje\u010daje kako bismo ostvarili financijska sredstva i\u00a0 razvijali neke nove zanimljive programe. Ove godine smo evo po prvi put imali U.D.K. festival. To je festival knjige, a pokrata za naziv U.D.K. festival je U DARUVARSKOJ KNJI\u017dNICI. Program je trajao 3 dana u mjesecu srpnju. Primijetili smo da sredinom srpnja u gradu Daruvaru nema nikakvih kulturnih aktivnosti. Vrijeme je godi\u0161njih odmora i puno djece i odraslih ne odlazi van Daruvara pa smo se htjeli na taj na\u010din nekako izboriti za svoj medijski prostor. Mislim da smo u tome i uspjeli. U ta tri dana koliko je trajao U.D.K. festival sve smo svoje aktivnosti premjestili izvan zidova knji\u017enice \u2013 ili na trg ili na prostor kod knji\u017enice na otvorenom koja se nalazi izme\u0111u tri kafi\u0107a: City Cafe, Duo i Bombastic.<\/p>\n<p><strong>Koje su ljepote va\u0161eg posla?<\/strong><\/p>\n<p>Kad sam bila mala, nisam mislila da \u0107u biti knji\u017eni\u010darka. Htjela sam raditi u \u0161koli i predavati hrvatski jezik. Spletom okolnosti upisala sam slavistiku na Filozofskom fakultetu u Zagrebu. U sklopu studija slavistike zavr\u0161ila sam za profesora \u010de\u0161kog i ruskog jezika i knji\u017eevnosti tako da je moje prvo radno mjesto ipak bilo vezano za rad u \u0161koli. Budu\u0107i da sam \u010de\u0161ki jezik u \u0161koli predavala kao izborni predmet, to me nije zadovoljavalo. Tada sam odlu\u010dila upisati izvanredni studij knji\u017eni\u010darstva u Osijeku. Knji\u017eni\u010darstvo je vrlo kreativan, mozai\u010dan posao. Rad s ljudima i djecom mi se jako svi\u0111a. Volim organizirati i planirati, a naravno i realizirati planirano. Kad se planirano uspje\u0161no realizira, to mi je motivacija da ponovno stvaramo nove ideje. Posao je predivan. Nije toliko stresan kao rad u \u0161koli tako da mi je drago \u0161to sam odabrala ba\u0161 to zanimanje. Vidim se do kraja svoga radnog vijeka u tome.<\/p>\n<p><strong>Koji je bio Va\u0161 najte\u017ei trenutak u poslu?<\/strong><\/p>\n<p>Ne znam \u0161to bih izdvojila kao najte\u017ei trenutak u poslu, no zna biti vrlo nezgodno ako gost predava\u010d kasni i u dvorani ga \u010deka sto ljudi. To nam se jednom prilikom i dogodilo. Go\u0161\u0107a je kasnila oko sat i pol, ve\u0107inu smo ljudi uspjeli nekako zadr\u017eati dok predava\u010dica nije do\u0161la. Predavanje je na koncu odr\u017eano i bilo je jako uspje\u0161no tako da ljudi nisu ni\u0161ta zamjerili. Te\u0161ki trenutci su i kod izglasavanja gradskog prora\u010duna u koji je uvr\u0161ten prora\u010dun knji\u017enice. Uvijek me je malo strah ho\u0107e li gradski vije\u0107nici i gradona\u010delnik odlu\u010diti da se knji\u017enici pove\u0107aju ili smanje sredstva za rad. To je mo\u017eda jedan od najstresnijih trenutaka u ovome poslu.<\/p>\n<p><strong>Koje ste sve strane zemlje i njihove knji\u017enice posjetili na slu\u017ebenim putovanjima i jeste li ostvarili neke suradnje s knji\u017enicama u drugim gradovima ili dr\u017eavama?<\/strong><\/p>\n<p>Bila sam u \u010ce\u0161koj, Ma\u0111arskoj, Bosni i Hercegovini te Srbiji. Imamo dvije sestrinske knji\u017enice. Jedna je u \u010ce\u0161koj- \u010cesk\u00fd T\u011b\u0161\u00edn, a druga u Bosni i Hercegovini- Tuzla. S tim knji\u017enicama imamo ve\u0107 sedam godina jako dobru suradnju.<\/p>\n<p><strong>\u0160to mislite \u0161to je pomoglo uspjesima knji\u017enice?<\/strong><\/p>\n<p>Uspjeh je s malo novaca napraviti puno kvalitetnih programa i nabaviti kvalitetnu gra\u0111u. Mislim da smo uspje\u0161ni jer smo ostvarili nebrojene kontakte od kojih mo\u017eemo puno stvari nau\u010diti i koje mo\u017eemo pokazati onima koji su zainteresirani za na\u0161 rad. Otvoreni smo za suradnju. Volimo ljude i svoj posao.<\/p>\n<p><strong>\u0160to radite u slobodno vrijeme?<\/strong><\/p>\n<p>Puno \u010ditam, a televiziju uop\u0107e ne gledam ve\u0107 nekoliko godina. Ovisna sam o internetu i mobitelu. Zadnje dvije i pol godine bavim se rekreativnim tr\u010danjem. Pro\u0161le godine sam istr\u010dala svoj prvi polumaraton. Imam dvoje djece te sam ve\u0107inu vremena zaokupljena njihovim odrastanjem.<\/p>\n<p><strong>I za kraj, \u0161to biste poru\u010dili u\u010denicima O\u0160 Vladimira Nazora koji \u0107e \u010ditati ovaj intervju?<\/strong><\/p>\n<p>Knji\u017enici su mobiteli, tableti i ra\u010dunala velika konkurencija, no \u017eeljela bih kada bi barem jedno dijete koje \u0107e pro\u010ditati ovaj intervju postalo \u010dlanom knji\u017enice i otkrilo predivan svijet \u010ditanja. \u010citanjem mo\u017eemo oti\u0107i u bilo koji svijet i u bilo koji trenutak. \u010citanjem u\u010dimo o svijetu i o sebi. \u010citanje mo\u017ee biti zabava, a mo\u017ee biti i edukacija. \u017dao mi je \u0161to su lektirni naslovi obvezni. Mislim da bi lektirni naslovi u vi\u0161im razredima trebali biti izborni. Tada bi se vi\u0161e \u010ditalo i raspravljalo, a svoje vr\u0161njake potaknulo na \u010ditanje. Do\u0111ite u knji\u017enicu ne samo da biste posudili\u00a0 knjigu nego i da se upoznate s aktivnostima koje knji\u017enica nudi. Mo\u017eda \u0107e vam se \u00a0kroz te aktivnosti svidjeti i\u00a0 \u010ditanje. Kre\u0107ite se \u0161to vi\u0161e, bavite se sportom, svirajte, pjevajte, pogledajte u kinu kvalitetan film ili ga posudite u na\u0161oj bogatoj filmskoj zbirci. Imamo preko 5000 naslova igranih i animiranih \u00a0filmova, a sigurna sam da \u0107e izme\u0111u 55000 knjiga koliko ih imamo trenutno u knji\u017enici svatko na\u0107i ne\u0161to za sebe.<\/p>\n<p>razgovarali Toni Nokta i Silvio Pokorni<\/p>\n<p>&nbsp;<\/p>\n","protected":false},"excerpt":{"rendered":"<p>\u201eKnji\u017eni\u010darstvo je vrlo kreativan, mozai\u010dan posao iza kojega se krije puno rada\u201c, rekla nam je ravnateljica Pu\u010dke knji\u017enice i \u010ditaonice Romana Horvat. &nbsp; Ponekad imamo dojam da mladi gube interes za knjigu kao medij i za \u010ditanje. Za\u0161to ne bi trebalo biti tako i \u0161to nam sve mo\u017ee ponuditi Pu\u010dka knji\u017enica i \u010ditaonica u Daruvaru [&hellip;]<\/p>\n","protected":false},"author":2,"featured_media":0,"parent":0,"menu_order":0,"comment_status":"closed","ping_status":"closed","template":"","meta":[],"_links":{"self":[{"href":"http:\/\/cvrcak-daruvar.com.hr\/index.php?rest_route=\/wp\/v2\/pages\/4516"}],"collection":[{"href":"http:\/\/cvrcak-daruvar.com.hr\/index.php?rest_route=\/wp\/v2\/pages"}],"about":[{"href":"http:\/\/cvrcak-daruvar.com.hr\/index.php?rest_route=\/wp\/v2\/types\/page"}],"author":[{"embeddable":true,"href":"http:\/\/cvrcak-daruvar.com.hr\/index.php?rest_route=\/wp\/v2\/users\/2"}],"replies":[{"embeddable":true,"href":"http:\/\/cvrcak-daruvar.com.hr\/index.php?rest_route=%2Fwp%2Fv2%2Fcomments&post=4516"}],"version-history":[{"count":6,"href":"http:\/\/cvrcak-daruvar.com.hr\/index.php?rest_route=\/wp\/v2\/pages\/4516\/revisions"}],"predecessor-version":[{"id":4520,"href":"http:\/\/cvrcak-daruvar.com.hr\/index.php?rest_route=\/wp\/v2\/pages\/4516\/revisions\/4520"}],"wp:attachment":[{"href":"http:\/\/cvrcak-daruvar.com.hr\/index.php?rest_route=%2Fwp%2Fv2%2Fmedia&parent=4516"}],"curies":[{"name":"wp","href":"https:\/\/api.w.org\/{rel}","templated":true}]}}