{"id":4285,"date":"2017-12-02T20:33:29","date_gmt":"2017-12-02T19:33:29","guid":{"rendered":"http:\/\/cvrcak-daruvar.com.hr\/?page_id=4285"},"modified":"2019-04-07T08:52:44","modified_gmt":"2019-04-07T06:52:44","slug":"natjecanja-3","status":"publish","type":"page","link":"http:\/\/cvrcak-daruvar.com.hr\/?page_id=4285","title":{"rendered":"Natjecanja 2017.2018."},"content":{"rendered":"<h3><\/h3>\n<div class=\"alati-sadrzaj-gore\"><\/div>\n<h2 class=\"naslov\"><a href=\"http:\/\/os-vnazora-daruvar.skole.hr\/?news_hk=1&amp;news_id=4208&amp;mshow=3013#mod_news\">Dr\u017eavna natjecanja<\/a><\/h2>\n<h3><a href=\"http:\/\/cvrcak-daruvar.com.hr\/?page_id=5010\">Dr\u017eavno natjecanje iz astronomije<\/a><\/h3>\n<h3 class=\"naslov\"><a href=\"http:\/\/os-vnazora-daruvar.skole.hr\/?news_hk=1&amp;news_id=4296&amp;mshow=3013#mod_news\">SPORTSKE IGRE MLADIH 2018.<\/a><\/h3>\n<h3><a href=\"http:\/\/os-vnazora-daruvar.skole.hr\/?news_id=4248&amp;news_ed=1#mod_news\">Turneja radosti Plazma Sportskih igara mladih<\/a><\/h3>\n<h3><a href=\"http:\/\/os-vnazora-daruvar.skole.hr\/?news_id=4245&amp;news_ed=1#mod_news\">Smotra u\u010denika Volim svoj zavi\u010daj<\/a><\/h3>\n<h3 class=\"naslov\"><a href=\"http:\/\/os-vnazora-daruvar.skole.hr\/?news_hk=1&amp;news_id=4187&amp;mshow=3013#mod_news\">ODBOJKA (DJE\u010cACI) &#8211; 1. MJESTO NA DR\u017dAVNOJ POLUZAVR\u0160NICI<\/a><\/h3>\n<h3 class=\"naslov\"><a href=\"http:\/\/os-vnazora-daruvar.skole.hr\/?news_hk=1&amp;news_id=4101&amp;mshow=3013#mod_news\">ODBOJKA (DJE\u010cACI) &#8211; 1. MJESTO NA \u017dUPANIJSKOM NATJECANJU<\/a><\/h3>\n<h3><a href=\"http:\/\/os-vnazora-daruvar.skole.hr\/?news_hk=1&amp;news_id=4166&amp;mshow=3013#mod_news\">Natjecanje iz vjeronauka<\/a><\/h3>\n<h3><a href=\"http:\/\/os-vnazora-daruvar.skole.hr\/?news_hk=1&amp;news_id=4217&amp;mshow=3013#mod_news\">\u017dUPANIJSKO NATJECANJE IZ ASTRONOMIJE<\/a><\/h3>\n<h3><a href=\"http:\/\/os-vnazora-daruvar.skole.hr\/?news_hk=1&amp;news_id=4082&amp;mshow=3013#mod_news\">\u017dupanijsko natjecanje iz Engleskog jezika<\/a><\/h3>\n<h3><a href=\"http:\/\/os-vnazora-daruvar.skole.hr\/?news_hk=1&amp;news_id=4220&amp;mshow=3013#mod_news\">Me\u0111u\u017eupanijsko natjecanje mladih Crvenog kri\u017ea<\/a><\/h3>\n<h3><a href=\"http:\/\/os-vnazora-daruvar.skole.hr\/?news_hk=1&amp;news_id=4147&amp;mshow=3013#mod_news\">Natjecanje iz hrvatskoga jezika<\/a><\/h3>\n<h3><a href=\"http:\/\/os-vnazora-daruvar.skole.hr\/?news_hk=1&amp;news_id=4165&amp;mshow=3013#mod_news\">Natjecanje iz kemije<\/a><\/h3>\n<h3><a href=\"http:\/\/os-vnazora-daruvar.skole.hr\/?news_hk=1&amp;news_id=4130&amp;mshow=3013#mod_news\">Natjecanje iz tehni\u010dke kulture<\/a><\/h3>\n<h3><a href=\"http:\/\/os-vnazora-daruvar.skole.hr\/?news_hk=1&amp;news_id=4244&amp;mshow=3013#mod_news\">\u017dupanijsko natjecanje Sigurno u prometu 2018.<\/a><\/h3>\n<h3><a href=\"http:\/\/os-vnazora-daruvar.skole.hr\/?news_hk=1&amp;news_id=4189&amp;mshow=3013#mod_news\">\u0160kolsko natjecanje Sigurno u prometu 2018<\/a><\/h3>\n<h3><a href=\"http:\/\/os-vnazora-daruvar.skole.hr\/?news_hk=1&amp;news_id=4101&amp;mshow=3013#mod_news\">Odbojka &#8211; dje\u010daci<\/a><\/h3>\n<h3><a href=\"http:\/\/os-vnazora-daruvar.skole.hr\/?news_id=3925#mod_news\">Natjecanje iz informatike 2018<\/a><\/h3>\n<h3><a href=\"http:\/\/os-vnazora-daruvar.skole.hr\/?news_hk=1&amp;news_id=4216&amp;mshow=3013#mod_news\">\u017dUPANIJSKO NATJECANJE IZ GEOGRAFIJE<\/a><\/h3>\n<h3><a href=\"http:\/\/os-vnazora-daruvar.skole.hr\/?news_hk=1&amp;news_id=3854&amp;mshow=3013#mod_news\">Dabar 2017<\/a><\/h3>\n<h3><a href=\"http:\/\/os-vnazora-daruvar.skole.hr\/?news_hk=1&amp;news_id=4242&amp;mshow=3013#mod_news\">Spelling Elf natjecanje<\/a><\/h3>\n<h3><a href=\"http:\/\/os-vnazora-daruvar.skole.hr\/?news_hk=1&amp;news_id=4214&amp;mshow=3013#mod_news\">\u0160KOLSKO NATJECANJE U SPELLINGU<\/a><\/h3>\n<h3><a href=\"http:\/\/os-vnazora-daruvar.skole.hr\/?news_hk=1&amp;news_id=4228&amp;mshow=3013#mod_news\">MODELARSKA LIGA<\/a><\/h3>\n<h3><a href=\"http:\/\/os-vnazora-daruvar.skole.hr\/?news_hk=1&amp;news_id=4227&amp;mshow=3013#mod_news\">3. kolo Croatian Makers lige<\/a><\/h3>\n","protected":false},"excerpt":{"rendered":"<p>Dr\u017eavna natjecanja Dr\u017eavno natjecanje iz astronomije SPORTSKE IGRE MLADIH 2018. Turneja radosti Plazma Sportskih igara mladih Smotra u\u010denika Volim svoj zavi\u010daj ODBOJKA (DJE\u010cACI) &#8211; 1. MJESTO NA DR\u017dAVNOJ POLUZAVR\u0160NICI ODBOJKA (DJE\u010cACI) &#8211; 1. MJESTO NA \u017dUPANIJSKOM NATJECANJU Natjecanje iz vjeronauka \u017dUPANIJSKO NATJECANJE IZ ASTRONOMIJE \u017dupanijsko natjecanje iz Engleskog jezika Me\u0111u\u017eupanijsko natjecanje mladih Crvenog kri\u017ea Natjecanje [&hellip;]<\/p>\n","protected":false},"author":2,"featured_media":0,"parent":0,"menu_order":0,"comment_status":"closed","ping_status":"closed","template":"","meta":[],"_links":{"self":[{"href":"http:\/\/cvrcak-daruvar.com.hr\/index.php?rest_route=\/wp\/v2\/pages\/4285"}],"collection":[{"href":"http:\/\/cvrcak-daruvar.com.hr\/index.php?rest_route=\/wp\/v2\/pages"}],"about":[{"href":"http:\/\/cvrcak-daruvar.com.hr\/index.php?rest_route=\/wp\/v2\/types\/page"}],"author":[{"embeddable":true,"href":"http:\/\/cvrcak-daruvar.com.hr\/index.php?rest_route=\/wp\/v2\/users\/2"}],"replies":[{"embeddable":true,"href":"http:\/\/cvrcak-daruvar.com.hr\/index.php?rest_route=%2Fwp%2Fv2%2Fcomments&post=4285"}],"version-history":[{"count":25,"href":"http:\/\/cvrcak-daruvar.com.hr\/index.php?rest_route=\/wp\/v2\/pages\/4285\/revisions"}],"predecessor-version":[{"id":5013,"href":"http:\/\/cvrcak-daruvar.com.hr\/index.php?rest_route=\/wp\/v2\/pages\/4285\/revisions\/5013"}],"wp:attachment":[{"href":"http:\/\/cvrcak-daruvar.com.hr\/index.php?rest_route=%2Fwp%2Fv2%2Fmedia&parent=4285"}],"curies":[{"name":"wp","href":"https:\/\/api.w.org\/{rel}","templated":true}]}}