{"id":421,"date":"2012-06-01T05:01:39","date_gmt":"2012-06-01T05:01:39","guid":{"rendered":"http:\/\/cvrcak-daruvar.com.hr\/?page_id=421"},"modified":"2012-06-01T05:01:39","modified_gmt":"2012-06-01T05:01:39","slug":"likovna-radionica","status":"publish","type":"page","link":"http:\/\/cvrcak-daruvar.com.hr\/?page_id=421","title":{"rendered":"Likovna radionica"},"content":{"rendered":"<p style=\"text-align: left;\" align=\"center\">Likovna radionica<\/p>\n<p>&nbsp;<\/p>\n<p>U\u010denici ni\u017eih razreda su se uklju\u010dili u dvije likovne radionice koje su me\u0111usobno bile radom povezane.<\/p>\n<p><a href=\"http:\/\/cvrcak-daruvar.com.hr\/wp-content\/uploads\/2012\/06\/Likovna-radionica-Tajana.jpg\" class=\"gallery_colorbox\"><img decoding=\"async\" loading=\"lazy\" class=\"aligncenter size-full wp-image-422\" title=\"OLYMPUS DIGITAL CAMERA\" src=\"http:\/\/cvrcak-daruvar.com.hr\/wp-content\/uploads\/2012\/06\/Likovna-radionica-Tajana.jpg\"  alt=\"\" width=\"448\" height=\"336\" srcset=\"http:\/\/cvrcak-daruvar.com.hr\/wp-content\/uploads\/2012\/06\/Likovna-radionica-Tajana.jpg 448w, http:\/\/cvrcak-daruvar.com.hr\/wp-content\/uploads\/2012\/06\/Likovna-radionica-Tajana-300x224.jpg 300w\" sizes=\"(max-width: 448px) 100vw, 448px\" \/><\/a><\/p>\n<p>Na prvoj radionici koju je vodila u\u010diteljica Tajana Biljan u\u010denici su izra\u0111ivali ekolo\u0161ke vre\u0107ice od papira,a na drugoj su ih karton tiskom oslikavali. Radionicu\u00a0 karton tiska je vodila u\u010diteljica Renata \u017divkovi\u0107.<\/p>\n<p><a href=\"http:\/\/cvrcak-daruvar.com.hr\/wp-content\/uploads\/2012\/06\/likovna-radionica-Renata.jpg\" class=\"gallery_colorbox\"><img decoding=\"async\" loading=\"lazy\" class=\"aligncenter size-full wp-image-423\" title=\"OLYMPUS DIGITAL CAMERA\" src=\"http:\/\/cvrcak-daruvar.com.hr\/wp-content\/uploads\/2012\/06\/likovna-radionica-Renata.jpg\"  alt=\"\" width=\"448\" height=\"336\" srcset=\"http:\/\/cvrcak-daruvar.com.hr\/wp-content\/uploads\/2012\/06\/likovna-radionica-Renata.jpg 448w, http:\/\/cvrcak-daruvar.com.hr\/wp-content\/uploads\/2012\/06\/likovna-radionica-Renata-300x224.jpg 300w\" sizes=\"(max-width: 448px) 100vw, 448px\" \/><\/a><\/p>\n","protected":false},"excerpt":{"rendered":"<p>Likovna radionica &nbsp; U\u010denici ni\u017eih razreda su se uklju\u010dili u dvije likovne radionice koje su me\u0111usobno bile radom povezane. Na prvoj radionici koju je vodila u\u010diteljica Tajana Biljan u\u010denici su izra\u0111ivali ekolo\u0161ke vre\u0107ice od papira,a na drugoj su ih karton tiskom oslikavali. Radionicu\u00a0 karton tiska je vodila u\u010diteljica Renata \u017divkovi\u0107.<\/p>\n","protected":false},"author":1,"featured_media":0,"parent":413,"menu_order":0,"comment_status":"closed","ping_status":"closed","template":"","meta":[],"_links":{"self":[{"href":"http:\/\/cvrcak-daruvar.com.hr\/index.php?rest_route=\/wp\/v2\/pages\/421"}],"collection":[{"href":"http:\/\/cvrcak-daruvar.com.hr\/index.php?rest_route=\/wp\/v2\/pages"}],"about":[{"href":"http:\/\/cvrcak-daruvar.com.hr\/index.php?rest_route=\/wp\/v2\/types\/page"}],"author":[{"embeddable":true,"href":"http:\/\/cvrcak-daruvar.com.hr\/index.php?rest_route=\/wp\/v2\/users\/1"}],"replies":[{"embeddable":true,"href":"http:\/\/cvrcak-daruvar.com.hr\/index.php?rest_route=%2Fwp%2Fv2%2Fcomments&post=421"}],"version-history":[{"count":1,"href":"http:\/\/cvrcak-daruvar.com.hr\/index.php?rest_route=\/wp\/v2\/pages\/421\/revisions"}],"predecessor-version":[{"id":424,"href":"http:\/\/cvrcak-daruvar.com.hr\/index.php?rest_route=\/wp\/v2\/pages\/421\/revisions\/424"}],"up":[{"embeddable":true,"href":"http:\/\/cvrcak-daruvar.com.hr\/index.php?rest_route=\/wp\/v2\/pages\/413"}],"wp:attachment":[{"href":"http:\/\/cvrcak-daruvar.com.hr\/index.php?rest_route=%2Fwp%2Fv2%2Fmedia&parent=421"}],"curies":[{"name":"wp","href":"https:\/\/api.w.org\/{rel}","templated":true}]}}