{"id":3918,"date":"2017-05-29T13:35:45","date_gmt":"2017-05-29T11:35:45","guid":{"rendered":"http:\/\/cvrcak-daruvar.com.hr\/?page_id=3918"},"modified":"2017-05-29T13:35:45","modified_gmt":"2017-05-29T11:35:45","slug":"putopis-izlet-6-c-osijek-dakovo","status":"publish","type":"page","link":"http:\/\/cvrcak-daruvar.com.hr\/?page_id=3918","title":{"rendered":"PUTOPIS  IZLET 6.C OSIJEK &#8211; \u0110AKOVO"},"content":{"rendered":"<p>Krenuli smo u 7 sati i 15 minuta ispred parkirali\u0161ta O\u0160 Vladimira Nazora Daruvar. Imali smo pote\u0161ko\u0107a jer u autobusu nije bilo dovoljno sjedala za sve, ali kasnije su si svi na\u0161li sjedala i nitko nije morao stajati. Napokon smo krenuli i vozili smo se nekoliko sati do \u00a0Osijeka. Prvo \u0161to smo vidjeli na ulasku u Osijek je stadion po imenu Gradski Vrt. Do\u0161li smo u Tvr\u0111u i odmah nakon toga posjetili Muzej Slavonije, jedan od najpoznatijih i najzna\u010dajnijih muzeja u Hrvatskoj. Tamo smo se zadr\u017eali 20 minuta. Vodi\u010d nam je pri\u010dao o svim trgovima, kipovima, crkvama, gra\u0111evinama i ostalim ustanovama koje su se nalazile na Tvr\u0111i. Vidjeli smo svu ljepotu i predivan izgled Tvr\u0111e. Nakon toga uputili smo se na obalu Drave i skelom preko rijeke Drave do\u0161li u Hotel ZOO. Prvo smo ru\u010dali te smo onda imali pola sata slobodno. Kasnije smo se uputili u Zoolo\u0161ki vrt. Tamo smo vidjeli jako puno \u017eivotinja od lavova do zmija, razli\u010ditih vrsta ptica, \u010dimpanzi, \u017eirafa, zebra itd. Tada je do\u0161lo vrijeme da krenemo do \u0110akova. Prvo \u0161to smo u \u0110akovu posjetili jesu \u0110akova\u010dki lipicanci. Tamo sam saznao da imaju sto tri konja, tri \u0161tale i \u0161est ljudi koji se brinu o njima.<br \/>\nUbrzo nakon toga smo oti\u0161li razgledati \u0110akova\u010dku katedralu.<br \/>\n\u010cinila mi se jako lijepo i iznutra i izvana. Jako je velika i izgra\u0111ena je u neoromani\u010dkom stilu. Imali smo tako\u0111er pola sata slobodnog vremena za kupnju suvenira. Tu je zavr\u0161io na\u0161 izlet. Krenuli smo ku\u0107i i tada je tek po\u010dela padati ki\u0161a. O\u010dekivali smo je i prije, ali na svu sre\u0107u nije padala. Ku\u0107i smo do\u0161li oko osam sati nave\u010der gdje su nas do\u010dekali roditelji.<br \/>\nMoji dojmovi o izletu su jako dobri i izlet mi se doista svidio.<\/p>\n<p>&nbsp;<\/p>\n<p>Karlo Ludo\u0161ki, 6.c<\/p>\n","protected":false},"excerpt":{"rendered":"<p>Krenuli smo u 7 sati i 15 minuta ispred parkirali\u0161ta O\u0160 Vladimira Nazora Daruvar. Imali smo pote\u0161ko\u0107a jer u autobusu nije bilo dovoljno sjedala za sve, ali kasnije su si svi na\u0161li sjedala i nitko nije morao stajati. Napokon smo krenuli i vozili smo se nekoliko sati do \u00a0Osijeka. Prvo \u0161to smo vidjeli na ulasku [&hellip;]<\/p>\n","protected":false},"author":2,"featured_media":0,"parent":0,"menu_order":0,"comment_status":"closed","ping_status":"closed","template":"","meta":[],"_links":{"self":[{"href":"http:\/\/cvrcak-daruvar.com.hr\/index.php?rest_route=\/wp\/v2\/pages\/3918"}],"collection":[{"href":"http:\/\/cvrcak-daruvar.com.hr\/index.php?rest_route=\/wp\/v2\/pages"}],"about":[{"href":"http:\/\/cvrcak-daruvar.com.hr\/index.php?rest_route=\/wp\/v2\/types\/page"}],"author":[{"embeddable":true,"href":"http:\/\/cvrcak-daruvar.com.hr\/index.php?rest_route=\/wp\/v2\/users\/2"}],"replies":[{"embeddable":true,"href":"http:\/\/cvrcak-daruvar.com.hr\/index.php?rest_route=%2Fwp%2Fv2%2Fcomments&post=3918"}],"version-history":[{"count":1,"href":"http:\/\/cvrcak-daruvar.com.hr\/index.php?rest_route=\/wp\/v2\/pages\/3918\/revisions"}],"predecessor-version":[{"id":3919,"href":"http:\/\/cvrcak-daruvar.com.hr\/index.php?rest_route=\/wp\/v2\/pages\/3918\/revisions\/3919"}],"wp:attachment":[{"href":"http:\/\/cvrcak-daruvar.com.hr\/index.php?rest_route=%2Fwp%2Fv2%2Fmedia&parent=3918"}],"curies":[{"name":"wp","href":"https:\/\/api.w.org\/{rel}","templated":true}]}}