{"id":3436,"date":"2016-07-06T16:45:01","date_gmt":"2016-07-06T14:45:01","guid":{"rendered":"http:\/\/cvrcak-daruvar.com.hr\/?page_id=3436"},"modified":"2016-07-06T16:56:24","modified_gmt":"2016-07-06T14:56:24","slug":"od-zlata-jabuka","status":"publish","type":"page","link":"http:\/\/cvrcak-daruvar.com.hr\/?page_id=3436","title":{"rendered":"&#8220;OD ZLATA JABUKA&#8221;"},"content":{"rendered":"<p>IZVJE\u0160\u0106E<\/p>\n<p>O AKCIJI POVODOM DANA KRUHA I ZAHVALNOSTI 2014.<\/p>\n<p><a href=\"http:\/\/cvrcak-daruvar.com.hr\/wp-content\/uploads\/2016\/07\/2.-\u010cestitke-za-Od-zlata-jabuka-.jpg\" class=\"gallery_colorbox\"><img decoding=\"async\" loading=\"lazy\" class=\"aligncenter size-medium wp-image-3440\" src=\"http:\/\/cvrcak-daruvar.com.hr\/wp-content\/uploads\/2016\/07\/2.-\u010cestitke-za-Od-zlata-jabuka--225x300.jpg\"  alt=\"2. \u010cestitke za - Od zlata jabuka -\" width=\"225\" height=\"300\" srcset=\"http:\/\/cvrcak-daruvar.com.hr\/wp-content\/uploads\/2016\/07\/2.-\u010cestitke-za-Od-zlata-jabuka--225x300.jpg 225w, http:\/\/cvrcak-daruvar.com.hr\/wp-content\/uploads\/2016\/07\/2.-\u010cestitke-za-Od-zlata-jabuka-.jpg 768w\" sizes=\"(max-width: 225px) 100vw, 225px\" \/><\/a><\/p>\n<p>&#8220;OD ZLATA JABUKA&#8221;<\/p>\n<p><a href=\"http:\/\/cvrcak-daruvar.com.hr\/wp-content\/uploads\/2016\/07\/9.-Od-zlata-jabuka-Frankopanska.jpg\" class=\"gallery_colorbox\"><img decoding=\"async\" loading=\"lazy\" class=\"aligncenter size-medium wp-image-3446\" src=\"http:\/\/cvrcak-daruvar.com.hr\/wp-content\/uploads\/2016\/07\/9.-Od-zlata-jabuka-Frankopanska-300x225.jpg\"  alt=\"9. - Od zlata jabuka - Frankopanska\" width=\"300\" height=\"225\" srcset=\"http:\/\/cvrcak-daruvar.com.hr\/wp-content\/uploads\/2016\/07\/9.-Od-zlata-jabuka-Frankopanska-300x225.jpg 300w, http:\/\/cvrcak-daruvar.com.hr\/wp-content\/uploads\/2016\/07\/9.-Od-zlata-jabuka-Frankopanska.jpg 1024w\" sizes=\"(max-width: 300px) 100vw, 300px\" \/><\/a><\/p>\n<p>Deveta po redu akcija \u201eOd zlata jabuka\u201c odr\u017eana je u \u010detvrtak, 16.10.2014. godine. Mnogi u\u010denici radosno su donosili plodove rada svojih ruku i svojih uku\u0107ana: kruh, peciva, kola\u010de, jabuke, orahe \u2026 od kojih smo napravili prigodne darove. Pakiranje darova odvijalo se u dvije \u0161kolske knji\u017enice, u Frankopanskoj i u Gajevoj. Na darove su privezane likom i prigodne \u010destitke koje su salvetnom tehnikom, tijekom rujna i listopada, izra\u0111ivali \u010dlanovi humanitarnih skupina s voditeljicama Tihanom Petkovi\u0107 i Suzanom\u00a0 Lipovac. U pakiranju je sudjelovalo po tri, \u010detiri u\u010denika iz predmetne nastave zajedno s u\u010diteljima i stru\u010dnim suradnicima.<\/p>\n<p><a href=\"http:\/\/cvrcak-daruvar.com.hr\/wp-content\/uploads\/2016\/07\/7.-Od-zlata-jabuka-Frankopanska.jpg\" class=\"gallery_colorbox\"><img decoding=\"async\" loading=\"lazy\" class=\"aligncenter size-medium wp-image-3445\" src=\"http:\/\/cvrcak-daruvar.com.hr\/wp-content\/uploads\/2016\/07\/7.-Od-zlata-jabuka-Frankopanska-300x225.jpg\"  alt=\"7. - Od zlata jabuka - Frankopanska\" width=\"300\" height=\"225\" srcset=\"http:\/\/cvrcak-daruvar.com.hr\/wp-content\/uploads\/2016\/07\/7.-Od-zlata-jabuka-Frankopanska-300x225.jpg 300w, http:\/\/cvrcak-daruvar.com.hr\/wp-content\/uploads\/2016\/07\/7.-Od-zlata-jabuka-Frankopanska.jpg 1024w\" sizes=\"(max-width: 300px) 100vw, 300px\" \/><\/a><\/p>\n<p>Posjetili smo vi\u0161e od stotinu starijih osoba u njihovim ku\u0107ama, dva stara\u010dka doma te Centar Rudolf Steiner. Skupine za posjete u ku\u0107anstva sa\u010dinjavali su \u010detiri do pet u\u010denika iz predmetne nastave s razrednikom ili drugim u\u010diteljem kao zamjenom za razrednika. Neke skupine su i\u0161le pje\u0161ke, a neke automobilom zbog udaljenosti ku\u0107anstava koje su obilazili. Skupine u\u010denika od 4. do 8. razreda posjetile su i stara\u010dki dom \u201eIvan Vianney\u201c, stara\u010dkim dom \u201eLjudevite pl. Jankovi\u0107\u201c, te Centar Rudolf Steiner, gdje su za korisnike izveli i prigodan program.<\/p>\n<p><a href=\"http:\/\/cvrcak-daruvar.com.hr\/wp-content\/uploads\/2016\/07\/6.-Od-zlata-jabuka-Doljani.jpg\" class=\"gallery_colorbox\"><img decoding=\"async\" loading=\"lazy\" class=\"aligncenter size-medium wp-image-3444\" src=\"http:\/\/cvrcak-daruvar.com.hr\/wp-content\/uploads\/2016\/07\/6.-Od-zlata-jabuka-Doljani-300x225.jpg\"  alt=\"6. - Od zlata jabuka - Doljani\" width=\"300\" height=\"225\" srcset=\"http:\/\/cvrcak-daruvar.com.hr\/wp-content\/uploads\/2016\/07\/6.-Od-zlata-jabuka-Doljani-300x225.jpg 300w, http:\/\/cvrcak-daruvar.com.hr\/wp-content\/uploads\/2016\/07\/6.-Od-zlata-jabuka-Doljani.jpg 640w\" sizes=\"(max-width: 300px) 100vw, 300px\" \/><\/a><\/p>\n<p>U akciji su sudjelovale i podru\u010dne \u0161kole Doljani, Gornji Sre\u0111ani i Ivanovo Polje te posjetili starije stanovnike svojih sela.<\/p>\n<p><a href=\"http:\/\/cvrcak-daruvar.com.hr\/wp-content\/uploads\/2016\/07\/5.-Dan-kruha-Doljani.jpg\" class=\"gallery_colorbox\"><img decoding=\"async\" loading=\"lazy\" class=\"aligncenter size-medium wp-image-3443\" src=\"http:\/\/cvrcak-daruvar.com.hr\/wp-content\/uploads\/2016\/07\/5.-Dan-kruha-Doljani-300x225.jpg\"  alt=\"5. Dan kruha - Doljani\" width=\"300\" height=\"225\" srcset=\"http:\/\/cvrcak-daruvar.com.hr\/wp-content\/uploads\/2016\/07\/5.-Dan-kruha-Doljani-300x225.jpg 300w, http:\/\/cvrcak-daruvar.com.hr\/wp-content\/uploads\/2016\/07\/5.-Dan-kruha-Doljani.jpg 640w\" sizes=\"(max-width: 300px) 100vw, 300px\" \/><\/a><\/p>\n<p>Uz velikodu\u0161nu suradnju roditelja, baka i djedova, djelatnika na\u0161e \u0161kole u\u010denici su mogli osjetiti i pru\u017eiti radost i toplinu.<\/p>\n<p><a href=\"http:\/\/cvrcak-daruvar.com.hr\/wp-content\/uploads\/2016\/07\/4.-Dan-kruha-Doljani.jpg\" class=\"gallery_colorbox\"><img decoding=\"async\" loading=\"lazy\" class=\"aligncenter size-medium wp-image-3442\" src=\"http:\/\/cvrcak-daruvar.com.hr\/wp-content\/uploads\/2016\/07\/4.-Dan-kruha-Doljani-300x225.jpg\"  alt=\"4. Dan kruha - Doljani\" width=\"300\" height=\"225\" srcset=\"http:\/\/cvrcak-daruvar.com.hr\/wp-content\/uploads\/2016\/07\/4.-Dan-kruha-Doljani-300x225.jpg 300w, http:\/\/cvrcak-daruvar.com.hr\/wp-content\/uploads\/2016\/07\/4.-Dan-kruha-Doljani.jpg 640w\" sizes=\"(max-width: 300px) 100vw, 300px\" \/><\/a><\/p>\n<p>HVALA SVIMA!!!<\/p>\n<p><a href=\"http:\/\/cvrcak-daruvar.com.hr\/wp-content\/uploads\/2016\/07\/3.-Dan-kruha-Batinjani.jpg\" class=\"gallery_colorbox\"><img decoding=\"async\" loading=\"lazy\" class=\"aligncenter size-medium wp-image-3441\" src=\"http:\/\/cvrcak-daruvar.com.hr\/wp-content\/uploads\/2016\/07\/3.-Dan-kruha-Batinjani-225x300.jpg\"  alt=\"3. Dan kruha - Batinjani\" width=\"225\" height=\"300\" srcset=\"http:\/\/cvrcak-daruvar.com.hr\/wp-content\/uploads\/2016\/07\/3.-Dan-kruha-Batinjani-225x300.jpg 225w, http:\/\/cvrcak-daruvar.com.hr\/wp-content\/uploads\/2016\/07\/3.-Dan-kruha-Batinjani.jpg 768w\" sizes=\"(max-width: 225px) 100vw, 225px\" \/><\/a><\/p>\n<p>voditeljice akcije: Tihana Petkovi\u0107 i Suzana Lipovac<\/p>\n","protected":false},"excerpt":{"rendered":"<p>IZVJE\u0160\u0106E O AKCIJI POVODOM DANA KRUHA I ZAHVALNOSTI 2014. &#8220;OD ZLATA JABUKA&#8221; Deveta po redu akcija \u201eOd zlata jabuka\u201c odr\u017eana je u \u010detvrtak, 16.10.2014. godine. Mnogi u\u010denici radosno su donosili plodove rada svojih ruku i svojih uku\u0107ana: kruh, peciva, kola\u010de, jabuke, orahe \u2026 od kojih smo napravili prigodne darove. Pakiranje darova odvijalo se u dvije [&hellip;]<\/p>\n","protected":false},"author":2,"featured_media":0,"parent":0,"menu_order":0,"comment_status":"closed","ping_status":"closed","template":"","meta":[],"_links":{"self":[{"href":"http:\/\/cvrcak-daruvar.com.hr\/index.php?rest_route=\/wp\/v2\/pages\/3436"}],"collection":[{"href":"http:\/\/cvrcak-daruvar.com.hr\/index.php?rest_route=\/wp\/v2\/pages"}],"about":[{"href":"http:\/\/cvrcak-daruvar.com.hr\/index.php?rest_route=\/wp\/v2\/types\/page"}],"author":[{"embeddable":true,"href":"http:\/\/cvrcak-daruvar.com.hr\/index.php?rest_route=\/wp\/v2\/users\/2"}],"replies":[{"embeddable":true,"href":"http:\/\/cvrcak-daruvar.com.hr\/index.php?rest_route=%2Fwp%2Fv2%2Fcomments&post=3436"}],"version-history":[{"count":3,"href":"http:\/\/cvrcak-daruvar.com.hr\/index.php?rest_route=\/wp\/v2\/pages\/3436\/revisions"}],"predecessor-version":[{"id":3447,"href":"http:\/\/cvrcak-daruvar.com.hr\/index.php?rest_route=\/wp\/v2\/pages\/3436\/revisions\/3447"}],"wp:attachment":[{"href":"http:\/\/cvrcak-daruvar.com.hr\/index.php?rest_route=%2Fwp%2Fv2%2Fmedia&parent=3436"}],"curies":[{"name":"wp","href":"https:\/\/api.w.org\/{rel}","templated":true}]}}