{"id":3041,"date":"2015-04-27T13:36:23","date_gmt":"2015-04-27T11:36:23","guid":{"rendered":"http:\/\/cvrcak-daruvar.com.hr\/?page_id=3041"},"modified":"2016-07-06T16:39:27","modified_gmt":"2016-07-06T14:39:27","slug":"literarni-kutak-3","status":"publish","type":"page","link":"http:\/\/cvrcak-daruvar.com.hr\/?page_id=3041","title":{"rendered":"Literarni kutak 2014\/2015."},"content":{"rendered":"<p>&nbsp;<\/p>\n<p><strong>Rad odabran uza \u017dupanijsku smotru LiDraNo 2015.<\/strong><\/p>\n<p>&nbsp;<\/p>\n<p><strong>Knjiga \u0161arena<\/strong><\/p>\n<p>&nbsp;<\/p>\n<p>Promatraju\u0107i nebo, razmi\u0161ljam. Tko jo\u0161 gleda oblake, Sunce, Mjesec i zvijezde? Svi\u0111a mi se \u0161to svi ljudi dijele isto nebo i istu Zemlju. Nebo je jednostavno i mirno, a Zemlja \u0161arena, glasna, nemirna. Svijet je prekrasan i velik. Svojim ljepotama zove ljude da ga istra\u017ee. Koji su dovoljno hrabri, odlaze na putovanja kako bi vidjeli \u0161to im svijet nudi. Upoznaju razli\u010ditosti mjesta koja su posjetili. Krajolici, ljudi, \u017eivotinje, hrana\u2026 sve \u0107e to pamtiti i sje\u0107ati se. Oni koji su vjerovali u sigurnost doma i nisu se odazvali pozivu, siroma\u0161niji su za divne uspomene. Putovati zna\u010di pro\u0161irivati vidike. Nikada ne zna\u0161 \u0161to te mo\u017ee ispuniti, razveseliti, otvoriti ti o\u010di. Svijet je \u0161arena knjiga, a takve se rado \u010ditaju.<\/p>\n<p style=\"text-align: right;\">\u00a0\u00a0\u00a0\u00a0\u00a0\u00a0\u00a0\u00a0\u00a0\u00a0\u00a0\u00a0\u00a0\u00a0\u00a0\u00a0\u00a0\u00a0\u00a0\u00a0\u00a0\u00a0\u00a0\u00a0\u00a0\u00a0\u00a0\u00a0\u00a0\u00a0\u00a0\u00a0\u00a0\u00a0\u00a0\u00a0\u00a0\u00a0\u00a0\u00a0\u00a0\u00a0\u00a0\u00a0\u00a0\u00a0\u00a0\u00a0\u00a0\u00a0\u00a0\u00a0\u00a0\u00a0\u00a0 \u00a0\u00a0\u00a0\u00a0\u00a0\u00a0\u00a0\u00a0\u00a0\u00a0\u00a0\u00a0\u00a0\u00a0\u00a0\u00a0<em>Klara Valenti\u0107, 8.d<\/em><\/p>\n<p><strong>MOLITVA<\/strong><\/p>\n<p>&nbsp;<\/p>\n<p>Molitva je za mene razgovor s Bogom. Kada se molimo, trebamo biti sabrani i usredoto\u010deni na rije\u010di molitve jer svaka rije\u010d ne\u0161to zna\u010di. Kroz molitvu se pribli\u017eavamo Bogu vi\u0161e nego kada samo izgovaramo Bo\u017eje ime. Molitva nas u\u010di vjerovati u Boga i imati nade i ljubavi prema svim ljudima bez obzira na nacionalnost, boju ko\u017ee&#8230;<\/p>\n<p>Tako\u0111er nam govori o te\u0161kim trenutcima vjerskih ljudi i Isusa Krista.<\/p>\n<p style=\"text-align: right;\"><em>MIHAELA MELKUS, 7.b<\/em><\/p>\n<p>&nbsp;<\/p>\n<p>&nbsp;<\/p>\n<p>&nbsp;<\/p>\n<p><strong>Voljela bih&#8230;<\/strong><\/p>\n<p>Voljela bih da sam ptica<\/p>\n<p>da mogu letjeti.<\/p>\n<p>&nbsp;<\/p>\n<p>Voljela bih da sam riba<\/p>\n<p>da u dubinama mora<\/p>\n<p>mogu plivati.<\/p>\n<p>&nbsp;<\/p>\n<p>Voljela bih biti oblak<\/p>\n<p>da mogu sve i svakoga<\/p>\n<p>vidjeti.<\/p>\n<p>&nbsp;<\/p>\n<p>Voljela bih biti slavuj.<\/p>\n<p>Zauvijek \u017eivjeti.<\/p>\n<p>&nbsp;<\/p>\n<p>Voljela bih<\/p>\n<p>da sam ki\u0161a,<\/p>\n<p>da sam snijeg,<\/p>\n<p>da sam jesen,<\/p>\n<p>da sam prolje\u0107e.<\/p>\n<p>Voljela bih<\/p>\n<p>da na svijetu nema nesre\u0107e.<\/p>\n<p>&nbsp;<\/p>\n<p>Voljela bih,<\/p>\n<p>o da, voljela bih\u2026<\/p>\n<p style=\"text-align: right;\"><em>Dalija Plav\u0161i\u0107, 7.e<\/em><\/p>\n<p>&nbsp;<\/p>\n<p><strong>Jutro u luci<\/strong><\/p>\n<p>Sve je jo\u0161 mirno, utihnuli su zvuci,<\/p>\n<p>Budi se jutro u malenoj luci.<\/p>\n<p>&nbsp;<\/p>\n<p>Tek more tiho \u0161umi i valove valja.<\/p>\n<p>Ribarsko mjesto \u010dvrstim snom sanja.<\/p>\n<p>&nbsp;<\/p>\n<p>Zibaju se barke na vjetri\u0107u blagom<\/p>\n<p>Kao kola\u010di\u0107i prekriveni \u0161lagom.<\/p>\n<p>Stari ribar \u0161to se rano budi<\/p>\n<p>Sla\u017ee bijelu mre\u017eu, galebove kudi.<\/p>\n<p>&nbsp;<\/p>\n<p>Ti kradljivci \u0161to mrse mre\u017ee<\/p>\n<p>Na njegove rije\u010di kri\u010de\u0107i bje\u017ee.<\/p>\n<p>Sunce se di\u017ee, oblaci se vuku<\/p>\n<p>Ulazi \u017eivot u pospanu luku.<\/p>\n<p style=\"text-align: right;\">\u00a0\u00a0\u00a0\u00a0\u00a0\u00a0\u00a0\u00a0\u00a0\u00a0\u00a0\u00a0\u00a0\u00a0\u00a0\u00a0\u00a0\u00a0\u00a0\u00a0\u00a0\u00a0\u00a0\u00a0\u00a0\u00a0\u00a0\u00a0\u00a0\u00a0\u00a0\u00a0\u00a0\u00a0\u00a0\u00a0\u00a0\u00a0\u00a0\u00a0\u00a0\u00a0\u00a0\u00a0\u00a0\u00a0\u00a0\u00a0\u00a0\u00a0\u00a0\u00a0\u00a0\u00a0\u00a0\u00a0\u00a0\u00a0\u00a0\u00a0\u00a0\u00a0\u00a0\u00a0\u00a0\u00a0\u00a0\u00a0 <em>Ria Brkovi\u0107, 5.d<\/em><\/p>\n<p>&nbsp;<\/p>\n<p>&nbsp;<\/p>\n<p><strong>Jutro na moru<\/strong><\/p>\n<p>Jutarnje more s dlana me gleda,<\/p>\n<p>Tiho i mirno, nje\u017eno mi \u0161umi.<\/p>\n<p>&nbsp;<\/p>\n<p>Veliko more bistro ko&#8217; suza,<\/p>\n<p>Svoju modrinu nikome ne da.<\/p>\n<p>&nbsp;<\/p>\n<p>Jutarnje more kao zvjezdan san,<\/p>\n<p>\u010ceka da opet svane novi dan.<\/p>\n<p>&nbsp;<\/p>\n<p>Jutro se budi, dan je sve bli\u017ee,<\/p>\n<p>Sunce se zlatno nad brodice diglo.<\/p>\n<p>&nbsp;<\/p>\n<p>Na prozore kuca, ono \u017eeli u\u0107i,<\/p>\n<p>Nek&#8217; sunca bude u svakoj ku\u0107i!<\/p>\n<p style=\"text-align: right;\">\u00a0\u00a0\u00a0\u00a0\u00a0\u00a0\u00a0\u00a0\u00a0\u00a0\u00a0\u00a0\u00a0\u00a0\u00a0\u00a0\u00a0\u00a0\u00a0\u00a0\u00a0\u00a0\u00a0\u00a0\u00a0\u00a0\u00a0\u00a0\u00a0\u00a0\u00a0\u00a0\u00a0\u00a0\u00a0\u00a0\u00a0\u00a0\u00a0\u00a0\u00a0\u00a0 <em>Nika Tuti\u0107, i Ivan Petkovi\u0107, 5.d<\/em><\/p>\n<p>&nbsp;<\/p>\n<p>&nbsp;<\/p>\n<p><strong>Posljednja \u00a0granica<\/strong><\/p>\n<p>Od djetinjstva sam prou\u010davao astronomiju. I\u0161ao sam na sva predavanja, \u0161uljao se svake no\u0107i van gledati zvijezde. S jedanaest sam godina znao sva zvije\u017e\u0111a, s \u010detrnaest su me u \u0161koli prozvali \u201ezvjezda\u0161em\u201c. Kada sam postao punoljetan, odlu\u010dio sam postati astronaut. S trideset sam godina zavr\u0161io trening. Sanjao sam da \u0107u jednoga dana i\u0107i u svemir. S trideset sedam godina gledao sam kako polije\u0107e raketa. Ve\u0107 sam izgubio svaku nadu, mislio da nikada ne\u0107u vidjeti to ogromno prostranstvo\u2026sve do danas. Jedan je astronaut slomio nogu i ja sam do\u0161ao na red.<\/p>\n<p>Brzo sam u\u0161ao u raketu. \u010cekali smo znak za polijetanje. Astronauti koji su sjedili uz mene drhtali su od neizvjesnosti. Ja sam bio miran. \u201e10, 9, 8, 7\u2026\u201c, \u010dulo se iz zvu\u010dnika. \u201ePo\u010delo je\u201c, pomislio sam. \u201e6,5\u2026\u201c odbrojavao sam u sebi, \u201e3, 2, 1!\u201c Za\u010duli su se motori. Bio sam uzbu\u0111en. Kroz prozor sam vidio kako oblaci lete\u2026<\/p>\n<p>\u201eO.K., de\u010dki, popravite taj satelit i brzo ku\u0107i\u201c, prenuo me iz razmi\u0161ljanja glas sa zvu\u010dnika. Obukli smo svoja svemirska odijela i ubrzo lebdjeli svemirom. Okrenuo sam se i ugledao taj veliki crni beskraj pun zvijezda \u2013 posljednju granicu. Bio sam potpuno i beskrajno \u2013 sretan.<\/p>\n<p style=\"text-align: right;\">\u00a0 \u00a0 \u00a0 \u00a0 \u00a0 \u00a0 \u00a0 \u00a0 \u00a0 \u00a0 \u00a0 \u00a0 \u00a0 \u00a0 \u00a0 \u00a0 \u00a0 \u00a0 \u00a0 \u00a0 \u00a0 \u00a0 \u00a0 \u00a0 \u00a0 \u00a0 \u00a0 \u00a0 \u00a0 \u00a0 \u00a0 \u00a0 \u00a0 \u00a0 \u00a0 <em>Antonio Hlavsa, 5.d<\/em><\/p>\n<p>&nbsp;<\/p>\n<p>&nbsp;<\/p>\n<p><strong>PRAVI PUT<\/strong><\/p>\n<p>Svaka osoba ima osobinu po kojoj je posebna. Ta osobina govori kakav je \u010dovjek odnosno karakterizira ga. Kod nekih ljudi prevladavaju dobre osobine, a kod nekih lo\u0161e.<\/p>\n<p>Imam puno osobina koje bi me karakterizirale. Iskreno se nadam da ih je ve\u0107ina dobrih, ali znam da imam i onih lo\u0161ih kojima se ne ponosim. Znam da sam prevrtljiva, da nisam uvijek iskrena i da sam lijena. Svaki dan poku\u0161avam dati sve od sebe i uvijek se trudim govoriti istinu. Ve\u0107ina mojih prijatelja ima sli\u010dan problem. Svi smo u\u0161li u pubertet i promijenili se. Imamo svoje \u201emu\u0161ice\u201c koje nas mu\u010de. Trudimo se u\u010diti na svojim gre\u0161kama i biti dobri jedni prema drugima. Neki od mojih prijatelja se podcjenjuju i ne mogu ili ne \u017eele pokazati koliko su zapravo dobri i koliko zapravo mogu. Drugi svaki dan daju sve od sebe te se poka\u017eu u najboljem svjetlu. Svoje roditelje znam cijeli \u017eivot, dobri su i \u017eele sve najbolje za mene i moju sestru. Moja sestra je tvrdoglava i voli se sva\u0111ati, ali znam da je zapravo dobra.<\/p>\n<p>Volim sebe onakvu kakva jesam i nadam se da se ne\u0107u promijeniti jer \u0107u samo kao \u201eprava ja\u201c uspjeti.<\/p>\n<p style=\"text-align: right;\">\u00a0\u00a0\u00a0\u00a0\u00a0\u00a0\u00a0\u00a0\u00a0\u00a0\u00a0\u00a0\u00a0\u00a0\u00a0\u00a0\u00a0\u00a0\u00a0\u00a0\u00a0\u00a0\u00a0\u00a0\u00a0\u00a0\u00a0\u00a0\u00a0\u00a0\u00a0\u00a0\u00a0\u00a0\u00a0\u00a0\u00a0\u00a0\u00a0\u00a0\u00a0\u00a0\u00a0\u00a0\u00a0\u00a0\u00a0\u00a0\u00a0\u00a0\u00a0\u00a0\u00a0\u00a0\u00a0\u00a0\u00a0\u00a0\u00a0\u00a0\u00a0\u00a0\u00a0\u00a0\u00a0\u00a0\u00a0\u00a0\u00a0\u00a0\u00a0\u00a0\u00a0\u00a0\u00a0\u00a0\u00a0\u00a0\u00a0\u00a0\u00a0\u00a0\u00a0\u00a0\u00a0\u00a0\u00a0\u00a0\u00a0\u00a0\u00a0\u00a0\u00a0\u00a0\u00a0\u00a0\u00a0\u00a0\u00a0\u00a0\u00a0\u00a0\u00a0\u00a0\u00a0\u00a0\u00a0\u00a0\u00a0\u00a0\u00a0\u00a0\u00a0\u00a0\u00a0\u00a0\u00a0\u00a0\u00a0\u00a0\u00a0\u00a0\u00a0 <em>Sun\u010dana Jantolek, 7.c<\/em><\/p>\n<p>&nbsp;<\/p>\n<p>&nbsp;<\/p>\n<p>&nbsp;<\/p>\n<p>&nbsp;<\/p>\n<p>&nbsp;<\/p>\n<p>&nbsp;<\/p>\n<p>&nbsp;<\/p>\n<p>&nbsp;<\/p>\n<p>&nbsp;<\/p>\n<p>&nbsp;<\/p>\n<p>&nbsp;<\/p>\n<p>&nbsp;<\/p>\n<p>&nbsp;<\/p>\n<p><strong>USUSRET PROLJE\u0106U<\/strong><\/p>\n<p>Prolje\u0107e mi je najdra\u017ee godi\u0161nje doba jer sve pupa i miri\u0161e. \u017divotinje se bude iz zimskog sna, a laste se vra\u0107aju s juga.<br \/>\nKada prolje\u0107e do\u0111e volim i\u0107i s prijateljima van i igrati se. Dje\u010daci igraju nogomet, a djevoj\u010dice rade vjen\u010di\u0107e od cvije\u0107a. Pti\u010dice cvrku\u0107u i stvaraju prekrasnu pjesmu koju svi vole slu\u0161ati. Na granama se pojavljuju zeleni listi\u0107i i \u0161areni cvjeti\u0107i koje marljive p\u010dele dolaze opra\u0161ivati. \u017divotinje se bude iz dugog zimskog sna, pa ponovno odlaze u potragu za hranom. U prolje\u0107e ljudi postaju \u017eivahniji i veseliji, pa se sve \u010dini ljep\u0161e. Kada iza\u0111em van \u010dujem viku djece kako se zabavljaju. Volim sa svojom obitelji \u0161etati po parku i gledati kako sun\u010deve zrake prodiru kroz kro\u0161nje.<br \/>\nU prolje\u0107e je sve ljep\u0161e. Nebo je plavije i sve postaje \u0161arenije. Leptiri i ostali prekrasni kukci lete zrakom i uljep\u0161avaju ugo\u0111aj tog godi\u0161njeg doba.<\/p>\n<p>&nbsp;<\/p>\n<p style=\"text-align: right;\"><em>Josipa Mati\u0107, 7.c<\/em><\/p>\n<p>&nbsp;<\/p>\n<p>&nbsp;<\/p>\n<p>&nbsp;<\/p>\n<p>&nbsp;<\/p>\n<p>&nbsp;<\/p>\n<p>&nbsp;<\/p>\n<p>&nbsp;<\/p>\n<p>&nbsp;<\/p>\n<p>&nbsp;<\/p>\n<p>&nbsp;<\/p>\n<p>&nbsp;<\/p>\n<p>&nbsp;<\/p>\n<p><strong>MOLITVA<\/strong><\/p>\n<p>&nbsp;<\/p>\n<p>Molitva je kad se moli\u0161 Bogu. Ja se Bogu pomolim svaku ve\u010der prije spavanja.<\/p>\n<p>Naj\u010de\u0161\u0107e molim &#8220;An\u0111ele \u010duvaru&#8221;.<\/p>\n<p>Vjerujem da me on \u010duva da mi se ne dogodi ni\u0161ta lo\u0161e. Molitva mo\u017ee pomo\u0107i svakome jer kad izgubimo nadu, mo\u017eemo se nadati da \u0107e nam Bog ipak pomo\u0107i rije\u0161iti na\u0161e probleme. Moliti se treba za sebe, ali i za druge kako bi nam svima bilo bolje. Vjerujem da \u0107u mole\u0107i se Bogu uspjeti ostvariti to da mu se \u0161to vi\u0161e pribli\u017eim.<\/p>\n<p>&nbsp;<\/p>\n<p style=\"text-align: right;\">\u00a0 \u00a0 \u00a0 \u00a0 \u00a0 \u00a0 \u00a0 \u00a0 \u00a0 \u00a0 \u00a0 \u00a0 \u00a0 \u00a0 \u00a0 \u00a0 \u00a0 \u00a0 \u00a0 \u00a0 \u00a0 \u00a0 \u00a0 \u00a0 \u00a0 \u00a0 \u00a0 \u00a0 \u00a0 \u00a0 \u00a0 \u00a0 \u00a0 \u00a0 \u00a0 \u00a0 \u00a0 \u00a0 \u00a0 \u00a0 \u00a0 \u00a0 \u00a0 \u00a0 \u00a0 <em>\u00a0 \u00a0Ivan \u0160trbac, 7.b<\/em><\/p>\n<p><strong>Da sam ja u\u010ditelj&#8230;<\/strong><br \/>\nDa sam ja u\u010ditelj u mome bi se razredu u\u010dilo o zabavnim stvarima. Sve bi bilo jako lijepo. Djeca bi s veseljem dolazila u \u0161kolu. Sat bi trajao trideset minuta, a odmor petnaest minuta.<\/p>\n<p>U \u0161koli bi bilo zabavno na svakom predmetu, na primjer: na hrvatskom bi igrali razne igre rije\u010dima i pisali pri\u010de, svaki mjesec bi i\u0161li u kino gledati neki novi crti\u0107 ili film i to besplatno. Praznici bi bili pet puta godi\u0161nje. U\u010denicima bih kupio tablete pa bi umjesto pisanja tipkali. Na tehni\u010dkom bi pravili razne stvari s kojima bi se mogli igrati, na primjer: drvene i papirnate avione, lopte i origami. Na informatici bi u\u010dili programirati i praviti video- igre, a na kraju bi ih igrali. Na povijesti bi u\u010dili od izumrlih \u017eivotinja i dinosaura do prvih ljudi. Testovi bi pisali rijetko i bili bi lagani.<\/p>\n<p>Bilo bi zabavno biti u\u010ditelj ali sam zasada jo\u0161 samo u\u010denik a to ba\u0161 ne volim. Nema veze, uskoro \u0107e ljetni praznici i imat \u0107u puno vremena za razmi\u0161ljanje o tome kako bi bilo super biti u\u010ditelj!<\/p>\n<p style=\"text-align: right;\"><em>Sven Hartl, 5.b<\/em><\/p>\n<p>&nbsp;<\/p>\n<p>&nbsp;<\/p>\n<p>&nbsp;<\/p>\n<p>&nbsp;<\/p>\n<p>&nbsp;<\/p>\n<p>&nbsp;<\/p>\n<p>&nbsp;<\/p>\n<p>&nbsp;<\/p>\n<p>&nbsp;<\/p>\n<p>&nbsp;<\/p>\n<p>&nbsp;<\/p>\n<p>&nbsp;<\/p>\n<p>&nbsp;<\/p>\n<p>&nbsp;<\/p>\n<p>&nbsp;<\/p>\n<p><strong>Kruh<\/strong><\/p>\n<p>&nbsp;<\/p>\n<p>Kruh moje bake<\/p>\n<p>Miri\u0161e do ulice svake.<\/p>\n<p>&nbsp;<\/p>\n<p>Kad ga izvadi iz pe\u0107i,<\/p>\n<p>Te\u0161ko mu je: \u201cNe!\u201c re\u0107i.<\/p>\n<p>&nbsp;<\/p>\n<p>Svi su ve\u0107 u redu,<\/p>\n<p>\u010cekaju kruh vru\u0107i<\/p>\n<p>Da ku\u0161aju ga<\/p>\n<p>I veselo po\u0111u ku\u0107i.<\/p>\n<p><em>Marija Hu\u0161ek, 6.e<\/em><\/p>\n<p>&nbsp;<\/p>\n<p><strong>MOZAK<\/strong><\/p>\n<p>&nbsp;<\/p>\n<p>MOJ MOZAK MENE SLU\u0160A JAKO PUNO,<\/p>\n<p>JER ON IPAK NIJE MALO ZRNO.<\/p>\n<p>&nbsp;<\/p>\n<p>POMA\u017dE ON MENI U SVEMU<\/p>\n<p>I NIKAD NIJE U DRIJEMU.<\/p>\n<p>&nbsp;<\/p>\n<p>VESEO JE UVIJEK JAKO<\/p>\n<p>I ZATO MU JE MISLIT LAKO.<\/p>\n<p>&nbsp;<\/p>\n<p>MARLJIV JE ON KAO MALI MRAVI,<\/p>\n<p>U\u010cENIK JE ZAISTA PRAVI.<\/p>\n<p>&nbsp;<\/p>\n<p>NAJVI\u0160E KRI\u017dALJKE ON VOLI,<\/p>\n<p>KADA IH RJE\u0160AVA U \u0160KOLI.<\/p>\n<p>&nbsp;<\/p>\n<p>RIJETKO SE ON LJUTI<\/p>\n<p>I NIKAD NI\u0160TA NE PRE\u0160UTI.<\/p>\n<p>&nbsp;<\/p>\n<p>\u017dANA PETJERA 4. RAZRED, P\u0160 Doljani<\/p>\n<p>&nbsp;<\/p>\n<p>&nbsp;<\/p>\n<p><strong>Monolog vesele jabuke<\/strong><\/p>\n<p>&nbsp;<\/p>\n<p>Ja sam mala jabu\u010dica,<\/p>\n<p>bojim se ja p\u010delica,<\/p>\n<p>pojesti me one \u017eele,<\/p>\n<p>pa dolete mnoge p\u010dele.<\/p>\n<p>Volim kad me djeca jedu<\/p>\n<p>Il &#8216; poklone starom djedu.<\/p>\n<p>Jesen moje godi\u0161nje je doba,<\/p>\n<p>ja onda odlazim sa drveta svoga.<\/p>\n<p>U ustima Va\u0161im dam Vam vitamine,<\/p>\n<p>jer mene svi \u010duvaju od zlobne mine.<\/p>\n<p>Kad\u00a0 ja do\u0111em u \u017eeludac tvoj<\/p>\n<p>sa opasnim bakterijama imam boj.<\/p>\n<p>Kad od bakterija ja sam za\u0161ti\u0107ena,<\/p>\n<p>\u017eivim malo usamljena<\/p>\n<p>dok mi ne dovede\u0161 prijatelja.<\/p>\n<p>&nbsp;<\/p>\n<p>\u017dana Petjera<\/p>\n<ol start=\"4\">\n<li>Razred, P\u0160Doljani<\/li>\n<\/ol>\n<p>&nbsp;<\/p>\n<p>&nbsp;<\/p>\n<p><strong>Tajna ljubav<\/strong><\/p>\n<p>&nbsp;<\/p>\n<p>Volim ga ja jako<\/p>\n<p>i nestane on lako.<\/p>\n<p>Moje usne kad dotaknu njega,<\/p>\n<p>tata ka\u017ee:\u201cBit \u0107e svega!\u201c<\/p>\n<p>Drugi dan bez ka\u0161lja ne pro\u0111e,<\/p>\n<p>\u010dak i kad ljeto do\u0111e.<\/p>\n<p>Svi ga vole<\/p>\n<p>i nikad ne prebole.<\/p>\n<p>Po ljeti gledam u led<\/p>\n<p>I tra\u017eim sladoled!<\/p>\n<p style=\"text-align: right;\"><em>\u017dana Petjera, 4.<\/em><em>razred, P\u0160 Doljani<\/em><\/p>\n<p>&nbsp;<\/p>\n<p><strong>Za\u0161to volim svoj zavi\u010daj<\/strong><\/p>\n<p>Taj na\u0161 kraj<\/p>\n<p>sve ljepote ima.<\/p>\n<p>Pogled mi se pru\u017ea<\/p>\n<p>do visokih planina.<\/p>\n<p>Kad \u010dujem cvrkut ptica<\/p>\n<p>i visibaba se probudit&#8217; sprema<\/p>\n<p>sjetim se da ljep\u0161eg<\/p>\n<p>zavi\u010daja nema.<\/p>\n<p style=\"text-align: right;\"><em>Atea Ulrih, 6.d<\/em><\/p>\n<p>&nbsp;<\/p>\n<p><strong>Za\u0161to volim svoj zavi\u010daj<\/strong><\/p>\n<p>Za\u0161to volim zavi\u010daj<\/p>\n<p>nije te\u0161ko re\u0107i.<\/p>\n<p>&nbsp;<\/p>\n<p>Imamo rijeku Toplicu<\/p>\n<p>koja \u0107e nam uvijek te\u0107i.<\/p>\n<p>&nbsp;<\/p>\n<p>Do Vranjevine planinarimo,<\/p>\n<p>na Petrovu vrhu skijamo.<\/p>\n<p>&nbsp;<\/p>\n<p>Ljeti se lako osvje\u017eimo<\/p>\n<p>kad u bazene sko\u010dimo.<\/p>\n<p>&nbsp;<\/p>\n<p>Fontana centar krasi,<\/p>\n<p>sladoled jedemo na Terasi.<\/p>\n<p>&nbsp;<\/p>\n<p>I toplice na\u0161 grad ima<\/p>\n<p>Spas za bolesna le\u0111a svima.<\/p>\n<p style=\"text-align: right;\"><em>Tamara Kadlec, 6.d<\/em><\/p>\n<p>&nbsp;<\/p>\n<p>&nbsp;<\/p>\n<p><strong>Za\u0161to volim svoj zavi\u010daj<\/strong><\/p>\n<p>Mnogima je Daruvar<\/p>\n<p>ko&#8217; svaki drugi kraj.<\/p>\n<p>&nbsp;<\/p>\n<p>Za mene je on<\/p>\n<p>prekrasan raj.<\/p>\n<p>&nbsp;<\/p>\n<p>Kad sunce svane,<\/p>\n<p>probude se grane.<\/p>\n<p>U svakom vrtu<\/p>\n<p>u svakom jutru<\/p>\n<p>bezbroj cvije\u0107a cvate.<\/p>\n<p>&nbsp;<\/p>\n<p>Staze i parkovi,<\/p>\n<p>vinogradi i bregovi,<\/p>\n<p>i potok \u0161to \u017eubori,<\/p>\n<p>i \u0161uma \u0161to \u0161umori.<\/p>\n<p>&nbsp;<\/p>\n<p>Uvijek \u0107e za me biti<\/p>\n<p>ovo najljep\u0161i kraj.<\/p>\n<p>&nbsp;<\/p>\n<p>Moj dragi, dragi,<\/p>\n<p>daruvarski zavi\u010daj.<\/p>\n<p style=\"text-align: right;\"><em>Sara Buduljak, 6.d<\/em><\/p>\n","protected":false},"excerpt":{"rendered":"<p>&nbsp; Rad odabran uza \u017dupanijsku smotru LiDraNo 2015. &nbsp; Knjiga \u0161arena &nbsp; Promatraju\u0107i nebo, razmi\u0161ljam. Tko jo\u0161 gleda oblake, Sunce, Mjesec i zvijezde? Svi\u0111a mi se \u0161to svi ljudi dijele isto nebo i istu Zemlju. Nebo je jednostavno i mirno, a Zemlja \u0161arena, glasna, nemirna. Svijet je prekrasan i velik. Svojim ljepotama zove ljude da [&hellip;]<\/p>\n","protected":false},"author":2,"featured_media":0,"parent":0,"menu_order":0,"comment_status":"closed","ping_status":"closed","template":"","meta":[],"_links":{"self":[{"href":"http:\/\/cvrcak-daruvar.com.hr\/index.php?rest_route=\/wp\/v2\/pages\/3041"}],"collection":[{"href":"http:\/\/cvrcak-daruvar.com.hr\/index.php?rest_route=\/wp\/v2\/pages"}],"about":[{"href":"http:\/\/cvrcak-daruvar.com.hr\/index.php?rest_route=\/wp\/v2\/types\/page"}],"author":[{"embeddable":true,"href":"http:\/\/cvrcak-daruvar.com.hr\/index.php?rest_route=\/wp\/v2\/users\/2"}],"replies":[{"embeddable":true,"href":"http:\/\/cvrcak-daruvar.com.hr\/index.php?rest_route=%2Fwp%2Fv2%2Fcomments&post=3041"}],"version-history":[{"count":12,"href":"http:\/\/cvrcak-daruvar.com.hr\/index.php?rest_route=\/wp\/v2\/pages\/3041\/revisions"}],"predecessor-version":[{"id":3430,"href":"http:\/\/cvrcak-daruvar.com.hr\/index.php?rest_route=\/wp\/v2\/pages\/3041\/revisions\/3430"}],"wp:attachment":[{"href":"http:\/\/cvrcak-daruvar.com.hr\/index.php?rest_route=%2Fwp%2Fv2%2Fmedia&parent=3041"}],"curies":[{"name":"wp","href":"https:\/\/api.w.org\/{rel}","templated":true}]}}