{"id":2665,"date":"2014-05-16T23:18:54","date_gmt":"2014-05-16T21:18:54","guid":{"rendered":"http:\/\/cvrcak-daruvar.com.hr\/?page_id=2665"},"modified":"2014-05-17T08:44:32","modified_gmt":"2014-05-17T06:44:32","slug":"sportska-natjecanja-u-skolskoj-godini-2013-2014","status":"publish","type":"page","link":"http:\/\/cvrcak-daruvar.com.hr\/?page_id=2665","title":{"rendered":"SPORTSKA NATJECANJA U \u0160KOLSKOJ GODINI 2013.\/2014."},"content":{"rendered":"<h3>SPORTSKA NATJECANJA U \u0160KOLSKOJ GODINI 2013.\/2014.<\/h3>\n<p>&nbsp;<\/p>\n<p><strong>STOLNI TENIS (\u017d)\u00a0<\/strong><\/p>\n<p>&#8211;\u00a0\u00a0\u00a0\u00a0\u00a0 1. mjesto \u2013\u00a0 me\u0111uop\u0107insko natjecanje<\/p>\n<p>\u2013\u00a0\u00a0\u00a0\u00a0\u00a0 2. mjesto \u2013 \u017eupanijsko natjecanje<\/p>\n<p>&nbsp;<\/p>\n<p>&#8211;\u00a0\u00a0\u00a0\u00a0\u00a0 Maja Kova\u010devi\u0107,\u00a0 Hana Krou\u017eil, Sun\u010dana Jantolek<\/p>\n<p>&nbsp;<\/p>\n<p>&nbsp;<\/p>\n<p>&nbsp;<\/p>\n<p>&nbsp;<\/p>\n<p><strong>RUKOMET (M)\u00a0\u00a0\u00a0\u00a0\u00a0<\/strong><\/p>\n<p>&#8211; \u00a01. mjesto \u2013 me\u0111uop\u0107insko natjecanje<\/p>\n<p>\u2013\u00a0 1. mjesto \u2013 \u017eupanijsko natjecanje<\/p>\n<p>\u2013\u00a0 1. mjesto &#8211; dr\u017eavna poluzavr\u0161nica<\/p>\n<p>\u2013\u00a0 5. mjesto \u2013 dr\u017eavno natjecanje<\/p>\n<p>&nbsp;<\/p>\n<div id=\"attachment_2710\" style=\"width: 310px\" class=\"wp-caption aligncenter\"><a href=\"http:\/\/cvrcak-daruvar.com.hr\/wp-content\/uploads\/2014\/05\/Rukomet-M.jpg\" class=\"gallery_colorbox\"><img aria-describedby=\"caption-attachment-2710\" decoding=\"async\" loading=\"lazy\" class=\"size-medium wp-image-2710\" src=\"http:\/\/cvrcak-daruvar.com.hr\/wp-content\/uploads\/2014\/05\/Rukomet-M-300x225.jpg\"  alt=\"Rukometna ekipa\" width=\"300\" height=\"225\" srcset=\"http:\/\/cvrcak-daruvar.com.hr\/wp-content\/uploads\/2014\/05\/Rukomet-M-300x225.jpg 300w, http:\/\/cvrcak-daruvar.com.hr\/wp-content\/uploads\/2014\/05\/Rukomet-M.jpg 661w\" sizes=\"(max-width: 300px) 100vw, 300px\" \/><\/a><p id=\"caption-attachment-2710\" class=\"wp-caption-text\">Rukometa\u0161i<\/p><\/div>\n<p>\u2013\u00a0\u00a0\u00a0\u00a0\u00a0 \u00a0Ivan \u0110opar,\u00a0 Nikica \u017dukina, Karlo Bohar, Davor Panovski,\u00a0 Antonio Franeki\u0107, Kristijan Brn\u010di\u0107<\/p>\n<p>Vladimir Flanjak, Luka Antoli\u0107,\u00a0 Mateo Ludo\u0161ki, Matteo Mato\u0161evi\u0107, Enrik Kajtazi, Josip Julari\u0107, Nikola<\/p>\n<p>Juri\u0161i\u0107,\u00a0 Andrija Putak<\/p>\n<p>&nbsp;<\/p>\n<p>&nbsp;<\/p>\n<p><strong>ODBOJKA (\u017d)\u00a0\u00a0\u00a0<\/strong><\/p>\n<p>&#8211;\u00a0 2. mjesto\u00a0\u00a0 &#8211;\u00a0 \u017eupanijsko natjecanje<\/p>\n<p>\u2013\u00a0\u00a0\u00a0\u00a0\u00a0 Petra Geler,Ivona Marti\u0107, Dragana Kova\u010devi\u0107, Eva Kr\u017ei\u0107, Mihaela Id\u017eanovi\u0107,\u00a0 Nika Gole\u0161,<\/p>\n<p>Ema Stari,\u00a0 Tijana Vokol<\/p>\n<p>&nbsp;<\/p>\n<p>&nbsp;<\/p>\n<p>&nbsp;<\/p>\n<p><strong>ODBOJKA (M)\u00a0<\/strong><\/p>\n<p>&#8211;\u00a0 2.\u00a0 mjesto\u00a0\u00a0 &#8211;\u00a0 \u017eupanijsko natjecanje<\/p>\n<p>&#8211;\u00a0\u00a0\u00a0\u00a0 Luka Horsky, Dominik Gr\u010devi\u0107, Marijo Cink, Martin Jurki\u0107<\/p>\n<p>Dejan Getliher, David Stracabo\u0161ko, Bruno Bakari\u0107, Karlo Barta, Berislav D\u017eelajlija, Antonijo Pustahija<\/p>\n<p>&nbsp;<\/p>\n<p><strong>NOGOMET\u00a0\u00a0<\/strong><\/p>\n<p>&#8211;\u00a0\u00a0\u00a0\u00a0\u00a0 1. mjesto\u00a0 &#8211; me\u0111uop\u0107insko natjecanje<\/p>\n<p>\u2013\u00a0\u00a0\u00a0\u00a0\u00a0 3.\u00a0 mjesto\u00a0\u00a0 &#8211;\u00a0 \u017eupanijsko natjecanje<\/p>\n<p>&nbsp;<\/p>\n<p>\u2013\u00a0\u00a0\u00a0\u00a0\u00a0 Antonio Hunjek, Dubravko Hasl, Andrija Putak, Matija Jo\u0161\u0107ak, Ivan \u0110opar,\u00a0 Martin Kasapovi\u0107,<\/p>\n<p>Luka Id\u017eanovi\u0107,\u00a0 Filip Filipovi\u0107,\u00a0 Ivan Zec<\/p>\n<p>&nbsp;<\/p>\n<p>&nbsp;<\/p>\n<p>&nbsp;<\/p>\n<p>&nbsp;<\/p>\n<p><strong>ODBOJKA (5 i 6 razredi)\u00a0\u00a0\u00a0<\/strong><\/p>\n<p>&#8211; . mjesto \u2013 dr\u017eavna poluzavr\u0161nica- nije jo\u0161 odigrano<\/p>\n<p>&nbsp;<\/p>\n<p>&nbsp;<\/p>\n<p><strong>VODITELJI: <\/strong><\/p>\n<p>Tatjana Ivan\u010di\u0107, prof.<\/p>\n<p>Dario \u0160okac, prof.<\/p>\n<p>&nbsp;<\/p>\n<p>&nbsp;<\/p>\n<p>&nbsp;<\/p>\n<p>&nbsp;<\/p>\n","protected":false},"excerpt":{"rendered":"<p>SPORTSKA NATJECANJA U \u0160KOLSKOJ GODINI 2013.\/2014. &nbsp; STOLNI TENIS (\u017d)\u00a0 &#8211;\u00a0\u00a0\u00a0\u00a0\u00a0 1. mjesto \u2013\u00a0 me\u0111uop\u0107insko natjecanje \u2013\u00a0\u00a0\u00a0\u00a0\u00a0 2. mjesto \u2013 \u017eupanijsko natjecanje &nbsp; &#8211;\u00a0\u00a0\u00a0\u00a0\u00a0 Maja Kova\u010devi\u0107,\u00a0 Hana Krou\u017eil, Sun\u010dana Jantolek &nbsp; &nbsp; &nbsp; &nbsp; RUKOMET (M)\u00a0\u00a0\u00a0\u00a0\u00a0 &#8211; \u00a01. mjesto \u2013 me\u0111uop\u0107insko natjecanje \u2013\u00a0 1. mjesto \u2013 \u017eupanijsko natjecanje \u2013\u00a0 1. mjesto &#8211; dr\u017eavna poluzavr\u0161nica \u2013\u00a0 [&hellip;]<\/p>\n","protected":false},"author":2,"featured_media":0,"parent":0,"menu_order":0,"comment_status":"closed","ping_status":"closed","template":"","meta":[],"_links":{"self":[{"href":"http:\/\/cvrcak-daruvar.com.hr\/index.php?rest_route=\/wp\/v2\/pages\/2665"}],"collection":[{"href":"http:\/\/cvrcak-daruvar.com.hr\/index.php?rest_route=\/wp\/v2\/pages"}],"about":[{"href":"http:\/\/cvrcak-daruvar.com.hr\/index.php?rest_route=\/wp\/v2\/types\/page"}],"author":[{"embeddable":true,"href":"http:\/\/cvrcak-daruvar.com.hr\/index.php?rest_route=\/wp\/v2\/users\/2"}],"replies":[{"embeddable":true,"href":"http:\/\/cvrcak-daruvar.com.hr\/index.php?rest_route=%2Fwp%2Fv2%2Fcomments&post=2665"}],"version-history":[{"count":6,"href":"http:\/\/cvrcak-daruvar.com.hr\/index.php?rest_route=\/wp\/v2\/pages\/2665\/revisions"}],"predecessor-version":[{"id":2711,"href":"http:\/\/cvrcak-daruvar.com.hr\/index.php?rest_route=\/wp\/v2\/pages\/2665\/revisions\/2711"}],"wp:attachment":[{"href":"http:\/\/cvrcak-daruvar.com.hr\/index.php?rest_route=%2Fwp%2Fv2%2Fmedia&parent=2665"}],"curies":[{"name":"wp","href":"https:\/\/api.w.org\/{rel}","templated":true}]}}