{"id":2651,"date":"2014-05-16T23:04:32","date_gmt":"2014-05-16T21:04:32","guid":{"rendered":"http:\/\/cvrcak-daruvar.com.hr\/?page_id=2651"},"modified":"2014-05-16T23:04:32","modified_gmt":"2014-05-16T21:04:32","slug":"natjecanje-u-poznavanju-hrvatskoga-jezika","status":"publish","type":"page","link":"http:\/\/cvrcak-daruvar.com.hr\/?page_id=2651","title":{"rendered":"NATJECANJE  U POZNAVANJU HRVATSKOGA  JEZIKA"},"content":{"rendered":"<p><strong>\u017dUPANIJSKO NATJECANJE U POZNAVANJU HRVATSKOGA JEZIKA \u2013 ROVI\u0160\u0106E 2014.<\/strong><\/p>\n<p><strong>8. o\u017eujka 2014. godine u\u010denice 7. d razreda Mateja Kuljanac i Mihaela Id\u017eanovi\u0107\u00a0 pristupile su \u00a0\u017dupanijskom natjecanju u poznavanju hrvatskoga jezika koje je odr\u017eano u O\u0160 Rovi\u0161\u0107e. U kategoriji sedmih razreda osvojile su izvrsno 2. i 4. mjesto. <\/strong><\/p>\n<p><strong>\u00a0\u00a0\u00a0\u00a0\u00a0\u00a0\u00a0\u00a0\u00a0\u00a0\u00a0\u00a0\u00a0\u00a0\u00a0\u00a0\u00a0\u00a0\u00a0\u00a0\u00a0\u00a0\u00a0\u00a0\u00a0\u00a0\u00a0\u00a0\u00a0\u00a0\u00a0\u00a0\u00a0\u00a0\u00a0\u00a0\u00a0\u00a0\u00a0\u00a0\u00a0\u00a0\u00a0\u00a0\u00a0\u00a0\u00a0\u00a0\u00a0\u00a0\u00a0\u00a0\u00a0\u00a0\u00a0\u00a0\u00a0\u00a0\u00a0\u00a0\u00a0\u00a0\u00a0\u00a0\u00a0\u00a0\u00a0\u00a0\u00a0\u00a0\u00a0\u00a0\u00a0\u00a0\u00a0\u00a0\u00a0\u00a0\u00a0\u00a0\u00a0\u00a0\u00a0\u00a0 nastavnica Jasminka Kuzle<\/strong><\/p>\n<p><strong>\u00a0<\/strong><\/p>\n<p>&nbsp;<\/p>\n<p><strong>NATJECANJE\u00a0 U POZNAVANJU HRVATSKOGA \u00a0JEZIKA<\/strong><\/p>\n<p>Toga dana sam se probudila rano. Osjetila sam nervozu u trbuhu. Ipak,i\u0161la sam na \u017eupanijsko natjecanje. Znala sam da nastavnica vjeruje u mene,ali,o\u010dito,ja nisam bila dovoljno sigurna u samu sebe.<\/p>\n<p>Spremila sam se i do\u0161la pred \u0161kolu. Nastavnica je ve\u0107 \u010dekala u autu. Skupili smo se vrlo brzo i krenuli. Put nije bio dug. Bilo nam je zanimljivo putem, no nervoza se vratila \u010dim smo iza\u0161li iz auta. Imali smo kratku u\u017einu, a zatim smo oti\u0161li do u\u010dionice koja je bila pripremljena za natjecanje.<\/p>\n<p>Ispit je bio te\u017eak, uspani\u010dila sam se. Bilo je \u010dak 12 stranica koje sam trebala rije\u0161iti u sat i pol vremena. Rje\u0161avala sam sporo prvi sat, no onda kada sam shvatila da imam jo\u0161 samo pola sata po\u010dela sam rje\u0161avati brzo i ,pretpostavljam,tada u\u010dinila puno pogre\u0161aka. Nastavnica nas je do\u010dekala uzbu\u0111eno i upitala kako je pro\u0161ao ispit, tj. kako smo ga napisale. Ni ja ni Mihaela nismo bile odu\u0161evljene ispitom,ali nastavnici to nije smetalo. Njoj je bilo dovoljno i to \u0161to smo dospjele do \u017eupanijskog natjecanja. Ispravljanje je trajalo dugo pa smo mi za to vrijeme gledali film. Najednom, u tu u\u010dionicu je u\u0161la jedna od nastavnica i upitala \u017eelimo li nastaviti s gledanjem filma ili \u017eelimo vidjeti rezultate s natjecanja. Svi smo pohrlili van. Htjela sam se provu\u0107i do plo\u010de s rezultatima, ali me nastavnica preduhitrila povikav\u0161i: \u201c \u010cestitam!\u201c\u00a0 Upitala sam je za\u0161to mi \u010destita na \u0161to me ona za\u010du\u0111eno pogledala rekav\u0161i mi uzbu\u0111eno da sam druga. Napokon je strah nestao, a nastupila je sre\u0107a.<\/p>\n<p>Na kraju smo jo\u0161 dobili diplome i pohvalnice i krenuli ku\u0107i. Put je sada bio mnogo ugodniji. Javila sam roditeljima koji su bili uzbu\u0111eni barem koliko i ja. Sve je dobro pro\u0161lo, do\u017eivjela sam jedan predivan dan i bila oboga\u0107ena za jo\u0161 jedno novo iskustvo. Kada se samo sjetim da na po\u010detku nisam htjela i\u0107i na dodatnu!<\/p>\n<p>&nbsp;<\/p>\n<p>Mateja Kuljanac, 7.d<\/p>\n<p>&nbsp;<\/p>\n<p>&nbsp;<\/p>\n<p>&nbsp;<\/p>\n<p>&nbsp;<\/p>\n<p><strong>\u017dupanijsko natjecanje u poznavanju hrvatskoga jezika<\/strong><\/p>\n<p>&nbsp;<\/p>\n<p>\u017dupanijsko natjecanje u poznavanju hrvatskoga jezika za u\u010denike osnovnih \u0161kola odr\u017eano je 5.3.2014. u O\u0160 Rovi\u0161\u0107e.<\/p>\n<p>Na \u017eupanijsko natjecanje pozvano je deset najbolje plasiranih na \u0161kolskim natjecanjima. Ja sam predstavljao na\u0161u \u0161kolu u kategoriji osmih razreda. Doma\u0107ini su lijepo do\u010dekali i ugostili sve natjecatelje. Poslije ispita i ru\u010dka gledali smo film, a nastavnici ispravljali ispite. Svi smo nestrpljivo i\u0161\u010dekivali rezultate.<\/p>\n<p>Napokon, jedna\u00a0 ih je nastavnica donijela. Brzo sam prona\u0161ao svoje ime. Zauzeo sam prvo mjesto. Bio sam jako sretan. Sa svojoj nastavnicom Katicom \u017dgela jo\u0161 jednom sam pregledao ispit.<\/p>\n<p>Vratio sam se u Daruvar pun lijepih dojmova koje sam podijelio s obitelji i prijateljima.<\/p>\n<p>&nbsp;<\/p>\n<p>Karlo Gjuras, 8.d<\/p>\n<p>&nbsp;<\/p>\n<p>&nbsp;<\/p>\n<p>&nbsp;<\/p>\n<p>&nbsp;<\/p>\n","protected":false},"excerpt":{"rendered":"<p>\u017dUPANIJSKO NATJECANJE U POZNAVANJU HRVATSKOGA JEZIKA \u2013 ROVI\u0160\u0106E 2014. 8. o\u017eujka 2014. godine u\u010denice 7. d razreda Mateja Kuljanac i Mihaela Id\u017eanovi\u0107\u00a0 pristupile su \u00a0\u017dupanijskom natjecanju u poznavanju hrvatskoga jezika koje je odr\u017eano u O\u0160 Rovi\u0161\u0107e. U kategoriji sedmih razreda osvojile su izvrsno 2. i 4. mjesto. \u00a0\u00a0\u00a0\u00a0\u00a0\u00a0\u00a0\u00a0\u00a0\u00a0\u00a0\u00a0\u00a0\u00a0\u00a0\u00a0\u00a0\u00a0\u00a0\u00a0\u00a0\u00a0\u00a0\u00a0\u00a0\u00a0\u00a0\u00a0\u00a0\u00a0\u00a0\u00a0\u00a0\u00a0\u00a0\u00a0\u00a0\u00a0\u00a0\u00a0\u00a0\u00a0\u00a0\u00a0\u00a0\u00a0\u00a0\u00a0\u00a0\u00a0\u00a0\u00a0\u00a0\u00a0\u00a0\u00a0\u00a0\u00a0\u00a0\u00a0\u00a0\u00a0\u00a0\u00a0\u00a0\u00a0\u00a0\u00a0\u00a0\u00a0\u00a0\u00a0\u00a0\u00a0\u00a0\u00a0\u00a0\u00a0\u00a0\u00a0\u00a0\u00a0\u00a0\u00a0 nastavnica Jasminka Kuzle \u00a0 &nbsp; NATJECANJE\u00a0 U [&hellip;]<\/p>\n","protected":false},"author":2,"featured_media":0,"parent":0,"menu_order":0,"comment_status":"closed","ping_status":"closed","template":"","meta":[],"_links":{"self":[{"href":"http:\/\/cvrcak-daruvar.com.hr\/index.php?rest_route=\/wp\/v2\/pages\/2651"}],"collection":[{"href":"http:\/\/cvrcak-daruvar.com.hr\/index.php?rest_route=\/wp\/v2\/pages"}],"about":[{"href":"http:\/\/cvrcak-daruvar.com.hr\/index.php?rest_route=\/wp\/v2\/types\/page"}],"author":[{"embeddable":true,"href":"http:\/\/cvrcak-daruvar.com.hr\/index.php?rest_route=\/wp\/v2\/users\/2"}],"replies":[{"embeddable":true,"href":"http:\/\/cvrcak-daruvar.com.hr\/index.php?rest_route=%2Fwp%2Fv2%2Fcomments&post=2651"}],"version-history":[{"count":1,"href":"http:\/\/cvrcak-daruvar.com.hr\/index.php?rest_route=\/wp\/v2\/pages\/2651\/revisions"}],"predecessor-version":[{"id":2652,"href":"http:\/\/cvrcak-daruvar.com.hr\/index.php?rest_route=\/wp\/v2\/pages\/2651\/revisions\/2652"}],"wp:attachment":[{"href":"http:\/\/cvrcak-daruvar.com.hr\/index.php?rest_route=%2Fwp%2Fv2%2Fmedia&parent=2651"}],"curies":[{"name":"wp","href":"https:\/\/api.w.org\/{rel}","templated":true}]}}