{"id":2563,"date":"2014-05-16T21:28:12","date_gmt":"2014-05-16T19:28:12","guid":{"rendered":"http:\/\/cvrcak-daruvar.com.hr\/?page_id=2563"},"modified":"2014-06-06T15:34:55","modified_gmt":"2014-06-06T13:34:55","slug":"intervju-s-rukometasima","status":"publish","type":"page","link":"http:\/\/cvrcak-daruvar.com.hr\/?page_id=2563","title":{"rendered":"Intervju s rukometa\u0161ima"},"content":{"rendered":"<div id=\"attachment_2872\" style=\"width: 310px\" class=\"wp-caption alignleft\"><a href=\"http:\/\/cvrcak-daruvar.com.hr\/wp-content\/uploads\/2014\/05\/Rukomet-M1.jpg\" class=\"gallery_colorbox\"><img aria-describedby=\"caption-attachment-2872\" decoding=\"async\" loading=\"lazy\" class=\"size-medium wp-image-2872\" src=\"http:\/\/cvrcak-daruvar.com.hr\/wp-content\/uploads\/2014\/05\/Rukomet-M1-300x225.jpg\"  alt=\"Rukometa\u0161i\" width=\"300\" height=\"225\" srcset=\"http:\/\/cvrcak-daruvar.com.hr\/wp-content\/uploads\/2014\/05\/Rukomet-M1-300x225.jpg 300w, http:\/\/cvrcak-daruvar.com.hr\/wp-content\/uploads\/2014\/05\/Rukomet-M1.jpg 661w\" sizes=\"(max-width: 300px) 100vw, 300px\" \/><\/a><p id=\"caption-attachment-2872\" class=\"wp-caption-text\">Rukometa\u0161i<\/p><\/div>\n<p>&nbsp;<\/p>\n<p>Povodom osvojenog petog mjesta na \u0160kolskom prvenstvu Republike Hrvatske u rukometu, razgovarala sam s jednim dijelom na\u0161e sjajne ekipe:\u00a0 Vladimirom Flanjkom, Nikicom \u017dukinom i Josipom Julari\u0107em, u\u010denicima 8.b razreda.<\/p>\n<p><strong>Kakav je osje\u0107aj biti 5. u Hrvatskoj u rukometu?<\/strong><\/p>\n<p>Ne ba\u0161 najsretniji, mogli smo biti puno bolji.<\/p>\n<p><strong>O \u010demu je ovisio jo\u0161 bolji uspjeh?<\/strong><\/p>\n<p>Ozlijedio nam se najbolji igra\u010d prije utakmice i to je bilo odlu\u010duju\u0107e.<\/p>\n<p><strong>Ipak ste postigli zavidno 5. mjesto u dr\u017eavi! Kako se zapravo dolazi do dr\u017eavnog natjecanja?<\/strong><\/p>\n<p>Prvo moramo pro\u0107i \u0161kolsko, zatim \u017eupanijsko, poludr\u017eavno i tek tada dolazimo na dr\u017eavno natjecanje. \u0160kolsko natjecanje se odr\u017ealo tu u na\u0161oj \u0161koli, \u017eupanijsko u Bjelovaru, poludr\u017eavno u Gare\u0161nici, a na dr\u017eavno smo i\u0161li \u010dak u Pore\u010d.<\/p>\n<p><strong>Kako ste reagirali kad ste saznali da idete na dr\u017eavno?<\/strong><\/p>\n<p>Zapravo smo to o\u010dekivali. Super smo se osje\u0107ali! Bili smo presretni, derali smo se, skakali\u2026 Tada smo najvi\u0161e na svijetu voljeli svoje suigra\u010de. Na putu u Pore\u010d bili smo uzbu\u0111eni i ponosni \u0161to predstavljamo \u0161kolu, \u017eupaniju, regiju.<\/p>\n<p><strong>Kako vam je bilo na dr\u017eavnom natjecanju? Koliko ste dugo tamo bili?<\/strong><\/p>\n<p>Bili smo tri dana. Prvog dana smo doputovali, trenirali i odmarali se. Drugog dana smo dopodne odigrali utakmicu, a popodne smo imali slobodno. Posljednjeg dana je bilo zatvaranje \u0160kolskog prvenstva Hrvatske. U slobodno vrijeme smo i\u0161li u grad koji je zaista prelijep i gledali smo druge utakmice.<\/p>\n<p><strong>Kako to izgleda na terenu iz prve ruke?<\/strong><\/p>\n<p>Dali smo sve od sebe, no osje\u0107ali smo se malo upla\u0161eno jer nam se ozlijedio najbolji igra\u010d \u2013 dan prije utakmice!<\/p>\n<p><strong>Kako se to dogodilo?<\/strong><\/p>\n<p><em>Vladimir<\/em>: I\u0161li smo bosi pred hotelom i stao sam na staklo.<\/p>\n<p><em>Nikica<\/em>: Nema\u0161 sre\u0107e!<\/p>\n<p><strong>Vladimire, gdje si na kraju proveo vrijeme dok se utakmica odvijala bez tebe i\u00a0 kako si se osje\u0107ao?<\/strong><\/p>\n<p><em>Vladimir: <\/em>Dok je trajala utakmica, bio sam u hotelu i zvao svake minute kad sam procijenio da bi utakmica mogla biti gotova. Napokon su mi javili da su ispali. Osje\u0107ao sam se krivim, na neki na\u010din, jer im nisam pomogao na terenu.<\/p>\n<p><strong>A drugi igra\u010di?<\/strong><\/p>\n<p><em>Nikica i Josip: <\/em>Bojali smose kako \u0107emo igrati bez njega, bili smo zabrinuti za Vladu. Za vrijeme igre sjetili smo ga se i na kraju smo zami\u0161ljali kako bismo pro\u0161li da je i on igrao.<\/p>\n<p><strong>Je li ovo va\u0161 najbolji uspjeh do sada?<\/strong><\/p>\n<p>Sa \u0161kolom je. Bilo je i odli\u010dnih uspjeha s klubom: 5. mjesto na dr\u017eavnom natjecanju 2010.<\/p>\n<p><strong>Kako ste se uop\u0107e na\u0161li na rukometnom terenu?<\/strong><\/p>\n<p><em>Vladimir: <\/em>Tata me je upisao i sada treniram ve\u0107 osam godina. Rukomet mi zna\u010di sve u \u017eivotu.<\/p>\n<p><em>Nikica i Josip<\/em>: Nas su prijatelji Vlado i Karlo nagovorili da i mi po\u010dnemo trenirati. Postizanje uspjeha nas je motiviralo za daljnje treniranje.<\/p>\n<p><strong>Je li vam te\u0161ko i\u0107i na treninge?<\/strong><\/p>\n<p>Nije, uvijek idemo sa zadovoljstvom.<\/p>\n<p><strong>Tko vam je trener?<\/strong><\/p>\n<p>Trener nam je Zoran Grkini\u0107. Super je, zna nas poslo\u017eiti kad treba, motivirati kad treba, navija za nas na utakmicama\u2026 Nekad je strog \u2013 kad treba biti. Falio nam je u Pore\u010du jer nije i\u0161ao s nama.<\/p>\n<p><strong>Budu\u0107nost u rukometu \u2013 \u010demu se nadate?<\/strong><\/p>\n<p>Dalje \u0107emo se baviti rukometom. Nadamo se novim uspjesima.<\/p>\n<p>I ja im \u017eelim jo\u0161 puno sjajnih uspjeha kao nagradu za sav ulo\u017eeni trud i ljubav prema ovom krasnom sportu. Svaka \u010dast de\u010dkima na ovogodi\u0161njem uspjehu i \u0161to su na terenu ostavili i znoj i krv (doslovce J ). Iako tvrde da su nezadovoljni 5. mjestom, mogu im samo re\u0107i: BRAVO, CAREVI!!!<\/p>\n<p>&nbsp;<\/p>\n<p>Marina Singer<\/p>\n","protected":false},"excerpt":{"rendered":"<p>&nbsp; Povodom osvojenog petog mjesta na \u0160kolskom prvenstvu Republike Hrvatske u rukometu, razgovarala sam s jednim dijelom na\u0161e sjajne ekipe:\u00a0 Vladimirom Flanjkom, Nikicom \u017dukinom i Josipom Julari\u0107em, u\u010denicima 8.b razreda. Kakav je osje\u0107aj biti 5. u Hrvatskoj u rukometu? Ne ba\u0161 najsretniji, mogli smo biti puno bolji. O \u010demu je ovisio jo\u0161 bolji uspjeh? Ozlijedio [&hellip;]<\/p>\n","protected":false},"author":2,"featured_media":0,"parent":0,"menu_order":0,"comment_status":"closed","ping_status":"closed","template":"","meta":[],"_links":{"self":[{"href":"http:\/\/cvrcak-daruvar.com.hr\/index.php?rest_route=\/wp\/v2\/pages\/2563"}],"collection":[{"href":"http:\/\/cvrcak-daruvar.com.hr\/index.php?rest_route=\/wp\/v2\/pages"}],"about":[{"href":"http:\/\/cvrcak-daruvar.com.hr\/index.php?rest_route=\/wp\/v2\/types\/page"}],"author":[{"embeddable":true,"href":"http:\/\/cvrcak-daruvar.com.hr\/index.php?rest_route=\/wp\/v2\/users\/2"}],"replies":[{"embeddable":true,"href":"http:\/\/cvrcak-daruvar.com.hr\/index.php?rest_route=%2Fwp%2Fv2%2Fcomments&post=2563"}],"version-history":[{"count":4,"href":"http:\/\/cvrcak-daruvar.com.hr\/index.php?rest_route=\/wp\/v2\/pages\/2563\/revisions"}],"predecessor-version":[{"id":2874,"href":"http:\/\/cvrcak-daruvar.com.hr\/index.php?rest_route=\/wp\/v2\/pages\/2563\/revisions\/2874"}],"wp:attachment":[{"href":"http:\/\/cvrcak-daruvar.com.hr\/index.php?rest_route=%2Fwp%2Fv2%2Fmedia&parent=2563"}],"curies":[{"name":"wp","href":"https:\/\/api.w.org\/{rel}","templated":true}]}}