{"id":110,"date":"2012-05-31T13:49:55","date_gmt":"2012-05-31T13:49:55","guid":{"rendered":"http:\/\/cvrcak-daruvar.com.hr\/?page_id=110"},"modified":"2012-06-07T17:47:03","modified_gmt":"2012-06-07T15:47:03","slug":"intervju-s-ucenikom","status":"publish","type":"page","link":"http:\/\/cvrcak-daruvar.com.hr\/?page_id=110","title":{"rendered":"Intervju s u\u010denikom"},"content":{"rendered":"<p>Novinarska skupina je intervjuirala Lea \u017dukinu, u\u010denika 8. b razreda koji je sudjelovao na natjecanjima iz tehni\u010dke kulture, povijesti, geografije, ali i Lidrana. Zanimalo nas je kako se proveo, je li se puno pripremao za natjecanja, koji su mu planovi nakon osnovne \u0161kole\u2026<\/p>\n<p><strong>Na kojim si sve natjecanjima sudjelovao?<\/strong><\/p>\n<p><a href=\"http:\/\/cvrcak-daruvar.com.hr\/wp-content\/uploads\/2012\/05\/03-2012-zn-.jpg\" class=\"gallery_colorbox\"><img decoding=\"async\" loading=\"lazy\" class=\"aligncenter size-medium wp-image-111\" title=\"OLYMPUS DIGITAL CAMERA\" src=\"http:\/\/cvrcak-daruvar.com.hr\/wp-content\/uploads\/2012\/05\/03-2012-zn--225x300.jpg\"  alt=\"\" width=\"225\" height=\"300\" srcset=\"http:\/\/cvrcak-daruvar.com.hr\/wp-content\/uploads\/2012\/05\/03-2012-zn--225x300.jpg 225w, http:\/\/cvrcak-daruvar.com.hr\/wp-content\/uploads\/2012\/05\/03-2012-zn--768x1024.jpg 768w, http:\/\/cvrcak-daruvar.com.hr\/wp-content\/uploads\/2012\/05\/03-2012-zn-.jpg 1536w\" sizes=\"(max-width: 225px) 100vw, 225px\" \/><\/a>Sudjelovao sam na natjecanju iz tehni\u010dke kulture, Lidrana, povijesti i geografije.<\/p>\n<p>Iz povijesti sam postigao 6. mjesto na \u017dupanijskom natjecanju.<\/p>\n<p>Iz geografije sam postigao 5. mjesto na \u017dupanijskom natjecanju.<\/p>\n<p>Iz tehni\u010dke kulture 24. mjesto na Dr\u017eavnom natjecanju.<\/p>\n<p>Iz hrvatskoga, odlazak na Dr\u017eavnu smotru.<\/p>\n<p><strong>Jesi li se dugo pripremao za natjecanja?<\/strong><\/p>\n<p>Najdu\u017ee sam se pripremao za natjecanje iz geografije i povijesti zatim tehni\u010dkoga i na kraju Lidrana.<\/p>\n<p><strong>\u0160to si o\u010dekivao od natjecanja?<\/strong><\/p>\n<p>Na po\u010detku sam o\u010dekivao ve\u0107i uspjeh iz geografije i povijesti nego iz\u00a0 Lidrana i tehni\u010dkog no na kraju je ispalo obratno! Nisam mislio da \u0107u iz Lidrana do\u0107i do Dr\u017eave smotre.<\/p>\n<p><strong>Kako si se odlu\u010dio na natjecanja ba\u0161 iz tih predmeta?<\/strong><\/p>\n<p>Povijest i geografija su me uvijek zanimali, a tehni\u010dki mi se svidio zbog\u00a0 gradiva koje obra\u0111ujemo. Me\u0111utim, Lidrano se dogodilo slu\u010dajno! Volim glumiti, pa sam se htio oku\u0161ati na tom podru\u010dju.<\/p>\n<p><strong>Koje ti je natjecanje bilo najdra\u017ee?<\/strong><\/p>\n<p>Najdra\u017ee mi je bilo natjecanje iz geografije na kojem je sudjelovalo mnogo mojih prijatelja, a najbolje sam se proveo u Primo\u0161tenu na Dr\u017eavnoj smotri Lidrana.<\/p>\n<p><strong>Tko ti je bio mentor iz hrvatskoga odnosno tko te pripremao za Lidrano i kako si se odlu\u010dio za monolog?<\/strong><\/p>\n<p><a href=\"http:\/\/cvrcak-daruvar.com.hr\/wp-content\/uploads\/2012\/05\/leo.jpg\" class=\"gallery_colorbox\"><img decoding=\"async\" loading=\"lazy\" class=\"alignright size-full wp-image-569\" title=\"leo\" src=\"http:\/\/cvrcak-daruvar.com.hr\/wp-content\/uploads\/2012\/05\/leo.jpg\"  alt=\"\" width=\"222\" height=\"448\" srcset=\"http:\/\/cvrcak-daruvar.com.hr\/wp-content\/uploads\/2012\/05\/leo.jpg 222w, http:\/\/cvrcak-daruvar.com.hr\/wp-content\/uploads\/2012\/05\/leo-148x300.jpg 148w\" sizes=\"(max-width: 222px) 100vw, 222px\" \/><\/a>Mentorica mi je nastavnica Ljubica Buzdum. Prvo mi je predlo\u017eila jednu pjesmu, ali je rekla da pogledam i druge tekstove u \u010ditanci. Tako sam nai\u0161ao na ulomak iz monodrame Munchhausen i odmah sam znao da je to za mene!<\/p>\n<p><strong>Je li te prepala du\u017eina teksta?<\/strong><\/p>\n<p>U po\u010detku sam mislio da ne\u0107u sti\u0107i sve nau\u010diti, ali kada sam krenuo vidio sam koliko je ustvari lako.<\/p>\n<p><strong>Jesi li se samostalno pripremao ili je glavnu rije\u010d imala nastavnica? \u0160to si o\u010dekivao nakon prve izvedbe?<\/strong><\/p>\n<p>Monolog smo pripremali zajedni\u010dkim snagama. Poslije prve izvedbe vidio sam pozitivne reakcije publike, ali se nisam nadao prolasku.<\/p>\n<p><strong>Ima\u0161 li tremu prije nastupa? Kako se osje\u0107a\u0161 na pozornici<\/strong><\/p>\n<p>Imam poprili\u010dnu tremu. Najve\u0107u tremu imao sam na \u017dupanijskom natjecanju zbog nepoznate sredine; \u00a0nastupao sam pred nepoznatim ljudima. U Daruvaru nisam imao toliku tremu jer sam nastupao\u00a0 pred ljudima koje vi\u0161e-manje poznajem. Na pozornici se u\u017eivim u ulogu i super se osje\u0107am.<\/p>\n<p><strong>Kako ti je bilo na Dr\u017eavnoj smotri?<\/strong><\/p>\n<p>Dosta dobro. Bio sam u \u0160ibeniku, upoznao sam nove prijatelje i stekao novo iskustvo.<\/p>\n<p><strong>Koji \u0107e ti trenutak ostati najvi\u0161e u pam\u0107enju?<\/strong><\/p>\n<p>Nastup na kojem su me ljudi pozorno slu\u0161ali i pratili.<\/p>\n<p><strong>\u00a0\u0160to ste prvo napravili kada ste do\u0161li u \u0160ibenik?<\/strong><\/p>\n<p>Kada smo do\u0161li u \u0160ibenik ostavili smo putne torbe i oti\u0161li na pla\u017eu, upoznavali smo se s ostalim u\u010denicima.<\/p>\n<p><strong>Je li s tobom i\u0161ao netko koga poznaje\u0161 ?<\/strong><\/p>\n<p>Sa mnom su bili prijatelji iz dramske skupine.<\/p>\n<p><strong>Zanima li te tehni\u010dka kultura?<\/strong><\/p>\n<p>Da, predmet mi je vrlo zanimljiv jer radimo razli\u010dite radove.<\/p>\n<p><strong>Kakav si rad radio?<\/strong><\/p>\n<p><a href=\"http:\/\/cvrcak-daruvar.com.hr\/wp-content\/uploads\/2012\/05\/leozn-23.jpg\" class=\"gallery_colorbox\"><img decoding=\"async\" loading=\"lazy\" class=\"alignleft size-medium wp-image-571\" title=\"OLYMPUS DIGITAL CAMERA\" src=\"http:\/\/cvrcak-daruvar.com.hr\/wp-content\/uploads\/2012\/05\/leozn-23-300x224.jpg\"  alt=\"\" width=\"300\" height=\"224\" srcset=\"http:\/\/cvrcak-daruvar.com.hr\/wp-content\/uploads\/2012\/05\/leozn-23-300x224.jpg 300w, http:\/\/cvrcak-daruvar.com.hr\/wp-content\/uploads\/2012\/05\/leozn-23.jpg 448w\" sizes=\"(max-width: 300px) 100vw, 300px\" \/><\/a>Radili smo rad vezan uz uz racionalno kori\u0161tenje energije- LED (Light Emitting Diode) \u00a0diodu. Cilj je bio zamijeniti \u017earulje za LED diode jer tro\u0161e manje struje. Na Dr\u017eavnom natjecanju imali smo i foto otpornike koji su se po potrebi palili.<\/p>\n<p><strong>Gdje ste i\u0161li na Dr\u017eavno?<\/strong><\/p>\n<p>I\u0161li smo u Primo\u0161ten u kojem\u00a0 smo proveli 3 dana. Prvi dan smo se odmarali , drugi dan sam proveo radno, a zadnji sam s kolegom Matkom i\u0161ao u obilazak grada.<\/p>\n<p><strong>Koliko dnevno u\u010di\u0161?<\/strong><\/p>\n<p>Trenutno se odmaram, a kada bih izra\u010dunao koliko sam vremena proveo u\u010de\u0107i, bilo bi vrlo malo, 10-tak minuta dnevno. Heheheh! Znam da mnogi misle druk\u010dije.<\/p>\n<p><strong>\u0160to misli\u0161 za sebe, kakav si u\u010denik?<\/strong><\/p>\n<p>Nisam najbolji, ali smatram da pripadam boljima.<\/p>\n<p><strong>\u00a0Koji ti je najdra\u017ei, a koji manje drag predmet?<\/strong><\/p>\n<p>Najdra\u017ei predmeti su mi geografija i povijest, a \u00a0kemija i njema\u010dki mi nisu dragi.<\/p>\n<p>&nbsp;<\/p>\n<p><strong>\u0160to planira\u0161 poslije osnovne \u0161kole?<\/strong><\/p>\n<p>Volio\u00a0 bih upisati ili neku tehni\u010dku \u0161kolu ili gimnaziju.<\/p>\n<p><strong>Da mo\u017ee\u0161 izbaciti jedan predmet iz \u0161kolovanja koji bi to bio?<\/strong><\/p>\n<p>Svi su predmeti bitni, ali \u00a0ako ba\u0161 moram izabrati, to bi bio likovni jer nemaju svi dara za crtanje.<\/p>\n<p>&nbsp;<\/p>\n<p>Zahvalili smo se Leu na izdvojenom vremenu i po\u017eeljeli mu sve najbolje u daljnjem radu.<\/p>\n<p style=\"text-align: center;\"><em>Novinarke<\/em>: Karolina Hasl i Hana \u010crnjevi\u0107<\/p>\n<p style=\"text-align: left;\" align=\"right\"><em>Lektorirala: L. B.<\/em><\/p>\n","protected":false},"excerpt":{"rendered":"<p>Novinarska skupina je intervjuirala Lea \u017dukinu, u\u010denika 8. b razreda koji je sudjelovao na natjecanjima iz tehni\u010dke kulture, povijesti, geografije, ali i Lidrana. Zanimalo nas je kako se proveo, je li se puno pripremao za natjecanja, koji su mu planovi nakon osnovne \u0161kole\u2026 Na kojim si sve natjecanjima sudjelovao? Sudjelovao sam na natjecanju iz tehni\u010dke [&hellip;]<\/p>\n","protected":false},"author":1,"featured_media":0,"parent":827,"menu_order":0,"comment_status":"closed","ping_status":"closed","template":"","meta":[],"_links":{"self":[{"href":"http:\/\/cvrcak-daruvar.com.hr\/index.php?rest_route=\/wp\/v2\/pages\/110"}],"collection":[{"href":"http:\/\/cvrcak-daruvar.com.hr\/index.php?rest_route=\/wp\/v2\/pages"}],"about":[{"href":"http:\/\/cvrcak-daruvar.com.hr\/index.php?rest_route=\/wp\/v2\/types\/page"}],"author":[{"embeddable":true,"href":"http:\/\/cvrcak-daruvar.com.hr\/index.php?rest_route=\/wp\/v2\/users\/1"}],"replies":[{"embeddable":true,"href":"http:\/\/cvrcak-daruvar.com.hr\/index.php?rest_route=%2Fwp%2Fv2%2Fcomments&post=110"}],"version-history":[{"count":6,"href":"http:\/\/cvrcak-daruvar.com.hr\/index.php?rest_route=\/wp\/v2\/pages\/110\/revisions"}],"predecessor-version":[{"id":573,"href":"http:\/\/cvrcak-daruvar.com.hr\/index.php?rest_route=\/wp\/v2\/pages\/110\/revisions\/573"}],"up":[{"embeddable":true,"href":"http:\/\/cvrcak-daruvar.com.hr\/index.php?rest_route=\/wp\/v2\/pages\/827"}],"wp:attachment":[{"href":"http:\/\/cvrcak-daruvar.com.hr\/index.php?rest_route=%2Fwp%2Fv2%2Fmedia&parent=110"}],"curies":[{"name":"wp","href":"https:\/\/api.w.org\/{rel}","templated":true}]}}